{"id":1694,"date":"2021-08-09T11:45:24","date_gmt":"2021-08-09T16:45:24","guid":{"rendered":"https:\/\/giftronic04.com\/?post_type=product&#038;p=1694"},"modified":"2024-03-10T12:26:23","modified_gmt":"2024-03-10T17:26:23","slug":"adaptador-otg-tipo-c-a-usb-para-celulares-o-tablets","status":"publish","type":"product","link":"https:\/\/giftronic04.com\/index.php\/product\/adaptador-otg-tipo-c-a-usb-para-celulares-o-tablets\/","title":{"rendered":"Adaptador Otg Tipo C A Usb Para Celulares O Tablets"},"content":{"rendered":"<p><span>&#8211; Nombre del producto: Adaptador tipo-C OTG<\/span><\/p>\n<p><span>&#8211; Material del producto: ABS c\u00e1scara.<\/span><\/p>\n<p><span>&#8211; Alcance: tel\u00e9fonos m\u00f3viles y tabletas.<\/span><\/p>\n<p><span>&#8211; Funci\u00f3n del producto: conversi\u00f3n de interfaz.<\/span><\/p>\n<p><span>&#8211; Especificaciones del producto: 1,9 cm x 1,8 cm x 0,8 cm.<\/span><\/p>\n<p><span>* Color: Negro<\/span><\/p>\n<p><span>&#8211; Peso del producto: 2,1 g.<\/span><\/p>\n<p><span>* Caracter\u00edsticas:<\/span><\/p>\n<p><span>&#8211; OTG Android convertidor.<\/span><\/p>\n<p><span>&#8211; En el caso de ninguna computadora como estaci\u00f3n de transferencia, inserte Este convertidor OTG en la interfaz USB de la unidad flash USB, entonces el disco ordinario de U se convierte en una unidad flash OTG, Y es f\u00e1cil darse cuenta de U disco y tel\u00e9fono m\u00f3vil, tableta, Transmisi\u00f3n de datos de dos v\u00edas y ampliaci\u00f3n de dispositivos digitales.<\/span><\/p>\n<p><span>&#8211; Mini y ligero.<\/span><\/p>\n<p><span>&#8211; El convertidor es peque\u00f1o y port\u00e1til, conveniente para llevar, Y se puede insertar en el tel\u00e9fono m\u00f3vil sin ocupar el lugar que afecte al uso del tel\u00e9fono m\u00f3vil.<\/span><\/p>\n<p><span>&#8211; Pr\u00e1ctico y conveniente.<\/span><\/p>\n<p><span>&#8211; F\u00e1cil de usar, simple y conveniente, puedes cambiar el enchufe usando un cable USB para conectar a otros productos electr\u00f3nicos o leer un flash USB unidad.<\/span><\/p>\n<p><span>&#8211; Transmisi\u00f3n de datos.<\/span><\/p>\n<p><span>&#8211; Conveniente tel\u00e9fono m\u00f3vil y otros productos USB para la transmisi\u00f3n de datos y la cuota de recursos, No hay necesidad de transferir los datos a la computadora para la transmisi\u00f3n.<\/span><\/p>\n<p><span>&#8211; Tipo C USB.<\/span><\/p>\n<p><span>&#8211; Mientras se utilice la interfaz del tel\u00e9fono del tipo C, la interfaz del tel\u00e9fono m\u00f3vil de general android es consistente.<\/span><\/p>\n<p><span>&#8211; No impermeable.<\/span><\/p>\n<p><span>&#8211; Es muy durable y pr\u00e1ctico, y el producto no es impermeable. Si usted no tiene cuidado para mojarlo, despu\u00e9s de ser seco puede ser utilizado continuamente.<\/span><\/p>\n","protected":false},"excerpt":{"rendered":"<p>&#8211; Nombre del producto: Adaptador tipo-C OTG &#8211; Material del producto: ABS c\u00e1scara. &#8211; Alcance: tel\u00e9fonos m\u00f3viles y tabletas. &#8211; Funci\u00f3n del producto: conversi\u00f3n de interfaz. &#8211; Especificaciones del producto: 1,9 cm x 1,8 cm x 0,8 cm. * Color: Negro &#8211; Peso del producto: 2,1 g. * Caracter\u00edsticas: &#8211; OTG Android convertidor. &#8211; En [&hellip;]<\/p>\n","protected":false},"featured_media":1697,"comment_status":"open","ping_status":"closed","template":"","meta":{"_surecart_dashboard_logo_width":"180px","_surecart_dashboard_show_logo":true,"_surecart_dashboard_navigation_orders":true,"_surecart_dashboard_navigation_invoices":true,"_surecart_dashboard_navigation_subscriptions":true,"_surecart_dashboard_navigation_downloads":true,"_surecart_dashboard_navigation_billing":true,"_surecart_dashboard_navigation_account":true,"site-sidebar-layout":"default","site-content-layout":"","ast-site-content-layout":"default","site-content-style":"default","site-sidebar-style":"default","ast-global-header-display":"","ast-banner-title-visibility":"","ast-main-header-display":"","ast-hfb-above-header-display":"","ast-hfb-below-header-display":"","ast-hfb-mobile-header-display":"","site-post-title":"","ast-breadcrumbs-content":"","ast-featured-img":"","footer-sml-layout":"","ast-disable-related-posts":"","theme-transparent-header-meta":"","adv-header-id-meta":"","stick-header-meta":"","header-above-stick-meta":"","header-main-stick-meta":"","header-below-stick-meta":"","astra-migrate-meta-layouts":"default","ast-page-background-enabled":"default","ast-page-background-meta":{"desktop":{"background-color":"var(--ast-global-color-4)","background-image":"","background-repeat":"repeat","background-position":"center center","background-size":"auto","background-attachment":"scroll","background-type":"","background-media":"","overlay-type":"","overlay-color":"","overlay-opacity":"","overlay-gradient":""},"tablet":{"background-color":"","background-image":"","background-repeat":"repeat","background-position":"center center","background-size":"auto","background-attachment":"scroll","background-type":"","background-media":"","overlay-type":"","overlay-color":"","overlay-opacity":"","overlay-gradient":""},"mobile":{"background-color":"","background-image":"","background-repeat":"repeat","background-position":"center center","background-size":"auto","background-attachment":"scroll","background-type":"","background-media":"","overlay-type":"","overlay-color":"","overlay-opacity":"","overlay-gradient":""}},"ast-content-background-meta":{"desktop":{"background-color":"var(--ast-global-color-5)","background-image":"","background-repeat":"repeat","background-position":"center center","background-size":"auto","background-attachment":"scroll","background-type":"","background-media":"","overlay-type":"","overlay-color":"","overlay-opacity":"","overlay-gradient":""},"tablet":{"background-color":"var(--ast-global-color-5)","background-image":"","background-repeat":"repeat","background-position":"center center","background-size":"auto","background-attachment":"scroll","background-type":"","background-media":"","overlay-type":"","overlay-color":"","overlay-opacity":"","overlay-gradient":""},"mobile":{"background-color":"var(--ast-global-color-5)","background-image":"","background-repeat":"repeat","background-position":"center center","background-size":"auto","background-attachment":"scroll","background-type":"","background-media":"","overlay-type":"","overlay-color":"","overlay-opacity":"","overlay-gradient":""}}},"product_brand":[],"product_cat":[23,41],"product_tag":[],"class_list":{"0":"post-1694","1":"product","2":"type-product","3":"status-publish","4":"has-post-thumbnail","6":"product_cat-audio-y-video","7":"product_cat-cables","8":"desktop-align-left","9":"tablet-align-left","10":"mobile-align-left","12":"first","13":"instock","14":"taxable","15":"shipping-taxable","16":"purchasable","17":"product-type-simple"},"yoast_head":"<!-- This site is optimized with the Yoast SEO plugin v27.5 - https:\/\/yoast.com\/product\/yoast-seo-wordpress\/ -->\n<title>Adaptador Otg Tipo C A Usb Para Celulares O Tablets - Giftronic.04<\/title>\n<meta name=\"robots\" content=\"index, follow, max-snippet:-1, max-image-preview:large, max-video-preview:-1\" \/>\n<link rel=\"canonical\" href=\"https:\/\/giftronic04.com\/index.php\/product\/adaptador-otg-tipo-c-a-usb-para-celulares-o-tablets\/\" \/>\n<meta property=\"og:locale\" content=\"es_ES\" \/>\n<meta property=\"og:type\" content=\"article\" \/>\n<meta property=\"og:title\" content=\"Adaptador Otg Tipo C A Usb Para Celulares O Tablets - Giftronic.04\" \/>\n<meta property=\"og:description\" content=\"&#8211; Nombre del producto: Adaptador tipo-C OTG &#8211; Material del producto: ABS c\u00e1scara. &#8211; Alcance: tel\u00e9fonos m\u00f3viles y tabletas. &#8211; Funci\u00f3n del producto: conversi\u00f3n de interfaz. &#8211; Especificaciones del producto: 1,9 cm x 1,8 cm x 0,8 cm. * Color: Negro &#8211; Peso del producto: 2,1 g. * Caracter\u00edsticas: &#8211; OTG Android convertidor. &#8211; En [&hellip;]\" \/>\n<meta property=\"og:url\" content=\"https:\/\/giftronic04.com\/index.php\/product\/adaptador-otg-tipo-c-a-usb-para-celulares-o-tablets\/\" \/>\n<meta property=\"og:site_name\" content=\"Giftronic.04\" \/>\n<meta property=\"article:modified_time\" content=\"2024-03-10T17:26:23+00:00\" \/>\n<meta property=\"og:image\" content=\"https:\/\/giftronic04.com\/wp-content\/uploads\/2021\/08\/D_NQ_NP_645435-MCO41905335129_052020-O.webp\" \/>\n\t<meta property=\"og:image:width\" content=\"500\" \/>\n\t<meta property=\"og:image:height\" content=\"428\" \/>\n\t<meta property=\"og:image:type\" content=\"image\/webp\" \/>\n<meta name=\"twitter:card\" content=\"summary_large_image\" \/>\n<meta name=\"twitter:label1\" content=\"Tiempo de lectura\" \/>\n\t<meta name=\"twitter:data1\" content=\"2 minutos\" \/>\n<script type=\"application\/ld+json\" class=\"yoast-schema-graph\">{\"@context\":\"https:\\\/\\\/schema.org\",\"@graph\":[{\"@type\":\"WebPage\",\"@id\":\"https:\\\/\\\/giftronic04.com\\\/index.php\\\/product\\\/adaptador-otg-tipo-c-a-usb-para-celulares-o-tablets\\\/\",\"url\":\"https:\\\/\\\/giftronic04.com\\\/index.php\\\/product\\\/adaptador-otg-tipo-c-a-usb-para-celulares-o-tablets\\\/\",\"name\":\"Adaptador Otg Tipo C A Usb Para Celulares O Tablets - Giftronic.04\",\"isPartOf\":{\"@id\":\"https:\\\/\\\/giftronic04.com\\\/#website\"},\"primaryImageOfPage\":{\"@id\":\"https:\\\/\\\/giftronic04.com\\\/index.php\\\/product\\\/adaptador-otg-tipo-c-a-usb-para-celulares-o-tablets\\\/#primaryimage\"},\"image\":{\"@id\":\"https:\\\/\\\/giftronic04.com\\\/index.php\\\/product\\\/adaptador-otg-tipo-c-a-usb-para-celulares-o-tablets\\\/#primaryimage\"},\"thumbnailUrl\":\"https:\\\/\\\/giftronic04.com\\\/wp-content\\\/uploads\\\/2021\\\/08\\\/D_NQ_NP_645435-MCO41905335129_052020-O.webp\",\"datePublished\":\"2021-08-09T16:45:24+00:00\",\"dateModified\":\"2024-03-10T17:26:23+00:00\",\"breadcrumb\":{\"@id\":\"https:\\\/\\\/giftronic04.com\\\/index.php\\\/product\\\/adaptador-otg-tipo-c-a-usb-para-celulares-o-tablets\\\/#breadcrumb\"},\"inLanguage\":\"es\",\"potentialAction\":[{\"@type\":\"ReadAction\",\"target\":[\"https:\\\/\\\/giftronic04.com\\\/index.php\\\/product\\\/adaptador-otg-tipo-c-a-usb-para-celulares-o-tablets\\\/\"]}]},{\"@type\":\"ImageObject\",\"inLanguage\":\"es\",\"@id\":\"https:\\\/\\\/giftronic04.com\\\/index.php\\\/product\\\/adaptador-otg-tipo-c-a-usb-para-celulares-o-tablets\\\/#primaryimage\",\"url\":\"https:\\\/\\\/giftronic04.com\\\/wp-content\\\/uploads\\\/2021\\\/08\\\/D_NQ_NP_645435-MCO41905335129_052020-O.webp\",\"contentUrl\":\"https:\\\/\\\/giftronic04.com\\\/wp-content\\\/uploads\\\/2021\\\/08\\\/D_NQ_NP_645435-MCO41905335129_052020-O.webp\",\"width\":500,\"height\":428},{\"@type\":\"BreadcrumbList\",\"@id\":\"https:\\\/\\\/giftronic04.com\\\/index.php\\\/product\\\/adaptador-otg-tipo-c-a-usb-para-celulares-o-tablets\\\/#breadcrumb\",\"itemListElement\":[{\"@type\":\"ListItem\",\"position\":1,\"name\":\"Portada\",\"item\":\"https:\\\/\\\/giftronic04.com\\\/\"},{\"@type\":\"ListItem\",\"position\":2,\"name\":\"Tienda\",\"item\":\"https:\\\/\\\/giftronic04.com\\\/index.php\\\/shop\\\/\"},{\"@type\":\"ListItem\",\"position\":3,\"name\":\"Adaptador Otg Tipo C A Usb Para Celulares O Tablets\"}]},{\"@type\":\"WebSite\",\"@id\":\"https:\\\/\\\/giftronic04.com\\\/#website\",\"url\":\"https:\\\/\\\/giftronic04.com\\\/\",\"name\":\"Giftronic.04\",\"description\":\"Venta de equipos tecnologicos\",\"publisher\":{\"@id\":\"https:\\\/\\\/giftronic04.com\\\/#organization\"},\"potentialAction\":[{\"@type\":\"SearchAction\",\"target\":{\"@type\":\"EntryPoint\",\"urlTemplate\":\"https:\\\/\\\/giftronic04.com\\\/?s={search_term_string}\"},\"query-input\":{\"@type\":\"PropertyValueSpecification\",\"valueRequired\":true,\"valueName\":\"search_term_string\"}}],\"inLanguage\":\"es\"},{\"@type\":\"Organization\",\"@id\":\"https:\\\/\\\/giftronic04.com\\\/#organization\",\"name\":\"giftronic04\",\"url\":\"https:\\\/\\\/giftronic04.com\\\/\",\"logo\":{\"@type\":\"ImageObject\",\"inLanguage\":\"es\",\"@id\":\"https:\\\/\\\/giftronic04.com\\\/#\\\/schema\\\/logo\\\/image\\\/\",\"url\":\"https:\\\/\\\/giftronic04.com\\\/wp-content\\\/uploads\\\/2021\\\/08\\\/logo.png\",\"contentUrl\":\"https:\\\/\\\/giftronic04.com\\\/wp-content\\\/uploads\\\/2021\\\/08\\\/logo.png\",\"width\":6640,\"height\":2192,\"caption\":\"giftronic04\"},\"image\":{\"@id\":\"https:\\\/\\\/giftronic04.com\\\/#\\\/schema\\\/logo\\\/image\\\/\"},\"sameAs\":[\"https:\\\/\\\/www.instagram.com\\\/giftronic.04\\\/\"]}]}<\/script>\n<!-- \/ Yoast SEO plugin. -->","yoast_head_json":{"title":"Adaptador Otg Tipo C A Usb Para Celulares O Tablets - Giftronic.04","robots":{"index":"index","follow":"follow","max-snippet":"max-snippet:-1","max-image-preview":"max-image-preview:large","max-video-preview":"max-video-preview:-1"},"canonical":"https:\/\/giftronic04.com\/index.php\/product\/adaptador-otg-tipo-c-a-usb-para-celulares-o-tablets\/","og_locale":"es_ES","og_type":"article","og_title":"Adaptador Otg Tipo C A Usb Para Celulares O Tablets - Giftronic.04","og_description":"&#8211; Nombre del producto: Adaptador tipo-C OTG &#8211; Material del producto: ABS c\u00e1scara. &#8211; Alcance: tel\u00e9fonos m\u00f3viles y tabletas. &#8211; Funci\u00f3n del producto: conversi\u00f3n de interfaz. &#8211; Especificaciones del producto: 1,9 cm x 1,8 cm x 0,8 cm. * Color: Negro &#8211; Peso del producto: 2,1 g. * Caracter\u00edsticas: &#8211; OTG Android convertidor. &#8211; En [&hellip;]","og_url":"https:\/\/giftronic04.com\/index.php\/product\/adaptador-otg-tipo-c-a-usb-para-celulares-o-tablets\/","og_site_name":"Giftronic.04","article_modified_time":"2024-03-10T17:26:23+00:00","og_image":[{"width":500,"height":428,"url":"https:\/\/giftronic04.com\/wp-content\/uploads\/2021\/08\/D_NQ_NP_645435-MCO41905335129_052020-O.webp","type":"image\/webp"}],"twitter_card":"summary_large_image","twitter_misc":{"Tiempo de lectura":"2 minutos"},"schema":{"@context":"https:\/\/schema.org","@graph":[{"@type":"WebPage","@id":"https:\/\/giftronic04.com\/index.php\/product\/adaptador-otg-tipo-c-a-usb-para-celulares-o-tablets\/","url":"https:\/\/giftronic04.com\/index.php\/product\/adaptador-otg-tipo-c-a-usb-para-celulares-o-tablets\/","name":"Adaptador Otg Tipo C A Usb Para Celulares O Tablets - Giftronic.04","isPartOf":{"@id":"https:\/\/giftronic04.com\/#website"},"primaryImageOfPage":{"@id":"https:\/\/giftronic04.com\/index.php\/product\/adaptador-otg-tipo-c-a-usb-para-celulares-o-tablets\/#primaryimage"},"image":{"@id":"https:\/\/giftronic04.com\/index.php\/product\/adaptador-otg-tipo-c-a-usb-para-celulares-o-tablets\/#primaryimage"},"thumbnailUrl":"https:\/\/giftronic04.com\/wp-content\/uploads\/2021\/08\/D_NQ_NP_645435-MCO41905335129_052020-O.webp","datePublished":"2021-08-09T16:45:24+00:00","dateModified":"2024-03-10T17:26:23+00:00","breadcrumb":{"@id":"https:\/\/giftronic04.com\/index.php\/product\/adaptador-otg-tipo-c-a-usb-para-celulares-o-tablets\/#breadcrumb"},"inLanguage":"es","potentialAction":[{"@type":"ReadAction","target":["https:\/\/giftronic04.com\/index.php\/product\/adaptador-otg-tipo-c-a-usb-para-celulares-o-tablets\/"]}]},{"@type":"ImageObject","inLanguage":"es","@id":"https:\/\/giftronic04.com\/index.php\/product\/adaptador-otg-tipo-c-a-usb-para-celulares-o-tablets\/#primaryimage","url":"https:\/\/giftronic04.com\/wp-content\/uploads\/2021\/08\/D_NQ_NP_645435-MCO41905335129_052020-O.webp","contentUrl":"https:\/\/giftronic04.com\/wp-content\/uploads\/2021\/08\/D_NQ_NP_645435-MCO41905335129_052020-O.webp","width":500,"height":428},{"@type":"BreadcrumbList","@id":"https:\/\/giftronic04.com\/index.php\/product\/adaptador-otg-tipo-c-a-usb-para-celulares-o-tablets\/#breadcrumb","itemListElement":[{"@type":"ListItem","position":1,"name":"Portada","item":"https:\/\/giftronic04.com\/"},{"@type":"ListItem","position":2,"name":"Tienda","item":"https:\/\/giftronic04.com\/index.php\/shop\/"},{"@type":"ListItem","position":3,"name":"Adaptador Otg Tipo C A Usb Para Celulares O Tablets"}]},{"@type":"WebSite","@id":"https:\/\/giftronic04.com\/#website","url":"https:\/\/giftronic04.com\/","name":"Giftronic.04","description":"Venta de equipos tecnologicos","publisher":{"@id":"https:\/\/giftronic04.com\/#organization"},"potentialAction":[{"@type":"SearchAction","target":{"@type":"EntryPoint","urlTemplate":"https:\/\/giftronic04.com\/?s={search_term_string}"},"query-input":{"@type":"PropertyValueSpecification","valueRequired":true,"valueName":"search_term_string"}}],"inLanguage":"es"},{"@type":"Organization","@id":"https:\/\/giftronic04.com\/#organization","name":"giftronic04","url":"https:\/\/giftronic04.com\/","logo":{"@type":"ImageObject","inLanguage":"es","@id":"https:\/\/giftronic04.com\/#\/schema\/logo\/image\/","url":"https:\/\/giftronic04.com\/wp-content\/uploads\/2021\/08\/logo.png","contentUrl":"https:\/\/giftronic04.com\/wp-content\/uploads\/2021\/08\/logo.png","width":6640,"height":2192,"caption":"giftronic04"},"image":{"@id":"https:\/\/giftronic04.com\/#\/schema\/logo\/image\/"},"sameAs":["https:\/\/www.instagram.com\/giftronic.04\/"]}]}},"jetpack_sharing_enabled":true,"_links":{"self":[{"href":"https:\/\/giftronic04.com\/index.php\/wp-json\/wp\/v2\/product\/1694","targetHints":{"allow":["GET"]}}],"collection":[{"href":"https:\/\/giftronic04.com\/index.php\/wp-json\/wp\/v2\/product"}],"about":[{"href":"https:\/\/giftronic04.com\/index.php\/wp-json\/wp\/v2\/types\/product"}],"replies":[{"embeddable":true,"href":"https:\/\/giftronic04.com\/index.php\/wp-json\/wp\/v2\/comments?post=1694"}],"wp:featuredmedia":[{"embeddable":true,"href":"https:\/\/giftronic04.com\/index.php\/wp-json\/wp\/v2\/media\/1697"}],"wp:attachment":[{"href":"https:\/\/giftronic04.com\/index.php\/wp-json\/wp\/v2\/media?parent=1694"}],"wp:term":[{"taxonomy":"product_brand","embeddable":true,"href":"https:\/\/giftronic04.com\/index.php\/wp-json\/wp\/v2\/product_brand?post=1694"},{"taxonomy":"product_cat","embeddable":true,"href":"https:\/\/giftronic04.com\/index.php\/wp-json\/wp\/v2\/product_cat?post=1694"},{"taxonomy":"product_tag","embeddable":true,"href":"https:\/\/giftronic04.com\/index.php\/wp-json\/wp\/v2\/product_tag?post=1694"}],"curies":[{"name":"wp","href":"https:\/\/api.w.org\/{rel}","templated":true}]}}