{"id":3323,"date":"2023-01-04T18:28:16","date_gmt":"2023-01-04T23:28:16","guid":{"rendered":"https:\/\/giftronic04.com\/?post_type=product&#038;p=3323"},"modified":"2025-11-19T08:43:04","modified_gmt":"2025-11-19T13:43:04","slug":"monitor-lg-gaming-27-pulgadas-negro","status":"publish","type":"product","link":"https:\/\/giftronic04.com\/index.php\/product\/monitor-lg-gaming-27-pulgadas-negro\/","title":{"rendered":"Monitor LG GAMING  27&#8243; Pulgadas Negro"},"content":{"rendered":"<p>Especificaciones<\/p>\n<p>Referencia 27GQ50F<\/p>\n<p>Tama\u00f1o Pantalla\u00a0\u00a0\u00a0\u00a0 27\u00a0 Pulgadas<\/p>\n<p>Tama\u00f1o Pantalla\u00a0\u00a0\u00a0\u00a0 68.4\u00a0 Cent\u00edmetros<\/p>\n<p>Contraste\u00a0\u00a0\u00a0\u00a0\u00a0 3000:1<\/p>\n<p>Velocidad de Respuesta del Monitor\u00a0\u00a0\u00a0\u00a0\u00a0 1\u00a0 Milisegundos<\/p>\n<p>Tipo de Pantalla\u00a0\u00a0\u00a0\u00a0\u00a0 LED<\/p>\n<p>Resoluci\u00f3n Pantalla\u00a0\u00a0\u00a0\u00a0\u00a0\u00a0\u00a0\u00a0\u00a0\u00a0 \u00a0 FHD 1920 x 1080<\/p>\n<p>Dise\u00f1o de la pantalla\u00a0\u00a0\u00a0\u00a0\u00a0\u00a0\u00a0\u00a0 Plano<\/p>\n<p>Tipos de Puertos Entradas y Salidas<\/p>\n<p>Puerto Display Port<\/p>\n<p>Puerto HDMI<\/p>\n<p>Salida de Aud\u00edfonos<\/p>\n<p>Fuentes de Alimentaci\u00f3n de Energ\u00eda<\/p>\n<p>Energ\u00eda El\u00e9ctrica<\/p>\n<p>Tonalidad de Color\u00a0 Negro<\/p>\n<p>LG Gaming<\/p>\n<p>&nbsp;<\/p>\n<p>Caracter\u00edsticas destacadas<\/p>\n<p>Frecuencia de actualizaci\u00f3n de 165 Hz<\/p>\n<p>Tasa de refresco de 1ms<\/p>\n<p>AMD FreeSync Premium para movimientos m\u00e1s fluido<\/p>\n<p>IU de juego config\u00faralo y disfruta al estilo de tu acci\u00f3n<\/p>\n<p>Dise\u00f1o sofisticado y elegante<\/p>\n<p>&nbsp;<\/p>\n<p>Resumen del producto<\/p>\n<p>Con el monitor LG UtraGear de podr\u00e1s aumentar tus posibilidades de ganar en juegos online, PC o Consola. Enciende tu poder gaming y experimenta la incre\u00edble velocidad de 1ms (MBR) y un rendimiento fluido con sus 165 Hz para ver el siguiente cuadro r\u00e1pidamente y hacer que la imagen aparezca sin errores. Tendr\u00e1s una inmersi\u00f3n visual realista con colores y contrastes intensos con AMD FreeSync Premium y con ajustes de inclinaci\u00f3n tendr\u00e1s mayor comodidad y concentraci\u00f3n, podr\u00e1s configurarlo para adaptar tu pantalla a cada estilo de juego con su nueva interfaz de usuario.<\/p>\n","protected":false},"excerpt":{"rendered":"<p>Especificaciones Referencia 27GQ50F Tama\u00f1o Pantalla\u00a0\u00a0\u00a0\u00a0 27\u00a0 Pulgadas Tama\u00f1o Pantalla\u00a0\u00a0\u00a0\u00a0 68.4\u00a0 Cent\u00edmetros Contraste\u00a0\u00a0\u00a0\u00a0\u00a0 3000:1 Velocidad de Respuesta del Monitor\u00a0\u00a0\u00a0\u00a0\u00a0 1\u00a0 Milisegundos Tipo de Pantalla\u00a0\u00a0\u00a0\u00a0\u00a0 LED Resoluci\u00f3n Pantalla\u00a0\u00a0\u00a0\u00a0\u00a0\u00a0\u00a0\u00a0\u00a0\u00a0 \u00a0 FHD 1920 x 1080 Dise\u00f1o de la pantalla\u00a0\u00a0\u00a0\u00a0\u00a0\u00a0\u00a0\u00a0 Plano Tipos de Puertos Entradas y Salidas Puerto Display Port Puerto HDMI Salida de Aud\u00edfonos Fuentes de Alimentaci\u00f3n de Energ\u00eda [&hellip;]<\/p>\n","protected":false},"featured_media":3324,"comment_status":"open","ping_status":"closed","template":"","meta":{"_surecart_dashboard_logo_width":"180px","_surecart_dashboard_show_logo":true,"_surecart_dashboard_navigation_orders":true,"_surecart_dashboard_navigation_invoices":true,"_surecart_dashboard_navigation_subscriptions":true,"_surecart_dashboard_navigation_downloads":true,"_surecart_dashboard_navigation_billing":true,"_surecart_dashboard_navigation_account":true,"site-sidebar-layout":"default","site-content-layout":"","ast-site-content-layout":"default","site-content-style":"default","site-sidebar-style":"default","ast-global-header-display":"","ast-banner-title-visibility":"","ast-main-header-display":"","ast-hfb-above-header-display":"","ast-hfb-below-header-display":"","ast-hfb-mobile-header-display":"","site-post-title":"","ast-breadcrumbs-content":"","ast-featured-img":"","footer-sml-layout":"","ast-disable-related-posts":"","theme-transparent-header-meta":"","adv-header-id-meta":"","stick-header-meta":"","header-above-stick-meta":"","header-main-stick-meta":"","header-below-stick-meta":"","astra-migrate-meta-layouts":"default","ast-page-background-enabled":"default","ast-page-background-meta":{"desktop":{"background-color":"var(--ast-global-color-4)","background-image":"","background-repeat":"repeat","background-position":"center center","background-size":"auto","background-attachment":"scroll","background-type":"","background-media":"","overlay-type":"","overlay-color":"","overlay-opacity":"","overlay-gradient":""},"tablet":{"background-color":"","background-image":"","background-repeat":"repeat","background-position":"center center","background-size":"auto","background-attachment":"scroll","background-type":"","background-media":"","overlay-type":"","overlay-color":"","overlay-opacity":"","overlay-gradient":""},"mobile":{"background-color":"","background-image":"","background-repeat":"repeat","background-position":"center center","background-size":"auto","background-attachment":"scroll","background-type":"","background-media":"","overlay-type":"","overlay-color":"","overlay-opacity":"","overlay-gradient":""}},"ast-content-background-meta":{"desktop":{"background-color":"var(--ast-global-color-5)","background-image":"","background-repeat":"repeat","background-position":"center center","background-size":"auto","background-attachment":"scroll","background-type":"","background-media":"","overlay-type":"","overlay-color":"","overlay-opacity":"","overlay-gradient":""},"tablet":{"background-color":"var(--ast-global-color-5)","background-image":"","background-repeat":"repeat","background-position":"center center","background-size":"auto","background-attachment":"scroll","background-type":"","background-media":"","overlay-type":"","overlay-color":"","overlay-opacity":"","overlay-gradient":""},"mobile":{"background-color":"var(--ast-global-color-5)","background-image":"","background-repeat":"repeat","background-position":"center center","background-size":"auto","background-attachment":"scroll","background-type":"","background-media":"","overlay-type":"","overlay-color":"","overlay-opacity":"","overlay-gradient":""}}},"product_brand":[],"product_cat":[46,34],"product_tag":[],"class_list":{"0":"post-3323","1":"product","2":"type-product","3":"status-publish","4":"has-post-thumbnail","6":"product_cat-accesorios-para-pc-gaming-consolas-y-videojuegos","7":"product_cat-monitores-y-accesorios","8":"desktop-align-left","9":"tablet-align-left","10":"mobile-align-left","12":"first","13":"outofstock","14":"sale","15":"taxable","16":"shipping-taxable","17":"purchasable","18":"product-type-simple"},"yoast_head":"<!-- This site is optimized with the Yoast SEO plugin v27.5 - https:\/\/yoast.com\/product\/yoast-seo-wordpress\/ -->\n<title>Monitor LG GAMING 27&quot; Pulgadas Negro - Giftronic.04<\/title>\n<meta name=\"robots\" content=\"index, follow, max-snippet:-1, max-image-preview:large, max-video-preview:-1\" \/>\n<link rel=\"canonical\" href=\"https:\/\/giftronic04.com\/index.php\/product\/monitor-lg-gaming-27-pulgadas-negro\/\" \/>\n<meta property=\"og:locale\" content=\"es_ES\" \/>\n<meta property=\"og:type\" content=\"article\" \/>\n<meta property=\"og:title\" content=\"Monitor LG GAMING 27&quot; Pulgadas Negro - Giftronic.04\" \/>\n<meta property=\"og:description\" content=\"Especificaciones Referencia 27GQ50F Tama\u00f1o Pantalla\u00a0\u00a0\u00a0\u00a0 27\u00a0 Pulgadas Tama\u00f1o Pantalla\u00a0\u00a0\u00a0\u00a0 68.4\u00a0 Cent\u00edmetros Contraste\u00a0\u00a0\u00a0\u00a0\u00a0 3000:1 Velocidad de Respuesta del Monitor\u00a0\u00a0\u00a0\u00a0\u00a0 1\u00a0 Milisegundos Tipo de Pantalla\u00a0\u00a0\u00a0\u00a0\u00a0 LED Resoluci\u00f3n Pantalla\u00a0\u00a0\u00a0\u00a0\u00a0\u00a0\u00a0\u00a0\u00a0\u00a0 \u00a0 FHD 1920 x 1080 Dise\u00f1o de la pantalla\u00a0\u00a0\u00a0\u00a0\u00a0\u00a0\u00a0\u00a0 Plano Tipos de Puertos Entradas y Salidas Puerto Display Port Puerto HDMI Salida de Aud\u00edfonos Fuentes de Alimentaci\u00f3n de Energ\u00eda [&hellip;]\" \/>\n<meta property=\"og:url\" content=\"https:\/\/giftronic04.com\/index.php\/product\/monitor-lg-gaming-27-pulgadas-negro\/\" \/>\n<meta property=\"og:site_name\" content=\"Giftronic.04\" \/>\n<meta property=\"article:modified_time\" content=\"2025-11-19T13:43:04+00:00\" \/>\n<meta property=\"og:image\" content=\"https:\/\/giftronic04.com\/wp-content\/uploads\/2023\/01\/Pro.jpg\" \/>\n\t<meta property=\"og:image:width\" content=\"2000\" \/>\n\t<meta property=\"og:image:height\" content=\"2000\" \/>\n\t<meta property=\"og:image:type\" content=\"image\/jpeg\" \/>\n<meta name=\"twitter:card\" content=\"summary_large_image\" \/>\n<meta name=\"twitter:label1\" content=\"Tiempo de lectura\" \/>\n\t<meta name=\"twitter:data1\" content=\"1 minuto\" \/>\n<script type=\"application\/ld+json\" class=\"yoast-schema-graph\">{\"@context\":\"https:\\\/\\\/schema.org\",\"@graph\":[{\"@type\":\"WebPage\",\"@id\":\"https:\\\/\\\/giftronic04.com\\\/index.php\\\/product\\\/monitor-lg-gaming-27-pulgadas-negro\\\/\",\"url\":\"https:\\\/\\\/giftronic04.com\\\/index.php\\\/product\\\/monitor-lg-gaming-27-pulgadas-negro\\\/\",\"name\":\"Monitor LG GAMING 27\\\" Pulgadas Negro - Giftronic.04\",\"isPartOf\":{\"@id\":\"https:\\\/\\\/giftronic04.com\\\/#website\"},\"primaryImageOfPage\":{\"@id\":\"https:\\\/\\\/giftronic04.com\\\/index.php\\\/product\\\/monitor-lg-gaming-27-pulgadas-negro\\\/#primaryimage\"},\"image\":{\"@id\":\"https:\\\/\\\/giftronic04.com\\\/index.php\\\/product\\\/monitor-lg-gaming-27-pulgadas-negro\\\/#primaryimage\"},\"thumbnailUrl\":\"https:\\\/\\\/giftronic04.com\\\/wp-content\\\/uploads\\\/2023\\\/01\\\/Pro.jpg\",\"datePublished\":\"2023-01-04T23:28:16+00:00\",\"dateModified\":\"2025-11-19T13:43:04+00:00\",\"breadcrumb\":{\"@id\":\"https:\\\/\\\/giftronic04.com\\\/index.php\\\/product\\\/monitor-lg-gaming-27-pulgadas-negro\\\/#breadcrumb\"},\"inLanguage\":\"es\",\"potentialAction\":[{\"@type\":\"ReadAction\",\"target\":[\"https:\\\/\\\/giftronic04.com\\\/index.php\\\/product\\\/monitor-lg-gaming-27-pulgadas-negro\\\/\"]}]},{\"@type\":\"ImageObject\",\"inLanguage\":\"es\",\"@id\":\"https:\\\/\\\/giftronic04.com\\\/index.php\\\/product\\\/monitor-lg-gaming-27-pulgadas-negro\\\/#primaryimage\",\"url\":\"https:\\\/\\\/giftronic04.com\\\/wp-content\\\/uploads\\\/2023\\\/01\\\/Pro.jpg\",\"contentUrl\":\"https:\\\/\\\/giftronic04.com\\\/wp-content\\\/uploads\\\/2023\\\/01\\\/Pro.jpg\",\"width\":2000,\"height\":2000},{\"@type\":\"BreadcrumbList\",\"@id\":\"https:\\\/\\\/giftronic04.com\\\/index.php\\\/product\\\/monitor-lg-gaming-27-pulgadas-negro\\\/#breadcrumb\",\"itemListElement\":[{\"@type\":\"ListItem\",\"position\":1,\"name\":\"Portada\",\"item\":\"https:\\\/\\\/giftronic04.com\\\/\"},{\"@type\":\"ListItem\",\"position\":2,\"name\":\"Tienda\",\"item\":\"https:\\\/\\\/giftronic04.com\\\/index.php\\\/shop\\\/\"},{\"@type\":\"ListItem\",\"position\":3,\"name\":\"Monitor LG GAMING 27&#8243; Pulgadas Negro\"}]},{\"@type\":\"WebSite\",\"@id\":\"https:\\\/\\\/giftronic04.com\\\/#website\",\"url\":\"https:\\\/\\\/giftronic04.com\\\/\",\"name\":\"Giftronic.04\",\"description\":\"Venta de equipos tecnologicos\",\"publisher\":{\"@id\":\"https:\\\/\\\/giftronic04.com\\\/#organization\"},\"potentialAction\":[{\"@type\":\"SearchAction\",\"target\":{\"@type\":\"EntryPoint\",\"urlTemplate\":\"https:\\\/\\\/giftronic04.com\\\/?s={search_term_string}\"},\"query-input\":{\"@type\":\"PropertyValueSpecification\",\"valueRequired\":true,\"valueName\":\"search_term_string\"}}],\"inLanguage\":\"es\"},{\"@type\":\"Organization\",\"@id\":\"https:\\\/\\\/giftronic04.com\\\/#organization\",\"name\":\"giftronic04\",\"url\":\"https:\\\/\\\/giftronic04.com\\\/\",\"logo\":{\"@type\":\"ImageObject\",\"inLanguage\":\"es\",\"@id\":\"https:\\\/\\\/giftronic04.com\\\/#\\\/schema\\\/logo\\\/image\\\/\",\"url\":\"https:\\\/\\\/giftronic04.com\\\/wp-content\\\/uploads\\\/2021\\\/08\\\/logo.png\",\"contentUrl\":\"https:\\\/\\\/giftronic04.com\\\/wp-content\\\/uploads\\\/2021\\\/08\\\/logo.png\",\"width\":6640,\"height\":2192,\"caption\":\"giftronic04\"},\"image\":{\"@id\":\"https:\\\/\\\/giftronic04.com\\\/#\\\/schema\\\/logo\\\/image\\\/\"},\"sameAs\":[\"https:\\\/\\\/www.instagram.com\\\/giftronic.04\\\/\"]}]}<\/script>\n<!-- \/ Yoast SEO plugin. -->","yoast_head_json":{"title":"Monitor LG GAMING 27\" Pulgadas Negro - Giftronic.04","robots":{"index":"index","follow":"follow","max-snippet":"max-snippet:-1","max-image-preview":"max-image-preview:large","max-video-preview":"max-video-preview:-1"},"canonical":"https:\/\/giftronic04.com\/index.php\/product\/monitor-lg-gaming-27-pulgadas-negro\/","og_locale":"es_ES","og_type":"article","og_title":"Monitor LG GAMING 27\" Pulgadas Negro - Giftronic.04","og_description":"Especificaciones Referencia 27GQ50F Tama\u00f1o Pantalla\u00a0\u00a0\u00a0\u00a0 27\u00a0 Pulgadas Tama\u00f1o Pantalla\u00a0\u00a0\u00a0\u00a0 68.4\u00a0 Cent\u00edmetros Contraste\u00a0\u00a0\u00a0\u00a0\u00a0 3000:1 Velocidad de Respuesta del Monitor\u00a0\u00a0\u00a0\u00a0\u00a0 1\u00a0 Milisegundos Tipo de Pantalla\u00a0\u00a0\u00a0\u00a0\u00a0 LED Resoluci\u00f3n Pantalla\u00a0\u00a0\u00a0\u00a0\u00a0\u00a0\u00a0\u00a0\u00a0\u00a0 \u00a0 FHD 1920 x 1080 Dise\u00f1o de la pantalla\u00a0\u00a0\u00a0\u00a0\u00a0\u00a0\u00a0\u00a0 Plano Tipos de Puertos Entradas y Salidas Puerto Display Port Puerto HDMI Salida de Aud\u00edfonos Fuentes de Alimentaci\u00f3n de Energ\u00eda [&hellip;]","og_url":"https:\/\/giftronic04.com\/index.php\/product\/monitor-lg-gaming-27-pulgadas-negro\/","og_site_name":"Giftronic.04","article_modified_time":"2025-11-19T13:43:04+00:00","og_image":[{"width":2000,"height":2000,"url":"https:\/\/giftronic04.com\/wp-content\/uploads\/2023\/01\/Pro.jpg","type":"image\/jpeg"}],"twitter_card":"summary_large_image","twitter_misc":{"Tiempo de lectura":"1 minuto"},"schema":{"@context":"https:\/\/schema.org","@graph":[{"@type":"WebPage","@id":"https:\/\/giftronic04.com\/index.php\/product\/monitor-lg-gaming-27-pulgadas-negro\/","url":"https:\/\/giftronic04.com\/index.php\/product\/monitor-lg-gaming-27-pulgadas-negro\/","name":"Monitor LG GAMING 27\" Pulgadas Negro - Giftronic.04","isPartOf":{"@id":"https:\/\/giftronic04.com\/#website"},"primaryImageOfPage":{"@id":"https:\/\/giftronic04.com\/index.php\/product\/monitor-lg-gaming-27-pulgadas-negro\/#primaryimage"},"image":{"@id":"https:\/\/giftronic04.com\/index.php\/product\/monitor-lg-gaming-27-pulgadas-negro\/#primaryimage"},"thumbnailUrl":"https:\/\/giftronic04.com\/wp-content\/uploads\/2023\/01\/Pro.jpg","datePublished":"2023-01-04T23:28:16+00:00","dateModified":"2025-11-19T13:43:04+00:00","breadcrumb":{"@id":"https:\/\/giftronic04.com\/index.php\/product\/monitor-lg-gaming-27-pulgadas-negro\/#breadcrumb"},"inLanguage":"es","potentialAction":[{"@type":"ReadAction","target":["https:\/\/giftronic04.com\/index.php\/product\/monitor-lg-gaming-27-pulgadas-negro\/"]}]},{"@type":"ImageObject","inLanguage":"es","@id":"https:\/\/giftronic04.com\/index.php\/product\/monitor-lg-gaming-27-pulgadas-negro\/#primaryimage","url":"https:\/\/giftronic04.com\/wp-content\/uploads\/2023\/01\/Pro.jpg","contentUrl":"https:\/\/giftronic04.com\/wp-content\/uploads\/2023\/01\/Pro.jpg","width":2000,"height":2000},{"@type":"BreadcrumbList","@id":"https:\/\/giftronic04.com\/index.php\/product\/monitor-lg-gaming-27-pulgadas-negro\/#breadcrumb","itemListElement":[{"@type":"ListItem","position":1,"name":"Portada","item":"https:\/\/giftronic04.com\/"},{"@type":"ListItem","position":2,"name":"Tienda","item":"https:\/\/giftronic04.com\/index.php\/shop\/"},{"@type":"ListItem","position":3,"name":"Monitor LG GAMING 27&#8243; Pulgadas Negro"}]},{"@type":"WebSite","@id":"https:\/\/giftronic04.com\/#website","url":"https:\/\/giftronic04.com\/","name":"Giftronic.04","description":"Venta de equipos tecnologicos","publisher":{"@id":"https:\/\/giftronic04.com\/#organization"},"potentialAction":[{"@type":"SearchAction","target":{"@type":"EntryPoint","urlTemplate":"https:\/\/giftronic04.com\/?s={search_term_string}"},"query-input":{"@type":"PropertyValueSpecification","valueRequired":true,"valueName":"search_term_string"}}],"inLanguage":"es"},{"@type":"Organization","@id":"https:\/\/giftronic04.com\/#organization","name":"giftronic04","url":"https:\/\/giftronic04.com\/","logo":{"@type":"ImageObject","inLanguage":"es","@id":"https:\/\/giftronic04.com\/#\/schema\/logo\/image\/","url":"https:\/\/giftronic04.com\/wp-content\/uploads\/2021\/08\/logo.png","contentUrl":"https:\/\/giftronic04.com\/wp-content\/uploads\/2021\/08\/logo.png","width":6640,"height":2192,"caption":"giftronic04"},"image":{"@id":"https:\/\/giftronic04.com\/#\/schema\/logo\/image\/"},"sameAs":["https:\/\/www.instagram.com\/giftronic.04\/"]}]}},"jetpack_sharing_enabled":true,"_links":{"self":[{"href":"https:\/\/giftronic04.com\/index.php\/wp-json\/wp\/v2\/product\/3323","targetHints":{"allow":["GET"]}}],"collection":[{"href":"https:\/\/giftronic04.com\/index.php\/wp-json\/wp\/v2\/product"}],"about":[{"href":"https:\/\/giftronic04.com\/index.php\/wp-json\/wp\/v2\/types\/product"}],"replies":[{"embeddable":true,"href":"https:\/\/giftronic04.com\/index.php\/wp-json\/wp\/v2\/comments?post=3323"}],"wp:featuredmedia":[{"embeddable":true,"href":"https:\/\/giftronic04.com\/index.php\/wp-json\/wp\/v2\/media\/3324"}],"wp:attachment":[{"href":"https:\/\/giftronic04.com\/index.php\/wp-json\/wp\/v2\/media?parent=3323"}],"wp:term":[{"taxonomy":"product_brand","embeddable":true,"href":"https:\/\/giftronic04.com\/index.php\/wp-json\/wp\/v2\/product_brand?post=3323"},{"taxonomy":"product_cat","embeddable":true,"href":"https:\/\/giftronic04.com\/index.php\/wp-json\/wp\/v2\/product_cat?post=3323"},{"taxonomy":"product_tag","embeddable":true,"href":"https:\/\/giftronic04.com\/index.php\/wp-json\/wp\/v2\/product_tag?post=3323"}],"curies":[{"name":"wp","href":"https:\/\/api.w.org\/{rel}","templated":true}]}}