{"id":3358,"date":"2023-01-30T17:53:55","date_gmt":"2023-01-30T22:53:55","guid":{"rendered":"https:\/\/giftronic04.com\/?post_type=product&#038;p=3358"},"modified":"2024-11-30T08:23:56","modified_gmt":"2024-11-30T13:23:56","slug":"monitor-jr-master-va-24-pulgadas-fhd","status":"publish","type":"product","link":"https:\/\/giftronic04.com\/index.php\/product\/monitor-jr-master-va-24-pulgadas-fhd\/","title":{"rendered":"MONITOR J&#038;R MASTER VA 24&#8242; PULGADAS FHD"},"content":{"rendered":"<p>Especificaciones<\/p>\n<p>Referencia\u00a0\u00a0 MTJR-001<\/p>\n<p>Tama\u00f1o Pantalla\u00a0\u00a0\u00a0\u00a0 24\u2019 Pulgadas<\/p>\n<p>Velocidad de Respuesta del Monitor\u00a0\u00a0\u00a0\u00a0\u00a0 3ms<\/p>\n<p>Tipo de Pantalla\u00a0\u00a0\u00a0\u00a0\u00a0 VA<\/p>\n<p>Resoluci\u00f3n Pantalla\u00a0\u00a0\u00a0\u00a0\u00a0\u00a0\u00a0\u00a0\u00a0\u00a0 \u00a0 FHD \u00a01920X1080<\/p>\n<p>Brillo: 220 Nits<\/p>\n<p>Colores:16.7 Millones<\/p>\n<p>Tasa de refresco 75Hz<\/p>\n<p>Dise\u00f1o de la pantalla\u00a0\u00a0\u00a0\u00a0\u00a0\u00a0\u00a0\u00a0 Delgado<\/p>\n<p>Conexi\u00f3n<\/p>\n<p>Tipos de Puertos Entradas y Salidas<\/p>\n<p>Puerto HDMI<\/p>\n<p>Puerto VGA<\/p>\n<p>Opciones de Conectividad<\/p>\n<p>Conexi\u00f3n Con Cable<\/p>\n<p>Fuentes de Alimentaci\u00f3n de Energ\u00eda<\/p>\n<p>Energ\u00eda El\u00e9ctrica<\/p>\n<p>Tonalidad de Color\u00a0 Negro<\/p>\n<p>Elementos o Accesorios Incluidos<\/p>\n<p>Cable Energ\u00eda El\u00e9ctrica<\/p>\n<p>Consumo de energ\u00eda: 25W<\/p>\n<p>&nbsp;<\/p>\n<p>Caracter\u00edsticas destacadas<\/p>\n<p>Mayor ventaja jugando con tiempo de respuesta de 3ms<\/p>\n<p>Calidad de imagen por su contraste nativo<\/p>\n<p>Mejor imagen resoluci\u00f3n de pantalla 1920 x 1080<\/p>\n<p>Mayor velocidad de cambio de imagen tasa de refresco 75Hz<\/p>\n<p>Resumen del producto<\/p>\n<p>J&amp;R te invita a disfrutar de su nuevo monitor, el cual cuenta con un maravilloso dise\u00f1o plano delgado sobre un soporte solido que te ayudar\u00e1 a vivir experiencias m\u00e1s innovadoras en el desarrollo de tus actividades diarias, gracias a su pantalla de 24\u201d donde podr\u00e1s disfrutar de una gama de variedad de colores, complementada con resoluci\u00f3n FHD y refresco de imagen de 75Hz. Equipado adem\u00e1s con un sistema de conectividad compuesto por \u00a0puerto HDMI, un puerto VGA. \u00a0Lleva el tuyo ahora \u00a1\u00a1<\/p>\n","protected":false},"excerpt":{"rendered":"<p>Especificaciones Referencia\u00a0\u00a0 MTJR-001 Tama\u00f1o Pantalla\u00a0\u00a0\u00a0\u00a0 24\u2019 Pulgadas Velocidad de Respuesta del Monitor\u00a0\u00a0\u00a0\u00a0\u00a0 3ms Tipo de Pantalla\u00a0\u00a0\u00a0\u00a0\u00a0 VA Resoluci\u00f3n Pantalla\u00a0\u00a0\u00a0\u00a0\u00a0\u00a0\u00a0\u00a0\u00a0\u00a0 \u00a0 FHD \u00a01920X1080 Brillo: 220 Nits Colores:16.7 Millones Tasa de refresco 75Hz Dise\u00f1o de la pantalla\u00a0\u00a0\u00a0\u00a0\u00a0\u00a0\u00a0\u00a0 Delgado Conexi\u00f3n Tipos de Puertos Entradas y Salidas Puerto HDMI Puerto VGA Opciones de Conectividad Conexi\u00f3n Con Cable Fuentes de [&hellip;]<\/p>\n","protected":false},"featured_media":3365,"comment_status":"open","ping_status":"closed","template":"","meta":{"_surecart_dashboard_logo_width":"180px","_surecart_dashboard_show_logo":true,"_surecart_dashboard_navigation_orders":true,"_surecart_dashboard_navigation_invoices":true,"_surecart_dashboard_navigation_subscriptions":true,"_surecart_dashboard_navigation_downloads":true,"_surecart_dashboard_navigation_billing":true,"_surecart_dashboard_navigation_account":true,"site-sidebar-layout":"default","site-content-layout":"","ast-site-content-layout":"default","site-content-style":"default","site-sidebar-style":"default","ast-global-header-display":"","ast-banner-title-visibility":"","ast-main-header-display":"","ast-hfb-above-header-display":"","ast-hfb-below-header-display":"","ast-hfb-mobile-header-display":"","site-post-title":"","ast-breadcrumbs-content":"","ast-featured-img":"","footer-sml-layout":"","ast-disable-related-posts":"","theme-transparent-header-meta":"","adv-header-id-meta":"","stick-header-meta":"","header-above-stick-meta":"","header-main-stick-meta":"","header-below-stick-meta":"","astra-migrate-meta-layouts":"default","ast-page-background-enabled":"default","ast-page-background-meta":{"desktop":{"background-color":"var(--ast-global-color-4)","background-image":"","background-repeat":"repeat","background-position":"center center","background-size":"auto","background-attachment":"scroll","background-type":"","background-media":"","overlay-type":"","overlay-color":"","overlay-opacity":"","overlay-gradient":""},"tablet":{"background-color":"","background-image":"","background-repeat":"repeat","background-position":"center center","background-size":"auto","background-attachment":"scroll","background-type":"","background-media":"","overlay-type":"","overlay-color":"","overlay-opacity":"","overlay-gradient":""},"mobile":{"background-color":"","background-image":"","background-repeat":"repeat","background-position":"center center","background-size":"auto","background-attachment":"scroll","background-type":"","background-media":"","overlay-type":"","overlay-color":"","overlay-opacity":"","overlay-gradient":""}},"ast-content-background-meta":{"desktop":{"background-color":"var(--ast-global-color-5)","background-image":"","background-repeat":"repeat","background-position":"center center","background-size":"auto","background-attachment":"scroll","background-type":"","background-media":"","overlay-type":"","overlay-color":"","overlay-opacity":"","overlay-gradient":""},"tablet":{"background-color":"var(--ast-global-color-5)","background-image":"","background-repeat":"repeat","background-position":"center center","background-size":"auto","background-attachment":"scroll","background-type":"","background-media":"","overlay-type":"","overlay-color":"","overlay-opacity":"","overlay-gradient":""},"mobile":{"background-color":"var(--ast-global-color-5)","background-image":"","background-repeat":"repeat","background-position":"center center","background-size":"auto","background-attachment":"scroll","background-type":"","background-media":"","overlay-type":"","overlay-color":"","overlay-opacity":"","overlay-gradient":""}}},"product_brand":[],"product_cat":[34],"product_tag":[],"class_list":{"0":"post-3358","1":"product","2":"type-product","3":"status-publish","4":"has-post-thumbnail","6":"product_cat-monitores-y-accesorios","7":"desktop-align-left","8":"tablet-align-left","9":"mobile-align-left","11":"first","12":"instock","13":"sale","14":"taxable","15":"shipping-taxable","16":"purchasable","17":"product-type-simple"},"yoast_head":"<!-- This site is optimized with the Yoast SEO plugin v27.5 - https:\/\/yoast.com\/product\/yoast-seo-wordpress\/ -->\n<title>MONITOR J&amp;R MASTER VA 24&#039; PULGADAS FHD - Giftronic.04<\/title>\n<meta name=\"robots\" content=\"index, follow, max-snippet:-1, max-image-preview:large, max-video-preview:-1\" \/>\n<link rel=\"canonical\" href=\"https:\/\/giftronic04.com\/index.php\/product\/monitor-jr-master-va-24-pulgadas-fhd\/\" \/>\n<meta property=\"og:locale\" content=\"es_ES\" \/>\n<meta property=\"og:type\" content=\"article\" \/>\n<meta property=\"og:title\" content=\"MONITOR J&amp;R MASTER VA 24&#039; PULGADAS FHD - Giftronic.04\" \/>\n<meta property=\"og:description\" content=\"Especificaciones Referencia\u00a0\u00a0 MTJR-001 Tama\u00f1o Pantalla\u00a0\u00a0\u00a0\u00a0 24\u2019 Pulgadas Velocidad de Respuesta del Monitor\u00a0\u00a0\u00a0\u00a0\u00a0 3ms Tipo de Pantalla\u00a0\u00a0\u00a0\u00a0\u00a0 VA Resoluci\u00f3n Pantalla\u00a0\u00a0\u00a0\u00a0\u00a0\u00a0\u00a0\u00a0\u00a0\u00a0 \u00a0 FHD \u00a01920X1080 Brillo: 220 Nits Colores:16.7 Millones Tasa de refresco 75Hz Dise\u00f1o de la pantalla\u00a0\u00a0\u00a0\u00a0\u00a0\u00a0\u00a0\u00a0 Delgado Conexi\u00f3n Tipos de Puertos Entradas y Salidas Puerto HDMI Puerto VGA Opciones de Conectividad Conexi\u00f3n Con Cable Fuentes de [&hellip;]\" \/>\n<meta property=\"og:url\" content=\"https:\/\/giftronic04.com\/index.php\/product\/monitor-jr-master-va-24-pulgadas-fhd\/\" \/>\n<meta property=\"og:site_name\" content=\"Giftronic.04\" \/>\n<meta property=\"article:modified_time\" content=\"2024-11-30T13:23:56+00:00\" \/>\n<meta property=\"og:image\" content=\"https:\/\/giftronic04.com\/wp-content\/uploads\/2023\/01\/NEW-1.jpg\" \/>\n\t<meta property=\"og:image:width\" content=\"2000\" \/>\n\t<meta property=\"og:image:height\" content=\"2000\" \/>\n\t<meta property=\"og:image:type\" content=\"image\/jpeg\" \/>\n<meta name=\"twitter:card\" content=\"summary_large_image\" \/>\n<meta name=\"twitter:label1\" content=\"Tiempo de lectura\" \/>\n\t<meta name=\"twitter:data1\" content=\"1 minuto\" \/>\n<script type=\"application\/ld+json\" class=\"yoast-schema-graph\">{\"@context\":\"https:\\\/\\\/schema.org\",\"@graph\":[{\"@type\":\"WebPage\",\"@id\":\"https:\\\/\\\/giftronic04.com\\\/index.php\\\/product\\\/monitor-jr-master-va-24-pulgadas-fhd\\\/\",\"url\":\"https:\\\/\\\/giftronic04.com\\\/index.php\\\/product\\\/monitor-jr-master-va-24-pulgadas-fhd\\\/\",\"name\":\"MONITOR J&R MASTER VA 24' PULGADAS FHD - Giftronic.04\",\"isPartOf\":{\"@id\":\"https:\\\/\\\/giftronic04.com\\\/#website\"},\"primaryImageOfPage\":{\"@id\":\"https:\\\/\\\/giftronic04.com\\\/index.php\\\/product\\\/monitor-jr-master-va-24-pulgadas-fhd\\\/#primaryimage\"},\"image\":{\"@id\":\"https:\\\/\\\/giftronic04.com\\\/index.php\\\/product\\\/monitor-jr-master-va-24-pulgadas-fhd\\\/#primaryimage\"},\"thumbnailUrl\":\"https:\\\/\\\/giftronic04.com\\\/wp-content\\\/uploads\\\/2023\\\/01\\\/NEW-1.jpg\",\"datePublished\":\"2023-01-30T22:53:55+00:00\",\"dateModified\":\"2024-11-30T13:23:56+00:00\",\"breadcrumb\":{\"@id\":\"https:\\\/\\\/giftronic04.com\\\/index.php\\\/product\\\/monitor-jr-master-va-24-pulgadas-fhd\\\/#breadcrumb\"},\"inLanguage\":\"es\",\"potentialAction\":[{\"@type\":\"ReadAction\",\"target\":[\"https:\\\/\\\/giftronic04.com\\\/index.php\\\/product\\\/monitor-jr-master-va-24-pulgadas-fhd\\\/\"]}]},{\"@type\":\"ImageObject\",\"inLanguage\":\"es\",\"@id\":\"https:\\\/\\\/giftronic04.com\\\/index.php\\\/product\\\/monitor-jr-master-va-24-pulgadas-fhd\\\/#primaryimage\",\"url\":\"https:\\\/\\\/giftronic04.com\\\/wp-content\\\/uploads\\\/2023\\\/01\\\/NEW-1.jpg\",\"contentUrl\":\"https:\\\/\\\/giftronic04.com\\\/wp-content\\\/uploads\\\/2023\\\/01\\\/NEW-1.jpg\",\"width\":2000,\"height\":2000},{\"@type\":\"BreadcrumbList\",\"@id\":\"https:\\\/\\\/giftronic04.com\\\/index.php\\\/product\\\/monitor-jr-master-va-24-pulgadas-fhd\\\/#breadcrumb\",\"itemListElement\":[{\"@type\":\"ListItem\",\"position\":1,\"name\":\"Portada\",\"item\":\"https:\\\/\\\/giftronic04.com\\\/\"},{\"@type\":\"ListItem\",\"position\":2,\"name\":\"Tienda\",\"item\":\"https:\\\/\\\/giftronic04.com\\\/index.php\\\/shop\\\/\"},{\"@type\":\"ListItem\",\"position\":3,\"name\":\"MONITOR J&#038;R MASTER VA 24&#8242; PULGADAS FHD\"}]},{\"@type\":\"WebSite\",\"@id\":\"https:\\\/\\\/giftronic04.com\\\/#website\",\"url\":\"https:\\\/\\\/giftronic04.com\\\/\",\"name\":\"Giftronic.04\",\"description\":\"Venta de equipos tecnologicos\",\"publisher\":{\"@id\":\"https:\\\/\\\/giftronic04.com\\\/#organization\"},\"potentialAction\":[{\"@type\":\"SearchAction\",\"target\":{\"@type\":\"EntryPoint\",\"urlTemplate\":\"https:\\\/\\\/giftronic04.com\\\/?s={search_term_string}\"},\"query-input\":{\"@type\":\"PropertyValueSpecification\",\"valueRequired\":true,\"valueName\":\"search_term_string\"}}],\"inLanguage\":\"es\"},{\"@type\":\"Organization\",\"@id\":\"https:\\\/\\\/giftronic04.com\\\/#organization\",\"name\":\"giftronic04\",\"url\":\"https:\\\/\\\/giftronic04.com\\\/\",\"logo\":{\"@type\":\"ImageObject\",\"inLanguage\":\"es\",\"@id\":\"https:\\\/\\\/giftronic04.com\\\/#\\\/schema\\\/logo\\\/image\\\/\",\"url\":\"https:\\\/\\\/giftronic04.com\\\/wp-content\\\/uploads\\\/2021\\\/08\\\/logo.png\",\"contentUrl\":\"https:\\\/\\\/giftronic04.com\\\/wp-content\\\/uploads\\\/2021\\\/08\\\/logo.png\",\"width\":6640,\"height\":2192,\"caption\":\"giftronic04\"},\"image\":{\"@id\":\"https:\\\/\\\/giftronic04.com\\\/#\\\/schema\\\/logo\\\/image\\\/\"},\"sameAs\":[\"https:\\\/\\\/www.instagram.com\\\/giftronic.04\\\/\"]}]}<\/script>\n<!-- \/ Yoast SEO plugin. -->","yoast_head_json":{"title":"MONITOR J&R MASTER VA 24' PULGADAS FHD - Giftronic.04","robots":{"index":"index","follow":"follow","max-snippet":"max-snippet:-1","max-image-preview":"max-image-preview:large","max-video-preview":"max-video-preview:-1"},"canonical":"https:\/\/giftronic04.com\/index.php\/product\/monitor-jr-master-va-24-pulgadas-fhd\/","og_locale":"es_ES","og_type":"article","og_title":"MONITOR J&R MASTER VA 24' PULGADAS FHD - Giftronic.04","og_description":"Especificaciones Referencia\u00a0\u00a0 MTJR-001 Tama\u00f1o Pantalla\u00a0\u00a0\u00a0\u00a0 24\u2019 Pulgadas Velocidad de Respuesta del Monitor\u00a0\u00a0\u00a0\u00a0\u00a0 3ms Tipo de Pantalla\u00a0\u00a0\u00a0\u00a0\u00a0 VA Resoluci\u00f3n Pantalla\u00a0\u00a0\u00a0\u00a0\u00a0\u00a0\u00a0\u00a0\u00a0\u00a0 \u00a0 FHD \u00a01920X1080 Brillo: 220 Nits Colores:16.7 Millones Tasa de refresco 75Hz Dise\u00f1o de la pantalla\u00a0\u00a0\u00a0\u00a0\u00a0\u00a0\u00a0\u00a0 Delgado Conexi\u00f3n Tipos de Puertos Entradas y Salidas Puerto HDMI Puerto VGA Opciones de Conectividad Conexi\u00f3n Con Cable Fuentes de [&hellip;]","og_url":"https:\/\/giftronic04.com\/index.php\/product\/monitor-jr-master-va-24-pulgadas-fhd\/","og_site_name":"Giftronic.04","article_modified_time":"2024-11-30T13:23:56+00:00","og_image":[{"width":2000,"height":2000,"url":"https:\/\/giftronic04.com\/wp-content\/uploads\/2023\/01\/NEW-1.jpg","type":"image\/jpeg"}],"twitter_card":"summary_large_image","twitter_misc":{"Tiempo de lectura":"1 minuto"},"schema":{"@context":"https:\/\/schema.org","@graph":[{"@type":"WebPage","@id":"https:\/\/giftronic04.com\/index.php\/product\/monitor-jr-master-va-24-pulgadas-fhd\/","url":"https:\/\/giftronic04.com\/index.php\/product\/monitor-jr-master-va-24-pulgadas-fhd\/","name":"MONITOR J&R MASTER VA 24' PULGADAS FHD - Giftronic.04","isPartOf":{"@id":"https:\/\/giftronic04.com\/#website"},"primaryImageOfPage":{"@id":"https:\/\/giftronic04.com\/index.php\/product\/monitor-jr-master-va-24-pulgadas-fhd\/#primaryimage"},"image":{"@id":"https:\/\/giftronic04.com\/index.php\/product\/monitor-jr-master-va-24-pulgadas-fhd\/#primaryimage"},"thumbnailUrl":"https:\/\/giftronic04.com\/wp-content\/uploads\/2023\/01\/NEW-1.jpg","datePublished":"2023-01-30T22:53:55+00:00","dateModified":"2024-11-30T13:23:56+00:00","breadcrumb":{"@id":"https:\/\/giftronic04.com\/index.php\/product\/monitor-jr-master-va-24-pulgadas-fhd\/#breadcrumb"},"inLanguage":"es","potentialAction":[{"@type":"ReadAction","target":["https:\/\/giftronic04.com\/index.php\/product\/monitor-jr-master-va-24-pulgadas-fhd\/"]}]},{"@type":"ImageObject","inLanguage":"es","@id":"https:\/\/giftronic04.com\/index.php\/product\/monitor-jr-master-va-24-pulgadas-fhd\/#primaryimage","url":"https:\/\/giftronic04.com\/wp-content\/uploads\/2023\/01\/NEW-1.jpg","contentUrl":"https:\/\/giftronic04.com\/wp-content\/uploads\/2023\/01\/NEW-1.jpg","width":2000,"height":2000},{"@type":"BreadcrumbList","@id":"https:\/\/giftronic04.com\/index.php\/product\/monitor-jr-master-va-24-pulgadas-fhd\/#breadcrumb","itemListElement":[{"@type":"ListItem","position":1,"name":"Portada","item":"https:\/\/giftronic04.com\/"},{"@type":"ListItem","position":2,"name":"Tienda","item":"https:\/\/giftronic04.com\/index.php\/shop\/"},{"@type":"ListItem","position":3,"name":"MONITOR J&#038;R MASTER VA 24&#8242; PULGADAS FHD"}]},{"@type":"WebSite","@id":"https:\/\/giftronic04.com\/#website","url":"https:\/\/giftronic04.com\/","name":"Giftronic.04","description":"Venta de equipos tecnologicos","publisher":{"@id":"https:\/\/giftronic04.com\/#organization"},"potentialAction":[{"@type":"SearchAction","target":{"@type":"EntryPoint","urlTemplate":"https:\/\/giftronic04.com\/?s={search_term_string}"},"query-input":{"@type":"PropertyValueSpecification","valueRequired":true,"valueName":"search_term_string"}}],"inLanguage":"es"},{"@type":"Organization","@id":"https:\/\/giftronic04.com\/#organization","name":"giftronic04","url":"https:\/\/giftronic04.com\/","logo":{"@type":"ImageObject","inLanguage":"es","@id":"https:\/\/giftronic04.com\/#\/schema\/logo\/image\/","url":"https:\/\/giftronic04.com\/wp-content\/uploads\/2021\/08\/logo.png","contentUrl":"https:\/\/giftronic04.com\/wp-content\/uploads\/2021\/08\/logo.png","width":6640,"height":2192,"caption":"giftronic04"},"image":{"@id":"https:\/\/giftronic04.com\/#\/schema\/logo\/image\/"},"sameAs":["https:\/\/www.instagram.com\/giftronic.04\/"]}]}},"jetpack_sharing_enabled":true,"_links":{"self":[{"href":"https:\/\/giftronic04.com\/index.php\/wp-json\/wp\/v2\/product\/3358","targetHints":{"allow":["GET"]}}],"collection":[{"href":"https:\/\/giftronic04.com\/index.php\/wp-json\/wp\/v2\/product"}],"about":[{"href":"https:\/\/giftronic04.com\/index.php\/wp-json\/wp\/v2\/types\/product"}],"replies":[{"embeddable":true,"href":"https:\/\/giftronic04.com\/index.php\/wp-json\/wp\/v2\/comments?post=3358"}],"wp:featuredmedia":[{"embeddable":true,"href":"https:\/\/giftronic04.com\/index.php\/wp-json\/wp\/v2\/media\/3365"}],"wp:attachment":[{"href":"https:\/\/giftronic04.com\/index.php\/wp-json\/wp\/v2\/media?parent=3358"}],"wp:term":[{"taxonomy":"product_brand","embeddable":true,"href":"https:\/\/giftronic04.com\/index.php\/wp-json\/wp\/v2\/product_brand?post=3358"},{"taxonomy":"product_cat","embeddable":true,"href":"https:\/\/giftronic04.com\/index.php\/wp-json\/wp\/v2\/product_cat?post=3358"},{"taxonomy":"product_tag","embeddable":true,"href":"https:\/\/giftronic04.com\/index.php\/wp-json\/wp\/v2\/product_tag?post=3358"}],"curies":[{"name":"wp","href":"https:\/\/api.w.org\/{rel}","templated":true}]}}