{"id":3486,"date":"2023-03-01T10:05:00","date_gmt":"2023-03-01T15:05:00","guid":{"rendered":"https:\/\/giftronic04.com\/?post_type=product&#038;p=3486"},"modified":"2024-11-09T10:13:01","modified_gmt":"2024-11-09T15:13:01","slug":"impresora-multifuncional-hp-515-smart-tank-negro","status":"publish","type":"product","link":"https:\/\/giftronic04.com\/index.php\/product\/impresora-multifuncional-hp-515-smart-tank-negro\/","title":{"rendered":"Impresora Multifuncional HP 515 Smart Tank Negro"},"content":{"rendered":"<p>Caracter\u00edsticas:<\/p>\n<p>Referencia\u00a0\u00a0\u00a0 <strong>Smart Tank 515<\/strong><\/p>\n<p>Tipo de Producto\u00a0\u00a0\u00a0\u00a0 Multifuncional<\/p>\n<p>Tipo de Impresion\u00a0\u00a0 Inyecci\u00f3n De Tinta<\/p>\n<p>Tipo de Insumo\u00a0\u00a0\u00a0\u00a0\u00a0\u00a0\u00a0 Botellas<\/p>\n<p>Referencia del Insumo que requiere\u00a0\u00a0\u00a0\u00a0\u00a0\u00a0 Botella HP GT53 &#8211; GT52<\/p>\n<p>Sistema de Alimentacion de Papel\u00a0\u00a0\u00a0\u00a0\u00a0\u00a0\u00a0\u00a0 Manual<\/p>\n<p>Tama\u00f1o de Papel\u00a0\u00a0\u00a0 A4<\/p>\n<p>Carta<\/p>\n<p>Ejecutivo<\/p>\n<p>Oficio<\/p>\n<p>Tipos de Papel\u00a0\u00a0\u00a0\u00a0\u00a0\u00a0\u00a0\u00a0 Com\u00fan<\/p>\n<p>Fotogr\u00e1fico<\/p>\n<p>Papel Con Acabado Brillante Y Semibrillante<\/p>\n<p>Papel Con Acabado Mate<\/p>\n<p>Colores de Impresion\u00a0\u00a0\u00a0\u00a0\u00a0\u00a0\u00a0\u00a0 Impresi\u00f3n Blanco Y Negro<\/p>\n<p>Impresi\u00f3n Color<\/p>\n<p>Resolucion de Impresion Blanco y Negro\u00a0\u00a0\u00a0\u00a0\u00a0\u00a0\u00a0\u00a0\u00a0 Hasta 1200 x 1200 ppp de reproduccio\u0301n<\/p>\n<p>Resolucion de Impresion Color\u00a0\u00a0\u00a0 Hasta 4800 x 1200 dpi color optimizados<\/p>\n<p>Velocidad Impresion Blanco\/Negro\u00a0\u00a0\u00a0\u00a0\u00a0\u00a0\u00a0\u00a0 11\u00a0 Pag X Min<\/p>\n<p>Velocidad Impresion Color 5\u00a0 Pag X Min<\/p>\n<p>Capacidad Bandeja Entrada de Papel\u00a0\u00a0\u00a0 100\u00a0 Hojas<\/p>\n<p>Capacidad Bandeja Salida de Papel\u00a0\u00a0\u00a0\u00a0\u00a0 30\u00a0 Hojas<\/p>\n<p>Tipo de Escaner\u00a0\u00a0\u00a0\u00a0\u00a0 Cama Plana<\/p>\n<p>Resolucion Escaner\u00a0\u00a0\u00a0\u00a0\u00a0\u00a0\u00a0\u00a0\u00a0\u00a0 Hasta 1200 x 1200 ppp<\/p>\n<p>Tama\u00f1o del Escaner\u00a0\u00a0\u00a0\u00a0\u00a0\u00a0\u00a0\u00a0\u00a0 A4<\/p>\n<p>Carta<\/p>\n<p>Velocidad Copiado Blanco y Negro\u00a0\u00a0\u00a0\u00a0\u00a0\u00a0\u00a0\u00a0 10\u00a0 Pag X Min<\/p>\n<p>Velocidad Copiado Color\u00a0\u00a0 2\u00a0 Pag X Min<\/p>\n<p>Opciones de Conectividad Bluetooth<\/p>\n<p>WiFi<\/p>\n<p>Dimensiones<\/p>\n<p>Ancho o Frente\u00a0\u00a0\u00a0\u00a0\u00a0\u00a0\u00a0 44.7\u00a0 Cent\u00edmetros<\/p>\n<p>Fondo 37.3\u00a0 Cent\u00edmetros<\/p>\n<p>Alto\u00a0\u00a0\u00a0\u00a0 15.8\u00a0 Cent\u00edmetros<\/p>\n<p>Fuentes de Alimentacion de Energia<\/p>\n<p>Energ\u00eda El\u00e9ctrica<\/p>\n<p>Tonalidad de Color\u00a0 Negro<\/p>\n<p>Uso<\/p>\n<p>Empresarial<\/p>\n<p>Hogar<\/p>\n<p>Caracter\u00edsticas Especiales<\/p>\n<p>Copiadora<\/p>\n<p>Esc\u00e1ner<\/p>\n<p>Elementos o Accesorios Incluidos<\/p>\n<p>Impresora inal\u00e1mbica HP Smart Tank 515, 2 botellas de tinta original HP GT53XL negra, Botella de tinta original HP GT52 cian, Botella de tinta original HP GT52 magenta, Botella de tinta original HP GT52 amarilla, Folleto de advertencia sobre las tintas, Gu\u00eda de instalaci\u00f3n, Gu\u00eda de referencia, Cable de alimentaci\u00f3n<\/p>\n<p>Observaciones Adicionales\u00a0\u00a0\u00a0\u00a0\u00a0\u00a0\u00a0\u00a0\u00a0 No incluye Cable Usb &#8211; Es compatible con Mac<\/p>\n<p>Conexi\u00f3n<\/p>\n<p>Tipos de Puertos Entradas y Salidas<\/p>\n<p>Puerto USB 2.0<\/p>\n<p>&nbsp;<\/p>\n<p>Caracter\u00edsticas destacadas<\/p>\n<p>Conexiones mas veloces y confiables con la banda dual Wi-Fi<\/p>\n<p>Imprime desde tu celular con la aplicaci\u00f3n HP Smart app<\/p>\n<p>Impresi\u00f3n de altos vol\u00famenes, impresi\u00f3n de bajo costo<\/p>\n<p>Tanque de tinta con botellas resellables antiderrame<\/p>\n<p>&nbsp;<\/p>\n<p>Resumen del producto<\/p>\n<p>Con la multifuncional HP Smart tank 515 Plus imprime f\u00e1cilmente grandes vol\u00famenes con un costo por p\u00e1gina muy bajo. Su sistema de tanque de tinta de alta capacidad, te brinda calidad y confianza obteniendo un rendimiento impresionante. ahorra tiempo, imprime, escanea de manera r\u00e1pida y f\u00e1cil desde tu dispositivo m\u00f3vil. !No m\u00e1s cable! comparte e imprime todo lo que quieres gracias a su conexi\u00f3n inal\u00e1mbrica nada te detendr\u00e1.<\/p>\n","protected":false},"excerpt":{"rendered":"<p>Caracter\u00edsticas: Referencia\u00a0\u00a0\u00a0 Smart Tank 515 Tipo de Producto\u00a0\u00a0\u00a0\u00a0 Multifuncional Tipo de Impresion\u00a0\u00a0 Inyecci\u00f3n De Tinta Tipo de Insumo\u00a0\u00a0\u00a0\u00a0\u00a0\u00a0\u00a0 Botellas Referencia del Insumo que requiere\u00a0\u00a0\u00a0\u00a0\u00a0\u00a0 Botella HP GT53 &#8211; GT52 Sistema de Alimentacion de Papel\u00a0\u00a0\u00a0\u00a0\u00a0\u00a0\u00a0\u00a0 Manual Tama\u00f1o de Papel\u00a0\u00a0\u00a0 A4 Carta Ejecutivo Oficio Tipos de Papel\u00a0\u00a0\u00a0\u00a0\u00a0\u00a0\u00a0\u00a0 Com\u00fan Fotogr\u00e1fico Papel Con Acabado Brillante Y Semibrillante Papel Con [&hellip;]<\/p>\n","protected":false},"featured_media":3487,"comment_status":"open","ping_status":"closed","template":"","meta":{"_surecart_dashboard_logo_width":"180px","_surecart_dashboard_show_logo":true,"_surecart_dashboard_navigation_orders":true,"_surecart_dashboard_navigation_invoices":true,"_surecart_dashboard_navigation_subscriptions":true,"_surecart_dashboard_navigation_downloads":true,"_surecart_dashboard_navigation_billing":true,"_surecart_dashboard_navigation_account":true,"site-sidebar-layout":"default","site-content-layout":"","ast-site-content-layout":"default","site-content-style":"default","site-sidebar-style":"default","ast-global-header-display":"","ast-banner-title-visibility":"","ast-main-header-display":"","ast-hfb-above-header-display":"","ast-hfb-below-header-display":"","ast-hfb-mobile-header-display":"","site-post-title":"","ast-breadcrumbs-content":"","ast-featured-img":"","footer-sml-layout":"","ast-disable-related-posts":"","theme-transparent-header-meta":"","adv-header-id-meta":"","stick-header-meta":"","header-above-stick-meta":"","header-main-stick-meta":"","header-below-stick-meta":"","astra-migrate-meta-layouts":"default","ast-page-background-enabled":"default","ast-page-background-meta":{"desktop":{"background-color":"var(--ast-global-color-4)","background-image":"","background-repeat":"repeat","background-position":"center center","background-size":"auto","background-attachment":"scroll","background-type":"","background-media":"","overlay-type":"","overlay-color":"","overlay-opacity":"","overlay-gradient":""},"tablet":{"background-color":"","background-image":"","background-repeat":"repeat","background-position":"center center","background-size":"auto","background-attachment":"scroll","background-type":"","background-media":"","overlay-type":"","overlay-color":"","overlay-opacity":"","overlay-gradient":""},"mobile":{"background-color":"","background-image":"","background-repeat":"repeat","background-position":"center center","background-size":"auto","background-attachment":"scroll","background-type":"","background-media":"","overlay-type":"","overlay-color":"","overlay-opacity":"","overlay-gradient":""}},"ast-content-background-meta":{"desktop":{"background-color":"var(--ast-global-color-5)","background-image":"","background-repeat":"repeat","background-position":"center center","background-size":"auto","background-attachment":"scroll","background-type":"","background-media":"","overlay-type":"","overlay-color":"","overlay-opacity":"","overlay-gradient":""},"tablet":{"background-color":"var(--ast-global-color-5)","background-image":"","background-repeat":"repeat","background-position":"center center","background-size":"auto","background-attachment":"scroll","background-type":"","background-media":"","overlay-type":"","overlay-color":"","overlay-opacity":"","overlay-gradient":""},"mobile":{"background-color":"var(--ast-global-color-5)","background-image":"","background-repeat":"repeat","background-position":"center center","background-size":"auto","background-attachment":"scroll","background-type":"","background-media":"","overlay-type":"","overlay-color":"","overlay-opacity":"","overlay-gradient":""}}},"product_brand":[],"product_cat":[22,32],"product_tag":[],"class_list":{"0":"post-3486","1":"product","2":"type-product","3":"status-publish","4":"has-post-thumbnail","6":"product_cat-computacion","7":"product_cat-impresion","8":"desktop-align-left","9":"tablet-align-left","10":"mobile-align-left","12":"first","13":"instock","14":"sale","15":"taxable","16":"shipping-taxable","17":"purchasable","18":"product-type-simple"},"yoast_head":"<!-- This site is optimized with the Yoast SEO plugin v27.5 - https:\/\/yoast.com\/product\/yoast-seo-wordpress\/ -->\n<title>Impresora Multifuncional HP 515 Smart Tank Negro - Giftronic.04<\/title>\n<meta name=\"robots\" content=\"index, follow, max-snippet:-1, max-image-preview:large, max-video-preview:-1\" \/>\n<link rel=\"canonical\" href=\"https:\/\/giftronic04.com\/index.php\/product\/impresora-multifuncional-hp-515-smart-tank-negro\/\" \/>\n<meta property=\"og:locale\" content=\"es_ES\" \/>\n<meta property=\"og:type\" content=\"article\" \/>\n<meta property=\"og:title\" content=\"Impresora Multifuncional HP 515 Smart Tank Negro - Giftronic.04\" \/>\n<meta property=\"og:description\" content=\"Caracter\u00edsticas: Referencia\u00a0\u00a0\u00a0 Smart Tank 515 Tipo de Producto\u00a0\u00a0\u00a0\u00a0 Multifuncional Tipo de Impresion\u00a0\u00a0 Inyecci\u00f3n De Tinta Tipo de Insumo\u00a0\u00a0\u00a0\u00a0\u00a0\u00a0\u00a0 Botellas Referencia del Insumo que requiere\u00a0\u00a0\u00a0\u00a0\u00a0\u00a0 Botella HP GT53 &#8211; GT52 Sistema de Alimentacion de Papel\u00a0\u00a0\u00a0\u00a0\u00a0\u00a0\u00a0\u00a0 Manual Tama\u00f1o de Papel\u00a0\u00a0\u00a0 A4 Carta Ejecutivo Oficio Tipos de Papel\u00a0\u00a0\u00a0\u00a0\u00a0\u00a0\u00a0\u00a0 Com\u00fan Fotogr\u00e1fico Papel Con Acabado Brillante Y Semibrillante Papel Con [&hellip;]\" \/>\n<meta property=\"og:url\" content=\"https:\/\/giftronic04.com\/index.php\/product\/impresora-multifuncional-hp-515-smart-tank-negro\/\" \/>\n<meta property=\"og:site_name\" content=\"Giftronic.04\" \/>\n<meta property=\"article:modified_time\" content=\"2024-11-09T15:13:01+00:00\" \/>\n<meta property=\"og:image\" content=\"https:\/\/giftronic04.com\/wp-content\/uploads\/2023\/03\/192545948517-001-1400Wx1400H.jpg\" \/>\n\t<meta property=\"og:image:width\" content=\"2000\" \/>\n\t<meta property=\"og:image:height\" content=\"2000\" \/>\n\t<meta property=\"og:image:type\" content=\"image\/jpeg\" \/>\n<meta name=\"twitter:card\" content=\"summary_large_image\" \/>\n<meta name=\"twitter:label1\" content=\"Tiempo de lectura\" \/>\n\t<meta name=\"twitter:data1\" content=\"2 minutos\" \/>\n<script type=\"application\/ld+json\" class=\"yoast-schema-graph\">{\"@context\":\"https:\\\/\\\/schema.org\",\"@graph\":[{\"@type\":\"WebPage\",\"@id\":\"https:\\\/\\\/giftronic04.com\\\/index.php\\\/product\\\/impresora-multifuncional-hp-515-smart-tank-negro\\\/\",\"url\":\"https:\\\/\\\/giftronic04.com\\\/index.php\\\/product\\\/impresora-multifuncional-hp-515-smart-tank-negro\\\/\",\"name\":\"Impresora Multifuncional HP 515 Smart Tank Negro - Giftronic.04\",\"isPartOf\":{\"@id\":\"https:\\\/\\\/giftronic04.com\\\/#website\"},\"primaryImageOfPage\":{\"@id\":\"https:\\\/\\\/giftronic04.com\\\/index.php\\\/product\\\/impresora-multifuncional-hp-515-smart-tank-negro\\\/#primaryimage\"},\"image\":{\"@id\":\"https:\\\/\\\/giftronic04.com\\\/index.php\\\/product\\\/impresora-multifuncional-hp-515-smart-tank-negro\\\/#primaryimage\"},\"thumbnailUrl\":\"https:\\\/\\\/giftronic04.com\\\/wp-content\\\/uploads\\\/2023\\\/03\\\/192545948517-001-1400Wx1400H.jpg\",\"datePublished\":\"2023-03-01T15:05:00+00:00\",\"dateModified\":\"2024-11-09T15:13:01+00:00\",\"breadcrumb\":{\"@id\":\"https:\\\/\\\/giftronic04.com\\\/index.php\\\/product\\\/impresora-multifuncional-hp-515-smart-tank-negro\\\/#breadcrumb\"},\"inLanguage\":\"es\",\"potentialAction\":[{\"@type\":\"ReadAction\",\"target\":[\"https:\\\/\\\/giftronic04.com\\\/index.php\\\/product\\\/impresora-multifuncional-hp-515-smart-tank-negro\\\/\"]}]},{\"@type\":\"ImageObject\",\"inLanguage\":\"es\",\"@id\":\"https:\\\/\\\/giftronic04.com\\\/index.php\\\/product\\\/impresora-multifuncional-hp-515-smart-tank-negro\\\/#primaryimage\",\"url\":\"https:\\\/\\\/giftronic04.com\\\/wp-content\\\/uploads\\\/2023\\\/03\\\/192545948517-001-1400Wx1400H.jpg\",\"contentUrl\":\"https:\\\/\\\/giftronic04.com\\\/wp-content\\\/uploads\\\/2023\\\/03\\\/192545948517-001-1400Wx1400H.jpg\",\"width\":2000,\"height\":2000},{\"@type\":\"BreadcrumbList\",\"@id\":\"https:\\\/\\\/giftronic04.com\\\/index.php\\\/product\\\/impresora-multifuncional-hp-515-smart-tank-negro\\\/#breadcrumb\",\"itemListElement\":[{\"@type\":\"ListItem\",\"position\":1,\"name\":\"Portada\",\"item\":\"https:\\\/\\\/giftronic04.com\\\/\"},{\"@type\":\"ListItem\",\"position\":2,\"name\":\"Tienda\",\"item\":\"https:\\\/\\\/giftronic04.com\\\/index.php\\\/shop\\\/\"},{\"@type\":\"ListItem\",\"position\":3,\"name\":\"Impresora Multifuncional HP 515 Smart Tank Negro\"}]},{\"@type\":\"WebSite\",\"@id\":\"https:\\\/\\\/giftronic04.com\\\/#website\",\"url\":\"https:\\\/\\\/giftronic04.com\\\/\",\"name\":\"Giftronic.04\",\"description\":\"Venta de equipos tecnologicos\",\"publisher\":{\"@id\":\"https:\\\/\\\/giftronic04.com\\\/#organization\"},\"potentialAction\":[{\"@type\":\"SearchAction\",\"target\":{\"@type\":\"EntryPoint\",\"urlTemplate\":\"https:\\\/\\\/giftronic04.com\\\/?s={search_term_string}\"},\"query-input\":{\"@type\":\"PropertyValueSpecification\",\"valueRequired\":true,\"valueName\":\"search_term_string\"}}],\"inLanguage\":\"es\"},{\"@type\":\"Organization\",\"@id\":\"https:\\\/\\\/giftronic04.com\\\/#organization\",\"name\":\"giftronic04\",\"url\":\"https:\\\/\\\/giftronic04.com\\\/\",\"logo\":{\"@type\":\"ImageObject\",\"inLanguage\":\"es\",\"@id\":\"https:\\\/\\\/giftronic04.com\\\/#\\\/schema\\\/logo\\\/image\\\/\",\"url\":\"https:\\\/\\\/giftronic04.com\\\/wp-content\\\/uploads\\\/2021\\\/08\\\/logo.png\",\"contentUrl\":\"https:\\\/\\\/giftronic04.com\\\/wp-content\\\/uploads\\\/2021\\\/08\\\/logo.png\",\"width\":6640,\"height\":2192,\"caption\":\"giftronic04\"},\"image\":{\"@id\":\"https:\\\/\\\/giftronic04.com\\\/#\\\/schema\\\/logo\\\/image\\\/\"},\"sameAs\":[\"https:\\\/\\\/www.instagram.com\\\/giftronic.04\\\/\"]}]}<\/script>\n<!-- \/ Yoast SEO plugin. -->","yoast_head_json":{"title":"Impresora Multifuncional HP 515 Smart Tank Negro - Giftronic.04","robots":{"index":"index","follow":"follow","max-snippet":"max-snippet:-1","max-image-preview":"max-image-preview:large","max-video-preview":"max-video-preview:-1"},"canonical":"https:\/\/giftronic04.com\/index.php\/product\/impresora-multifuncional-hp-515-smart-tank-negro\/","og_locale":"es_ES","og_type":"article","og_title":"Impresora Multifuncional HP 515 Smart Tank Negro - Giftronic.04","og_description":"Caracter\u00edsticas: Referencia\u00a0\u00a0\u00a0 Smart Tank 515 Tipo de Producto\u00a0\u00a0\u00a0\u00a0 Multifuncional Tipo de Impresion\u00a0\u00a0 Inyecci\u00f3n De Tinta Tipo de Insumo\u00a0\u00a0\u00a0\u00a0\u00a0\u00a0\u00a0 Botellas Referencia del Insumo que requiere\u00a0\u00a0\u00a0\u00a0\u00a0\u00a0 Botella HP GT53 &#8211; GT52 Sistema de Alimentacion de Papel\u00a0\u00a0\u00a0\u00a0\u00a0\u00a0\u00a0\u00a0 Manual Tama\u00f1o de Papel\u00a0\u00a0\u00a0 A4 Carta Ejecutivo Oficio Tipos de Papel\u00a0\u00a0\u00a0\u00a0\u00a0\u00a0\u00a0\u00a0 Com\u00fan Fotogr\u00e1fico Papel Con Acabado Brillante Y Semibrillante Papel Con [&hellip;]","og_url":"https:\/\/giftronic04.com\/index.php\/product\/impresora-multifuncional-hp-515-smart-tank-negro\/","og_site_name":"Giftronic.04","article_modified_time":"2024-11-09T15:13:01+00:00","og_image":[{"width":2000,"height":2000,"url":"https:\/\/giftronic04.com\/wp-content\/uploads\/2023\/03\/192545948517-001-1400Wx1400H.jpg","type":"image\/jpeg"}],"twitter_card":"summary_large_image","twitter_misc":{"Tiempo de lectura":"2 minutos"},"schema":{"@context":"https:\/\/schema.org","@graph":[{"@type":"WebPage","@id":"https:\/\/giftronic04.com\/index.php\/product\/impresora-multifuncional-hp-515-smart-tank-negro\/","url":"https:\/\/giftronic04.com\/index.php\/product\/impresora-multifuncional-hp-515-smart-tank-negro\/","name":"Impresora Multifuncional HP 515 Smart Tank Negro - Giftronic.04","isPartOf":{"@id":"https:\/\/giftronic04.com\/#website"},"primaryImageOfPage":{"@id":"https:\/\/giftronic04.com\/index.php\/product\/impresora-multifuncional-hp-515-smart-tank-negro\/#primaryimage"},"image":{"@id":"https:\/\/giftronic04.com\/index.php\/product\/impresora-multifuncional-hp-515-smart-tank-negro\/#primaryimage"},"thumbnailUrl":"https:\/\/giftronic04.com\/wp-content\/uploads\/2023\/03\/192545948517-001-1400Wx1400H.jpg","datePublished":"2023-03-01T15:05:00+00:00","dateModified":"2024-11-09T15:13:01+00:00","breadcrumb":{"@id":"https:\/\/giftronic04.com\/index.php\/product\/impresora-multifuncional-hp-515-smart-tank-negro\/#breadcrumb"},"inLanguage":"es","potentialAction":[{"@type":"ReadAction","target":["https:\/\/giftronic04.com\/index.php\/product\/impresora-multifuncional-hp-515-smart-tank-negro\/"]}]},{"@type":"ImageObject","inLanguage":"es","@id":"https:\/\/giftronic04.com\/index.php\/product\/impresora-multifuncional-hp-515-smart-tank-negro\/#primaryimage","url":"https:\/\/giftronic04.com\/wp-content\/uploads\/2023\/03\/192545948517-001-1400Wx1400H.jpg","contentUrl":"https:\/\/giftronic04.com\/wp-content\/uploads\/2023\/03\/192545948517-001-1400Wx1400H.jpg","width":2000,"height":2000},{"@type":"BreadcrumbList","@id":"https:\/\/giftronic04.com\/index.php\/product\/impresora-multifuncional-hp-515-smart-tank-negro\/#breadcrumb","itemListElement":[{"@type":"ListItem","position":1,"name":"Portada","item":"https:\/\/giftronic04.com\/"},{"@type":"ListItem","position":2,"name":"Tienda","item":"https:\/\/giftronic04.com\/index.php\/shop\/"},{"@type":"ListItem","position":3,"name":"Impresora Multifuncional HP 515 Smart Tank Negro"}]},{"@type":"WebSite","@id":"https:\/\/giftronic04.com\/#website","url":"https:\/\/giftronic04.com\/","name":"Giftronic.04","description":"Venta de equipos tecnologicos","publisher":{"@id":"https:\/\/giftronic04.com\/#organization"},"potentialAction":[{"@type":"SearchAction","target":{"@type":"EntryPoint","urlTemplate":"https:\/\/giftronic04.com\/?s={search_term_string}"},"query-input":{"@type":"PropertyValueSpecification","valueRequired":true,"valueName":"search_term_string"}}],"inLanguage":"es"},{"@type":"Organization","@id":"https:\/\/giftronic04.com\/#organization","name":"giftronic04","url":"https:\/\/giftronic04.com\/","logo":{"@type":"ImageObject","inLanguage":"es","@id":"https:\/\/giftronic04.com\/#\/schema\/logo\/image\/","url":"https:\/\/giftronic04.com\/wp-content\/uploads\/2021\/08\/logo.png","contentUrl":"https:\/\/giftronic04.com\/wp-content\/uploads\/2021\/08\/logo.png","width":6640,"height":2192,"caption":"giftronic04"},"image":{"@id":"https:\/\/giftronic04.com\/#\/schema\/logo\/image\/"},"sameAs":["https:\/\/www.instagram.com\/giftronic.04\/"]}]}},"jetpack_sharing_enabled":true,"_links":{"self":[{"href":"https:\/\/giftronic04.com\/index.php\/wp-json\/wp\/v2\/product\/3486","targetHints":{"allow":["GET"]}}],"collection":[{"href":"https:\/\/giftronic04.com\/index.php\/wp-json\/wp\/v2\/product"}],"about":[{"href":"https:\/\/giftronic04.com\/index.php\/wp-json\/wp\/v2\/types\/product"}],"replies":[{"embeddable":true,"href":"https:\/\/giftronic04.com\/index.php\/wp-json\/wp\/v2\/comments?post=3486"}],"wp:featuredmedia":[{"embeddable":true,"href":"https:\/\/giftronic04.com\/index.php\/wp-json\/wp\/v2\/media\/3487"}],"wp:attachment":[{"href":"https:\/\/giftronic04.com\/index.php\/wp-json\/wp\/v2\/media?parent=3486"}],"wp:term":[{"taxonomy":"product_brand","embeddable":true,"href":"https:\/\/giftronic04.com\/index.php\/wp-json\/wp\/v2\/product_brand?post=3486"},{"taxonomy":"product_cat","embeddable":true,"href":"https:\/\/giftronic04.com\/index.php\/wp-json\/wp\/v2\/product_cat?post=3486"},{"taxonomy":"product_tag","embeddable":true,"href":"https:\/\/giftronic04.com\/index.php\/wp-json\/wp\/v2\/product_tag?post=3486"}],"curies":[{"name":"wp","href":"https:\/\/api.w.org\/{rel}","templated":true}]}}