{"id":5241,"date":"2023-11-08T10:03:11","date_gmt":"2023-11-08T15:03:11","guid":{"rendered":"https:\/\/giftronic04.com\/?post_type=product&#038;p=5241"},"modified":"2024-03-17T11:11:17","modified_gmt":"2024-03-17T16:11:17","slug":"ups-cdp-interactiva-r-upr-508-500va-250w-8-tomas","status":"publish","type":"product","link":"https:\/\/giftronic04.com\/index.php\/product\/ups-cdp-interactiva-r-upr-508-500va-250w-8-tomas\/","title":{"rendered":"UPS CDP Interactiva R-UPR 508 500VA \/ 250W 8 Tomas"},"content":{"rendered":"<p>ESPECIFICACIONES<\/p>\n<p>Marca CDP<\/p>\n<p>N\/P R-UPR 508<\/p>\n<p>Tipo Interactiva<\/p>\n<p>Color Blanco Gris<\/p>\n<p>Capacidad 500VA \/ 250W<\/p>\n<p>Funci\u00f3n de inicio DC si<\/p>\n<p>ENTRADA DE LA UPS CDP R-UPR 508<\/p>\n<p>Voltaje 120Vca<\/p>\n<p>Frecuencia 50\/60 Hz (Ajuste Autom\u00e1tico)<\/p>\n<p>Rango de Voltaje 80\u2022145Vca<\/p>\n<p>Corriente M\u00e1x. Entrada (Bypass) 672W (5.6A m\u00e1x.)<\/p>\n<p>Cable de Alimentaci\u00f3n NEMA 5-15P<\/p>\n<p>SALIDA<\/p>\n<p>Voltaje 120Vca +\/- 10%<\/p>\n<p>Frecuencia 50Hz o 60Hz +\/- 1Hz<\/p>\n<p>Voltaje en modo respaldo (Bater\u00eda Normal) 120VCA +\/-10%<\/p>\n<p>Corriente M\u00e1x. Salida (Bypass) 250W (5.6A m\u00e1x.)<\/p>\n<p>Forma de onda simulaci\u00f3n de Onda Senoidal<\/p>\n<p>Tiempo de transferencia 2-4 ms (T\u00edpico)<\/p>\n<p>Tipo de Salidas Nema 5-15R 4 Reguladas con Respaldo + 4 con Supresi\u00f3n de Picos<\/p>\n<p>BATER\u00cdA DE LA UPS CDP R-UPR 508<\/p>\n<p>Voltaje 120VDC<\/p>\n<p>Tipo 12V\/4.5AH*1PZA Libre de Mantenimiento<\/p>\n<p>Rango de Tiempo 4 Hrs a 90% Despu\u00e9s de descarga completa<\/p>\n<p>Protecci\u00f3n de Seguridad Sobrecarga y protecci\u00f3n contra descarga<\/p>\n<p>Administraci\u00f3n Avanzada de Bater\u00eda Si<\/p>\n<p>Tiempo de Respaldo (Carga 1 PC) 10 Minutos<\/p>\n<p>ALARMA(Sonidos)<\/p>\n<p>Modo Bater\u00eda 2 Tonos Cortos cada 8 segundos<\/p>\n<p>Bater\u00eda Baja 4 Tonos Cortos cada segundo<\/p>\n<p>Sobrecarga Zumbido Continuo<\/p>\n<p>Critico Beep Continuo<\/p>\n<p>PROTECCI\u00d3N DE LA UPS CDP R-UPR 508<\/p>\n<p>Contra Corto Circuito Breaker Termo-magn\u00e9tico y circuitos electr\u00f3nicos (modo de l\u00ednea)<\/p>\n<p>Protecci\u00f3n de seguridad Sobrecarga y contra descarga<\/p>\n<p>Rango de voltaje 80-145 Vac (descarga sin bater\u00eda)<\/p>\n<p>Protecci\u00f3n de Seguridad Sobrecarga y protecci\u00f3n contra descarga<\/p>\n<p>Protecci\u00f3n descarga Rel\u00e1mpago 300 Joules<\/p>\n<p>TIEMPOS<\/p>\n<p>Recarga de 4 hrs. hasta 90% despu\u00e9s de la descarga completa<\/p>\n<p>Tiempo de respaldo (1 PC)10 minutos<\/p>\n<p>Tiempo de transferencia 2-4 ms (t\u00edpico)<\/p>\n<p>SALIDAS(Tomas)<\/p>\n<p>4 piezas AVR de respaldo<\/p>\n<p>4 piezas protegidas contra sobre-tensiones<\/p>\n<p>Voltaje 120Vac<\/p>\n<p>DIMENSIONES<\/p>\n<p>300 x 95 x 140mm<\/p>\n<p>La UPS CDP R-UPR 508 500VA interactiva est\u00e1 dise\u00f1ada con funcionamiento y confiabilidad incomparables para la protecci\u00f3n de tus consolas de videojuegos y estaciones de trabajo avanzadas. Cuando la condici\u00f3n de flujo electr\u00f3nico es normal, La\u00a0 UPS CDP 500VA le protege contra la sobre tensi\u00f3n mientras utiliza la energ\u00eda para cargar la bater\u00eda interna. Cuenta con controles potentes basados en microprocesadores para una mayor confiabilidad con regulaci\u00f3n autom\u00e1tica de la tensi\u00f3n.<\/p>\n<p>Ideal para la protecci\u00f3n completa de equipos de c\u00f3mputo, routers, m\u00f3dems, puntos de venta, consolas de videojuegos y teatros en casa.<\/p>\n<p>La Serie R-UPR, est\u00e1 dise\u00f1ado con funcionamiento y confiabilidad incomparables para la protecci\u00f3n de tus consolas de videojuegos y estaciones de trabajo avanzadas. Cuando la condici\u00f3n de flujo electr\u00f3nico es normal, el UPS le protege contra la sobre tensi\u00f3n mientras utiliza la energ\u00eda para cargar la bater\u00eda interna. Cuenta con controles potentes basados en microprocesadores para una mayor confiabilidad con regulaci\u00f3n autom\u00e1tica de la tensi\u00f3n.<\/p>\n","protected":false},"excerpt":{"rendered":"<p>ESPECIFICACIONES Marca CDP N\/P R-UPR 508 Tipo Interactiva Color Blanco Gris Capacidad 500VA \/ 250W Funci\u00f3n de inicio DC si ENTRADA DE LA UPS CDP R-UPR 508 Voltaje 120Vca Frecuencia 50\/60 Hz (Ajuste Autom\u00e1tico) Rango de Voltaje 80\u2022145Vca Corriente M\u00e1x. Entrada (Bypass) 672W (5.6A m\u00e1x.) Cable de Alimentaci\u00f3n NEMA 5-15P SALIDA Voltaje 120Vca +\/- 10% [&hellip;]<\/p>\n","protected":false},"featured_media":5242,"comment_status":"open","ping_status":"closed","template":"","meta":{"_surecart_dashboard_logo_width":"180px","_surecart_dashboard_show_logo":true,"_surecart_dashboard_navigation_orders":true,"_surecart_dashboard_navigation_invoices":true,"_surecart_dashboard_navigation_subscriptions":true,"_surecart_dashboard_navigation_downloads":true,"_surecart_dashboard_navigation_billing":true,"_surecart_dashboard_navigation_account":true,"site-sidebar-layout":"default","site-content-layout":"","ast-site-content-layout":"default","site-content-style":"default","site-sidebar-style":"default","ast-global-header-display":"","ast-banner-title-visibility":"","ast-main-header-display":"","ast-hfb-above-header-display":"","ast-hfb-below-header-display":"","ast-hfb-mobile-header-display":"","site-post-title":"","ast-breadcrumbs-content":"","ast-featured-img":"","footer-sml-layout":"","ast-disable-related-posts":"","theme-transparent-header-meta":"","adv-header-id-meta":"","stick-header-meta":"","header-above-stick-meta":"","header-main-stick-meta":"","header-below-stick-meta":"","astra-migrate-meta-layouts":"default","ast-page-background-enabled":"default","ast-page-background-meta":{"desktop":{"background-color":"var(--ast-global-color-4)","background-image":"","background-repeat":"repeat","background-position":"center center","background-size":"auto","background-attachment":"scroll","background-type":"","background-media":"","overlay-type":"","overlay-color":"","overlay-opacity":"","overlay-gradient":""},"tablet":{"background-color":"","background-image":"","background-repeat":"repeat","background-position":"center center","background-size":"auto","background-attachment":"scroll","background-type":"","background-media":"","overlay-type":"","overlay-color":"","overlay-opacity":"","overlay-gradient":""},"mobile":{"background-color":"","background-image":"","background-repeat":"repeat","background-position":"center center","background-size":"auto","background-attachment":"scroll","background-type":"","background-media":"","overlay-type":"","overlay-color":"","overlay-opacity":"","overlay-gradient":""}},"ast-content-background-meta":{"desktop":{"background-color":"var(--ast-global-color-5)","background-image":"","background-repeat":"repeat","background-position":"center center","background-size":"auto","background-attachment":"scroll","background-type":"","background-media":"","overlay-type":"","overlay-color":"","overlay-opacity":"","overlay-gradient":""},"tablet":{"background-color":"var(--ast-global-color-5)","background-image":"","background-repeat":"repeat","background-position":"center center","background-size":"auto","background-attachment":"scroll","background-type":"","background-media":"","overlay-type":"","overlay-color":"","overlay-opacity":"","overlay-gradient":""},"mobile":{"background-color":"var(--ast-global-color-5)","background-image":"","background-repeat":"repeat","background-position":"center center","background-size":"auto","background-attachment":"scroll","background-type":"","background-media":"","overlay-type":"","overlay-color":"","overlay-opacity":"","overlay-gradient":""}}},"product_brand":[],"product_cat":[89],"product_tag":[],"class_list":{"0":"post-5241","1":"product","2":"type-product","3":"status-publish","4":"has-post-thumbnail","6":"product_cat-regulador-de-corriente","7":"desktop-align-left","8":"tablet-align-left","9":"mobile-align-left","11":"first","12":"instock","13":"sale","14":"taxable","15":"shipping-taxable","16":"purchasable","17":"product-type-simple"},"yoast_head":"<!-- This site is optimized with the Yoast SEO plugin v27.5 - https:\/\/yoast.com\/product\/yoast-seo-wordpress\/ -->\n<title>UPS CDP Interactiva R-UPR 508 500VA \/ 250W 8 Tomas - Giftronic.04<\/title>\n<meta name=\"robots\" content=\"index, follow, max-snippet:-1, max-image-preview:large, max-video-preview:-1\" \/>\n<link rel=\"canonical\" href=\"https:\/\/giftronic04.com\/index.php\/product\/ups-cdp-interactiva-r-upr-508-500va-250w-8-tomas\/\" \/>\n<meta property=\"og:locale\" content=\"es_ES\" \/>\n<meta property=\"og:type\" content=\"article\" \/>\n<meta property=\"og:title\" content=\"UPS CDP Interactiva R-UPR 508 500VA \/ 250W 8 Tomas - Giftronic.04\" \/>\n<meta property=\"og:description\" content=\"ESPECIFICACIONES Marca CDP N\/P R-UPR 508 Tipo Interactiva Color Blanco Gris Capacidad 500VA \/ 250W Funci\u00f3n de inicio DC si ENTRADA DE LA UPS CDP R-UPR 508 Voltaje 120Vca Frecuencia 50\/60 Hz (Ajuste Autom\u00e1tico) Rango de Voltaje 80\u2022145Vca Corriente M\u00e1x. Entrada (Bypass) 672W (5.6A m\u00e1x.) Cable de Alimentaci\u00f3n NEMA 5-15P SALIDA Voltaje 120Vca +\/- 10% [&hellip;]\" \/>\n<meta property=\"og:url\" content=\"https:\/\/giftronic04.com\/index.php\/product\/ups-cdp-interactiva-r-upr-508-500va-250w-8-tomas\/\" \/>\n<meta property=\"og:site_name\" content=\"Giftronic.04\" \/>\n<meta property=\"article:modified_time\" content=\"2024-03-17T16:11:17+00:00\" \/>\n<meta property=\"og:image\" content=\"https:\/\/giftronic04.com\/wp-content\/uploads\/2023\/11\/UPS-CDP-INTERACTIVA-R-UPR-508-500VA-600x600-1.jpg\" \/>\n\t<meta property=\"og:image:width\" content=\"2000\" \/>\n\t<meta property=\"og:image:height\" content=\"2000\" \/>\n\t<meta property=\"og:image:type\" content=\"image\/jpeg\" \/>\n<meta name=\"twitter:card\" content=\"summary_large_image\" \/>\n<meta name=\"twitter:label1\" content=\"Tiempo de lectura\" \/>\n\t<meta name=\"twitter:data1\" content=\"2 minutos\" \/>\n<script type=\"application\/ld+json\" class=\"yoast-schema-graph\">{\"@context\":\"https:\\\/\\\/schema.org\",\"@graph\":[{\"@type\":\"WebPage\",\"@id\":\"https:\\\/\\\/giftronic04.com\\\/index.php\\\/product\\\/ups-cdp-interactiva-r-upr-508-500va-250w-8-tomas\\\/\",\"url\":\"https:\\\/\\\/giftronic04.com\\\/index.php\\\/product\\\/ups-cdp-interactiva-r-upr-508-500va-250w-8-tomas\\\/\",\"name\":\"UPS CDP Interactiva R-UPR 508 500VA \\\/ 250W 8 Tomas - Giftronic.04\",\"isPartOf\":{\"@id\":\"https:\\\/\\\/giftronic04.com\\\/#website\"},\"primaryImageOfPage\":{\"@id\":\"https:\\\/\\\/giftronic04.com\\\/index.php\\\/product\\\/ups-cdp-interactiva-r-upr-508-500va-250w-8-tomas\\\/#primaryimage\"},\"image\":{\"@id\":\"https:\\\/\\\/giftronic04.com\\\/index.php\\\/product\\\/ups-cdp-interactiva-r-upr-508-500va-250w-8-tomas\\\/#primaryimage\"},\"thumbnailUrl\":\"https:\\\/\\\/giftronic04.com\\\/wp-content\\\/uploads\\\/2023\\\/11\\\/UPS-CDP-INTERACTIVA-R-UPR-508-500VA-600x600-1.jpg\",\"datePublished\":\"2023-11-08T15:03:11+00:00\",\"dateModified\":\"2024-03-17T16:11:17+00:00\",\"breadcrumb\":{\"@id\":\"https:\\\/\\\/giftronic04.com\\\/index.php\\\/product\\\/ups-cdp-interactiva-r-upr-508-500va-250w-8-tomas\\\/#breadcrumb\"},\"inLanguage\":\"es\",\"potentialAction\":[{\"@type\":\"ReadAction\",\"target\":[\"https:\\\/\\\/giftronic04.com\\\/index.php\\\/product\\\/ups-cdp-interactiva-r-upr-508-500va-250w-8-tomas\\\/\"]}]},{\"@type\":\"ImageObject\",\"inLanguage\":\"es\",\"@id\":\"https:\\\/\\\/giftronic04.com\\\/index.php\\\/product\\\/ups-cdp-interactiva-r-upr-508-500va-250w-8-tomas\\\/#primaryimage\",\"url\":\"https:\\\/\\\/giftronic04.com\\\/wp-content\\\/uploads\\\/2023\\\/11\\\/UPS-CDP-INTERACTIVA-R-UPR-508-500VA-600x600-1.jpg\",\"contentUrl\":\"https:\\\/\\\/giftronic04.com\\\/wp-content\\\/uploads\\\/2023\\\/11\\\/UPS-CDP-INTERACTIVA-R-UPR-508-500VA-600x600-1.jpg\",\"width\":2000,\"height\":2000},{\"@type\":\"BreadcrumbList\",\"@id\":\"https:\\\/\\\/giftronic04.com\\\/index.php\\\/product\\\/ups-cdp-interactiva-r-upr-508-500va-250w-8-tomas\\\/#breadcrumb\",\"itemListElement\":[{\"@type\":\"ListItem\",\"position\":1,\"name\":\"Portada\",\"item\":\"https:\\\/\\\/giftronic04.com\\\/\"},{\"@type\":\"ListItem\",\"position\":2,\"name\":\"Tienda\",\"item\":\"https:\\\/\\\/giftronic04.com\\\/index.php\\\/shop\\\/\"},{\"@type\":\"ListItem\",\"position\":3,\"name\":\"UPS CDP Interactiva R-UPR 508 500VA \\\/ 250W 8 Tomas\"}]},{\"@type\":\"WebSite\",\"@id\":\"https:\\\/\\\/giftronic04.com\\\/#website\",\"url\":\"https:\\\/\\\/giftronic04.com\\\/\",\"name\":\"Giftronic.04\",\"description\":\"Venta de equipos tecnologicos\",\"publisher\":{\"@id\":\"https:\\\/\\\/giftronic04.com\\\/#organization\"},\"potentialAction\":[{\"@type\":\"SearchAction\",\"target\":{\"@type\":\"EntryPoint\",\"urlTemplate\":\"https:\\\/\\\/giftronic04.com\\\/?s={search_term_string}\"},\"query-input\":{\"@type\":\"PropertyValueSpecification\",\"valueRequired\":true,\"valueName\":\"search_term_string\"}}],\"inLanguage\":\"es\"},{\"@type\":\"Organization\",\"@id\":\"https:\\\/\\\/giftronic04.com\\\/#organization\",\"name\":\"giftronic04\",\"url\":\"https:\\\/\\\/giftronic04.com\\\/\",\"logo\":{\"@type\":\"ImageObject\",\"inLanguage\":\"es\",\"@id\":\"https:\\\/\\\/giftronic04.com\\\/#\\\/schema\\\/logo\\\/image\\\/\",\"url\":\"https:\\\/\\\/giftronic04.com\\\/wp-content\\\/uploads\\\/2021\\\/08\\\/logo.png\",\"contentUrl\":\"https:\\\/\\\/giftronic04.com\\\/wp-content\\\/uploads\\\/2021\\\/08\\\/logo.png\",\"width\":6640,\"height\":2192,\"caption\":\"giftronic04\"},\"image\":{\"@id\":\"https:\\\/\\\/giftronic04.com\\\/#\\\/schema\\\/logo\\\/image\\\/\"},\"sameAs\":[\"https:\\\/\\\/www.instagram.com\\\/giftronic.04\\\/\"]}]}<\/script>\n<!-- \/ Yoast SEO plugin. -->","yoast_head_json":{"title":"UPS CDP Interactiva R-UPR 508 500VA \/ 250W 8 Tomas - Giftronic.04","robots":{"index":"index","follow":"follow","max-snippet":"max-snippet:-1","max-image-preview":"max-image-preview:large","max-video-preview":"max-video-preview:-1"},"canonical":"https:\/\/giftronic04.com\/index.php\/product\/ups-cdp-interactiva-r-upr-508-500va-250w-8-tomas\/","og_locale":"es_ES","og_type":"article","og_title":"UPS CDP Interactiva R-UPR 508 500VA \/ 250W 8 Tomas - Giftronic.04","og_description":"ESPECIFICACIONES Marca CDP N\/P R-UPR 508 Tipo Interactiva Color Blanco Gris Capacidad 500VA \/ 250W Funci\u00f3n de inicio DC si ENTRADA DE LA UPS CDP R-UPR 508 Voltaje 120Vca Frecuencia 50\/60 Hz (Ajuste Autom\u00e1tico) Rango de Voltaje 80\u2022145Vca Corriente M\u00e1x. Entrada (Bypass) 672W (5.6A m\u00e1x.) Cable de Alimentaci\u00f3n NEMA 5-15P SALIDA Voltaje 120Vca +\/- 10% [&hellip;]","og_url":"https:\/\/giftronic04.com\/index.php\/product\/ups-cdp-interactiva-r-upr-508-500va-250w-8-tomas\/","og_site_name":"Giftronic.04","article_modified_time":"2024-03-17T16:11:17+00:00","og_image":[{"width":2000,"height":2000,"url":"https:\/\/giftronic04.com\/wp-content\/uploads\/2023\/11\/UPS-CDP-INTERACTIVA-R-UPR-508-500VA-600x600-1.jpg","type":"image\/jpeg"}],"twitter_card":"summary_large_image","twitter_misc":{"Tiempo de lectura":"2 minutos"},"schema":{"@context":"https:\/\/schema.org","@graph":[{"@type":"WebPage","@id":"https:\/\/giftronic04.com\/index.php\/product\/ups-cdp-interactiva-r-upr-508-500va-250w-8-tomas\/","url":"https:\/\/giftronic04.com\/index.php\/product\/ups-cdp-interactiva-r-upr-508-500va-250w-8-tomas\/","name":"UPS CDP Interactiva R-UPR 508 500VA \/ 250W 8 Tomas - Giftronic.04","isPartOf":{"@id":"https:\/\/giftronic04.com\/#website"},"primaryImageOfPage":{"@id":"https:\/\/giftronic04.com\/index.php\/product\/ups-cdp-interactiva-r-upr-508-500va-250w-8-tomas\/#primaryimage"},"image":{"@id":"https:\/\/giftronic04.com\/index.php\/product\/ups-cdp-interactiva-r-upr-508-500va-250w-8-tomas\/#primaryimage"},"thumbnailUrl":"https:\/\/giftronic04.com\/wp-content\/uploads\/2023\/11\/UPS-CDP-INTERACTIVA-R-UPR-508-500VA-600x600-1.jpg","datePublished":"2023-11-08T15:03:11+00:00","dateModified":"2024-03-17T16:11:17+00:00","breadcrumb":{"@id":"https:\/\/giftronic04.com\/index.php\/product\/ups-cdp-interactiva-r-upr-508-500va-250w-8-tomas\/#breadcrumb"},"inLanguage":"es","potentialAction":[{"@type":"ReadAction","target":["https:\/\/giftronic04.com\/index.php\/product\/ups-cdp-interactiva-r-upr-508-500va-250w-8-tomas\/"]}]},{"@type":"ImageObject","inLanguage":"es","@id":"https:\/\/giftronic04.com\/index.php\/product\/ups-cdp-interactiva-r-upr-508-500va-250w-8-tomas\/#primaryimage","url":"https:\/\/giftronic04.com\/wp-content\/uploads\/2023\/11\/UPS-CDP-INTERACTIVA-R-UPR-508-500VA-600x600-1.jpg","contentUrl":"https:\/\/giftronic04.com\/wp-content\/uploads\/2023\/11\/UPS-CDP-INTERACTIVA-R-UPR-508-500VA-600x600-1.jpg","width":2000,"height":2000},{"@type":"BreadcrumbList","@id":"https:\/\/giftronic04.com\/index.php\/product\/ups-cdp-interactiva-r-upr-508-500va-250w-8-tomas\/#breadcrumb","itemListElement":[{"@type":"ListItem","position":1,"name":"Portada","item":"https:\/\/giftronic04.com\/"},{"@type":"ListItem","position":2,"name":"Tienda","item":"https:\/\/giftronic04.com\/index.php\/shop\/"},{"@type":"ListItem","position":3,"name":"UPS CDP Interactiva R-UPR 508 500VA \/ 250W 8 Tomas"}]},{"@type":"WebSite","@id":"https:\/\/giftronic04.com\/#website","url":"https:\/\/giftronic04.com\/","name":"Giftronic.04","description":"Venta de equipos tecnologicos","publisher":{"@id":"https:\/\/giftronic04.com\/#organization"},"potentialAction":[{"@type":"SearchAction","target":{"@type":"EntryPoint","urlTemplate":"https:\/\/giftronic04.com\/?s={search_term_string}"},"query-input":{"@type":"PropertyValueSpecification","valueRequired":true,"valueName":"search_term_string"}}],"inLanguage":"es"},{"@type":"Organization","@id":"https:\/\/giftronic04.com\/#organization","name":"giftronic04","url":"https:\/\/giftronic04.com\/","logo":{"@type":"ImageObject","inLanguage":"es","@id":"https:\/\/giftronic04.com\/#\/schema\/logo\/image\/","url":"https:\/\/giftronic04.com\/wp-content\/uploads\/2021\/08\/logo.png","contentUrl":"https:\/\/giftronic04.com\/wp-content\/uploads\/2021\/08\/logo.png","width":6640,"height":2192,"caption":"giftronic04"},"image":{"@id":"https:\/\/giftronic04.com\/#\/schema\/logo\/image\/"},"sameAs":["https:\/\/www.instagram.com\/giftronic.04\/"]}]}},"jetpack_sharing_enabled":true,"_links":{"self":[{"href":"https:\/\/giftronic04.com\/index.php\/wp-json\/wp\/v2\/product\/5241","targetHints":{"allow":["GET"]}}],"collection":[{"href":"https:\/\/giftronic04.com\/index.php\/wp-json\/wp\/v2\/product"}],"about":[{"href":"https:\/\/giftronic04.com\/index.php\/wp-json\/wp\/v2\/types\/product"}],"replies":[{"embeddable":true,"href":"https:\/\/giftronic04.com\/index.php\/wp-json\/wp\/v2\/comments?post=5241"}],"wp:featuredmedia":[{"embeddable":true,"href":"https:\/\/giftronic04.com\/index.php\/wp-json\/wp\/v2\/media\/5242"}],"wp:attachment":[{"href":"https:\/\/giftronic04.com\/index.php\/wp-json\/wp\/v2\/media?parent=5241"}],"wp:term":[{"taxonomy":"product_brand","embeddable":true,"href":"https:\/\/giftronic04.com\/index.php\/wp-json\/wp\/v2\/product_brand?post=5241"},{"taxonomy":"product_cat","embeddable":true,"href":"https:\/\/giftronic04.com\/index.php\/wp-json\/wp\/v2\/product_cat?post=5241"},{"taxonomy":"product_tag","embeddable":true,"href":"https:\/\/giftronic04.com\/index.php\/wp-json\/wp\/v2\/product_tag?post=5241"}],"curies":[{"name":"wp","href":"https:\/\/api.w.org\/{rel}","templated":true}]}}