{"id":6298,"date":"2024-04-11T11:40:52","date_gmt":"2024-04-11T16:40:52","guid":{"rendered":"https:\/\/giftronic04.com\/?post_type=product&#038;p=6298"},"modified":"2025-12-04T12:44:11","modified_gmt":"2025-12-04T17:44:11","slug":"memoria-ram-adata-16gb-ddr5-4800hz","status":"publish","type":"product","link":"https:\/\/giftronic04.com\/index.php\/product\/memoria-ram-adata-16gb-ddr5-4800hz\/","title":{"rendered":"Memoria RAM ADATA 16GB DDR5 4800Hz"},"content":{"rendered":"<p>Caracter\u00edsticas<\/p>\n<p>Marca: ADATA<\/p>\n<p>Referencia: AD5S480016G-S<\/p>\n<p>Memoria interna:\u00a0\u00a0\u00a0\u00a0\u00a0 16GB<\/p>\n<p>Dise\u00f1o de memoria (m\u00f3dulos x tama\u00f1o) 1 x 16 GB<\/p>\n<p>Tipo de memoria interna:\u00a0\u00a0 DDR5<\/p>\n<p>Velocidad de memoria del reloj\u00a0\u00a0\u00a0 4800 MHz<\/p>\n<p>Componente para\u00a0\u00a0\u00a0 Laptops \u2013 All In One<\/p>\n<p>Forma de factor de memoria\u00a0\u00a0\u00a0\u00a0\u00a0\u00a0\u00a0\u00a0 SODIMM<\/p>\n<p>ECC\u00a0\u00a0 Si<\/p>\n<p>On-Die ECC Si<\/p>\n<p>Voltaje de memoria 1.1 V<\/p>\n<p>El DDR5-4800 SODIMM ofrece frecuencias deslumbrantes de hasta 4800 MT\/s, un gran salto desde la m\u00e1xima frecuencia de los m\u00f3dulos DDR4 (3200 MT\/s).\u00a0Este m\u00f3dulo de memoria de pr\u00f3xima generaci\u00f3n funciona con solo 1,1 V, lo que lo hace un 8% m\u00e1s energ\u00e9ticamente eficiente que DDR4. Adem\u00e1s, cuenta con un IC de administraci\u00f3n de energ\u00eda (PMIC) integrado para mejorar la estabilidad de la fuente de alimentaci\u00f3n.<\/p>\n<p>Los m\u00f3dulos DDR5 U-DIMM tienen las mismas dimensiones y n\u00famero de clavijas que los m\u00f3dulos DDR4. La diferencia m\u00e1s obvia es la posici\u00f3n de la muesca a toda prueba. Adem\u00e1s, DDR5 integra resistores de E\/S con resistores CMD\/ADD. Adem\u00e1s, la apariencia de los m\u00f3dulos DDR5 es m\u00e1s limpia que la de DDR4. Adem\u00e1s, puede ver un PMIC en el centro.<\/p>\n<p>Los m\u00f3dulos DDR5 proporcionan dos veces m\u00e1s capacidad que DDR4 al empaquetarse en m\u00e1s bancos y grupos de bancos. Adem\u00e1s, la longitud de r\u00e1faga y la precaptura tambi\u00e9n se duplican. Y para garantizar la integridad de los datos, cuentan con tecnolog\u00eda de c\u00f3digo de correcci\u00f3n de errores (ECC).<\/p>\n<p>El mayor cambio es que el ancho de banda y la frecuencia son significativamente m\u00e1s altos. Los m\u00f3dulos de memoria ADATA DDR5 ofrecen frecuencias de hasta 4800 MT\/s y cuentan con un ancho de banda de 38,4 GB\/s, que es un 50 % m\u00e1s alto que el DDR4-3200. La frecuencia m\u00e1xima se incrementa 1,63 veces en comparaci\u00f3n con DDR4.<\/p>\n<p>Recomendaciones: Antes de adquirir este producto por favor verificar la compatibilidad con su equipo.<\/p>\n","protected":false},"excerpt":{"rendered":"<p>Caracter\u00edsticas Marca: ADATA Referencia: AD5S480016G-S Memoria interna:\u00a0\u00a0\u00a0\u00a0\u00a0 16GB Dise\u00f1o de memoria (m\u00f3dulos x tama\u00f1o) 1 x 16 GB Tipo de memoria interna:\u00a0\u00a0 DDR5 Velocidad de memoria del reloj\u00a0\u00a0\u00a0 4800 MHz Componente para\u00a0\u00a0\u00a0 Laptops \u2013 All In One Forma de factor de memoria\u00a0\u00a0\u00a0\u00a0\u00a0\u00a0\u00a0\u00a0 SODIMM ECC\u00a0\u00a0 Si On-Die ECC Si Voltaje de memoria 1.1 V El DDR5-4800 [&hellip;]<\/p>\n","protected":false},"featured_media":6299,"comment_status":"open","ping_status":"closed","template":"","meta":{"_surecart_dashboard_logo_width":"180px","_surecart_dashboard_show_logo":true,"_surecart_dashboard_navigation_orders":true,"_surecart_dashboard_navigation_invoices":true,"_surecart_dashboard_navigation_subscriptions":true,"_surecart_dashboard_navigation_downloads":true,"_surecart_dashboard_navigation_billing":true,"_surecart_dashboard_navigation_account":true,"site-sidebar-layout":"default","site-content-layout":"","ast-site-content-layout":"default","site-content-style":"default","site-sidebar-style":"default","ast-global-header-display":"","ast-banner-title-visibility":"","ast-main-header-display":"","ast-hfb-above-header-display":"","ast-hfb-below-header-display":"","ast-hfb-mobile-header-display":"","site-post-title":"","ast-breadcrumbs-content":"","ast-featured-img":"","footer-sml-layout":"","ast-disable-related-posts":"","theme-transparent-header-meta":"","adv-header-id-meta":"","stick-header-meta":"","header-above-stick-meta":"","header-main-stick-meta":"","header-below-stick-meta":"","astra-migrate-meta-layouts":"default","ast-page-background-enabled":"default","ast-page-background-meta":{"desktop":{"background-color":"var(--ast-global-color-4)","background-image":"","background-repeat":"repeat","background-position":"center center","background-size":"auto","background-attachment":"scroll","background-type":"","background-media":"","overlay-type":"","overlay-color":"","overlay-opacity":"","overlay-gradient":""},"tablet":{"background-color":"","background-image":"","background-repeat":"repeat","background-position":"center center","background-size":"auto","background-attachment":"scroll","background-type":"","background-media":"","overlay-type":"","overlay-color":"","overlay-opacity":"","overlay-gradient":""},"mobile":{"background-color":"","background-image":"","background-repeat":"repeat","background-position":"center center","background-size":"auto","background-attachment":"scroll","background-type":"","background-media":"","overlay-type":"","overlay-color":"","overlay-opacity":"","overlay-gradient":""}},"ast-content-background-meta":{"desktop":{"background-color":"var(--ast-global-color-5)","background-image":"","background-repeat":"repeat","background-position":"center center","background-size":"auto","background-attachment":"scroll","background-type":"","background-media":"","overlay-type":"","overlay-color":"","overlay-opacity":"","overlay-gradient":""},"tablet":{"background-color":"var(--ast-global-color-5)","background-image":"","background-repeat":"repeat","background-position":"center center","background-size":"auto","background-attachment":"scroll","background-type":"","background-media":"","overlay-type":"","overlay-color":"","overlay-opacity":"","overlay-gradient":""},"mobile":{"background-color":"var(--ast-global-color-5)","background-image":"","background-repeat":"repeat","background-position":"center center","background-size":"auto","background-attachment":"scroll","background-type":"","background-media":"","overlay-type":"","overlay-color":"","overlay-opacity":"","overlay-gradient":""}}},"product_brand":[],"product_cat":[85,22],"product_tag":[],"class_list":{"0":"post-6298","1":"product","2":"type-product","3":"status-publish","4":"has-post-thumbnail","6":"product_cat-portatiles","7":"product_cat-computacion","8":"desktop-align-left","9":"tablet-align-left","10":"mobile-align-left","12":"first","13":"outofstock","14":"sale","15":"taxable","16":"shipping-taxable","17":"purchasable","18":"product-type-simple"},"yoast_head":"<!-- This site is optimized with the Yoast SEO plugin v27.5 - https:\/\/yoast.com\/product\/yoast-seo-wordpress\/ -->\n<title>Memoria RAM ADATA 16GB DDR5 4800Hz - Giftronic.04<\/title>\n<meta name=\"description\" content=\"Giftronic.04 Memoria RAM ADATA 16GB DDR5 4800Hz -\" \/>\n<meta name=\"robots\" content=\"index, follow, max-snippet:-1, max-image-preview:large, max-video-preview:-1, noarchive\" \/>\n<link rel=\"canonical\" href=\"https:\/\/giftronic04.com\/index.php\/product\/memoria-ram-adata-16gb-ddr5-4800hz\/\" \/>\n<meta property=\"og:locale\" content=\"es_ES\" \/>\n<meta property=\"og:type\" content=\"article\" \/>\n<meta property=\"og:title\" content=\"Memoria RAM ADATA 16GB DDR5 4800Hz - Giftronic.04\" \/>\n<meta property=\"og:description\" content=\"Giftronic.04 Memoria RAM ADATA 16GB DDR5 4800Hz -\" \/>\n<meta property=\"og:url\" content=\"https:\/\/giftronic04.com\/index.php\/product\/memoria-ram-adata-16gb-ddr5-4800hz\/\" \/>\n<meta property=\"og:site_name\" content=\"Giftronic.04\" \/>\n<meta property=\"article:modified_time\" content=\"2025-12-04T17:44:11+00:00\" \/>\n<meta property=\"og:image\" content=\"https:\/\/giftronic04.com\/wp-content\/uploads\/2024\/04\/1.jpg\" \/>\n\t<meta property=\"og:image:width\" content=\"2000\" \/>\n\t<meta property=\"og:image:height\" content=\"2000\" \/>\n\t<meta property=\"og:image:type\" content=\"image\/jpeg\" \/>\n<meta name=\"twitter:card\" content=\"summary_large_image\" \/>\n<meta name=\"twitter:label1\" content=\"Tiempo de lectura\" \/>\n\t<meta name=\"twitter:data1\" content=\"2 minutos\" \/>\n<script type=\"application\/ld+json\" class=\"yoast-schema-graph\">{\"@context\":\"https:\\\/\\\/schema.org\",\"@graph\":[{\"@type\":\"WebPage\",\"@id\":\"https:\\\/\\\/giftronic04.com\\\/index.php\\\/product\\\/memoria-ram-adata-16gb-ddr5-4800hz\\\/\",\"url\":\"https:\\\/\\\/giftronic04.com\\\/index.php\\\/product\\\/memoria-ram-adata-16gb-ddr5-4800hz\\\/\",\"name\":\"Memoria RAM ADATA 16GB DDR5 4800Hz - Giftronic.04\",\"isPartOf\":{\"@id\":\"https:\\\/\\\/giftronic04.com\\\/#website\"},\"primaryImageOfPage\":{\"@id\":\"https:\\\/\\\/giftronic04.com\\\/index.php\\\/product\\\/memoria-ram-adata-16gb-ddr5-4800hz\\\/#primaryimage\"},\"image\":{\"@id\":\"https:\\\/\\\/giftronic04.com\\\/index.php\\\/product\\\/memoria-ram-adata-16gb-ddr5-4800hz\\\/#primaryimage\"},\"thumbnailUrl\":\"https:\\\/\\\/giftronic04.com\\\/wp-content\\\/uploads\\\/2024\\\/04\\\/1.jpg\",\"datePublished\":\"2024-04-11T16:40:52+00:00\",\"dateModified\":\"2025-12-04T17:44:11+00:00\",\"description\":\"Giftronic.04 Memoria RAM ADATA 16GB DDR5 4800Hz -\",\"breadcrumb\":{\"@id\":\"https:\\\/\\\/giftronic04.com\\\/index.php\\\/product\\\/memoria-ram-adata-16gb-ddr5-4800hz\\\/#breadcrumb\"},\"inLanguage\":\"es\",\"potentialAction\":[{\"@type\":\"ReadAction\",\"target\":[\"https:\\\/\\\/giftronic04.com\\\/index.php\\\/product\\\/memoria-ram-adata-16gb-ddr5-4800hz\\\/\"]}]},{\"@type\":\"ImageObject\",\"inLanguage\":\"es\",\"@id\":\"https:\\\/\\\/giftronic04.com\\\/index.php\\\/product\\\/memoria-ram-adata-16gb-ddr5-4800hz\\\/#primaryimage\",\"url\":\"https:\\\/\\\/giftronic04.com\\\/wp-content\\\/uploads\\\/2024\\\/04\\\/1.jpg\",\"contentUrl\":\"https:\\\/\\\/giftronic04.com\\\/wp-content\\\/uploads\\\/2024\\\/04\\\/1.jpg\",\"width\":2000,\"height\":2000},{\"@type\":\"BreadcrumbList\",\"@id\":\"https:\\\/\\\/giftronic04.com\\\/index.php\\\/product\\\/memoria-ram-adata-16gb-ddr5-4800hz\\\/#breadcrumb\",\"itemListElement\":[{\"@type\":\"ListItem\",\"position\":1,\"name\":\"Portada\",\"item\":\"https:\\\/\\\/giftronic04.com\\\/\"},{\"@type\":\"ListItem\",\"position\":2,\"name\":\"Tienda\",\"item\":\"https:\\\/\\\/giftronic04.com\\\/index.php\\\/shop\\\/\"},{\"@type\":\"ListItem\",\"position\":3,\"name\":\"Memoria RAM ADATA 16GB DDR5 4800Hz\"}]},{\"@type\":\"WebSite\",\"@id\":\"https:\\\/\\\/giftronic04.com\\\/#website\",\"url\":\"https:\\\/\\\/giftronic04.com\\\/\",\"name\":\"Giftronic.04\",\"description\":\"Venta de equipos tecnologicos\",\"publisher\":{\"@id\":\"https:\\\/\\\/giftronic04.com\\\/#organization\"},\"potentialAction\":[{\"@type\":\"SearchAction\",\"target\":{\"@type\":\"EntryPoint\",\"urlTemplate\":\"https:\\\/\\\/giftronic04.com\\\/?s={search_term_string}\"},\"query-input\":{\"@type\":\"PropertyValueSpecification\",\"valueRequired\":true,\"valueName\":\"search_term_string\"}}],\"inLanguage\":\"es\"},{\"@type\":\"Organization\",\"@id\":\"https:\\\/\\\/giftronic04.com\\\/#organization\",\"name\":\"giftronic04\",\"url\":\"https:\\\/\\\/giftronic04.com\\\/\",\"logo\":{\"@type\":\"ImageObject\",\"inLanguage\":\"es\",\"@id\":\"https:\\\/\\\/giftronic04.com\\\/#\\\/schema\\\/logo\\\/image\\\/\",\"url\":\"https:\\\/\\\/giftronic04.com\\\/wp-content\\\/uploads\\\/2021\\\/08\\\/logo.png\",\"contentUrl\":\"https:\\\/\\\/giftronic04.com\\\/wp-content\\\/uploads\\\/2021\\\/08\\\/logo.png\",\"width\":6640,\"height\":2192,\"caption\":\"giftronic04\"},\"image\":{\"@id\":\"https:\\\/\\\/giftronic04.com\\\/#\\\/schema\\\/logo\\\/image\\\/\"},\"sameAs\":[\"https:\\\/\\\/www.instagram.com\\\/giftronic.04\\\/\"]}]}<\/script>\n<!-- \/ Yoast SEO plugin. -->","yoast_head_json":{"title":"Memoria RAM ADATA 16GB DDR5 4800Hz - Giftronic.04","description":"Giftronic.04 Memoria RAM ADATA 16GB DDR5 4800Hz -","robots":{"index":"index","follow":"follow","max-snippet":"max-snippet:-1","max-image-preview":"max-image-preview:large","max-video-preview":"max-video-preview:-1","archive":"noarchive"},"canonical":"https:\/\/giftronic04.com\/index.php\/product\/memoria-ram-adata-16gb-ddr5-4800hz\/","og_locale":"es_ES","og_type":"article","og_title":"Memoria RAM ADATA 16GB DDR5 4800Hz - Giftronic.04","og_description":"Giftronic.04 Memoria RAM ADATA 16GB DDR5 4800Hz -","og_url":"https:\/\/giftronic04.com\/index.php\/product\/memoria-ram-adata-16gb-ddr5-4800hz\/","og_site_name":"Giftronic.04","article_modified_time":"2025-12-04T17:44:11+00:00","og_image":[{"width":2000,"height":2000,"url":"https:\/\/giftronic04.com\/wp-content\/uploads\/2024\/04\/1.jpg","type":"image\/jpeg"}],"twitter_card":"summary_large_image","twitter_misc":{"Tiempo de lectura":"2 minutos"},"schema":{"@context":"https:\/\/schema.org","@graph":[{"@type":"WebPage","@id":"https:\/\/giftronic04.com\/index.php\/product\/memoria-ram-adata-16gb-ddr5-4800hz\/","url":"https:\/\/giftronic04.com\/index.php\/product\/memoria-ram-adata-16gb-ddr5-4800hz\/","name":"Memoria RAM ADATA 16GB DDR5 4800Hz - Giftronic.04","isPartOf":{"@id":"https:\/\/giftronic04.com\/#website"},"primaryImageOfPage":{"@id":"https:\/\/giftronic04.com\/index.php\/product\/memoria-ram-adata-16gb-ddr5-4800hz\/#primaryimage"},"image":{"@id":"https:\/\/giftronic04.com\/index.php\/product\/memoria-ram-adata-16gb-ddr5-4800hz\/#primaryimage"},"thumbnailUrl":"https:\/\/giftronic04.com\/wp-content\/uploads\/2024\/04\/1.jpg","datePublished":"2024-04-11T16:40:52+00:00","dateModified":"2025-12-04T17:44:11+00:00","description":"Giftronic.04 Memoria RAM ADATA 16GB DDR5 4800Hz -","breadcrumb":{"@id":"https:\/\/giftronic04.com\/index.php\/product\/memoria-ram-adata-16gb-ddr5-4800hz\/#breadcrumb"},"inLanguage":"es","potentialAction":[{"@type":"ReadAction","target":["https:\/\/giftronic04.com\/index.php\/product\/memoria-ram-adata-16gb-ddr5-4800hz\/"]}]},{"@type":"ImageObject","inLanguage":"es","@id":"https:\/\/giftronic04.com\/index.php\/product\/memoria-ram-adata-16gb-ddr5-4800hz\/#primaryimage","url":"https:\/\/giftronic04.com\/wp-content\/uploads\/2024\/04\/1.jpg","contentUrl":"https:\/\/giftronic04.com\/wp-content\/uploads\/2024\/04\/1.jpg","width":2000,"height":2000},{"@type":"BreadcrumbList","@id":"https:\/\/giftronic04.com\/index.php\/product\/memoria-ram-adata-16gb-ddr5-4800hz\/#breadcrumb","itemListElement":[{"@type":"ListItem","position":1,"name":"Portada","item":"https:\/\/giftronic04.com\/"},{"@type":"ListItem","position":2,"name":"Tienda","item":"https:\/\/giftronic04.com\/index.php\/shop\/"},{"@type":"ListItem","position":3,"name":"Memoria RAM ADATA 16GB DDR5 4800Hz"}]},{"@type":"WebSite","@id":"https:\/\/giftronic04.com\/#website","url":"https:\/\/giftronic04.com\/","name":"Giftronic.04","description":"Venta de equipos tecnologicos","publisher":{"@id":"https:\/\/giftronic04.com\/#organization"},"potentialAction":[{"@type":"SearchAction","target":{"@type":"EntryPoint","urlTemplate":"https:\/\/giftronic04.com\/?s={search_term_string}"},"query-input":{"@type":"PropertyValueSpecification","valueRequired":true,"valueName":"search_term_string"}}],"inLanguage":"es"},{"@type":"Organization","@id":"https:\/\/giftronic04.com\/#organization","name":"giftronic04","url":"https:\/\/giftronic04.com\/","logo":{"@type":"ImageObject","inLanguage":"es","@id":"https:\/\/giftronic04.com\/#\/schema\/logo\/image\/","url":"https:\/\/giftronic04.com\/wp-content\/uploads\/2021\/08\/logo.png","contentUrl":"https:\/\/giftronic04.com\/wp-content\/uploads\/2021\/08\/logo.png","width":6640,"height":2192,"caption":"giftronic04"},"image":{"@id":"https:\/\/giftronic04.com\/#\/schema\/logo\/image\/"},"sameAs":["https:\/\/www.instagram.com\/giftronic.04\/"]}]}},"jetpack_sharing_enabled":true,"_links":{"self":[{"href":"https:\/\/giftronic04.com\/index.php\/wp-json\/wp\/v2\/product\/6298","targetHints":{"allow":["GET"]}}],"collection":[{"href":"https:\/\/giftronic04.com\/index.php\/wp-json\/wp\/v2\/product"}],"about":[{"href":"https:\/\/giftronic04.com\/index.php\/wp-json\/wp\/v2\/types\/product"}],"replies":[{"embeddable":true,"href":"https:\/\/giftronic04.com\/index.php\/wp-json\/wp\/v2\/comments?post=6298"}],"wp:featuredmedia":[{"embeddable":true,"href":"https:\/\/giftronic04.com\/index.php\/wp-json\/wp\/v2\/media\/6299"}],"wp:attachment":[{"href":"https:\/\/giftronic04.com\/index.php\/wp-json\/wp\/v2\/media?parent=6298"}],"wp:term":[{"taxonomy":"product_brand","embeddable":true,"href":"https:\/\/giftronic04.com\/index.php\/wp-json\/wp\/v2\/product_brand?post=6298"},{"taxonomy":"product_cat","embeddable":true,"href":"https:\/\/giftronic04.com\/index.php\/wp-json\/wp\/v2\/product_cat?post=6298"},{"taxonomy":"product_tag","embeddable":true,"href":"https:\/\/giftronic04.com\/index.php\/wp-json\/wp\/v2\/product_tag?post=6298"}],"curies":[{"name":"wp","href":"https:\/\/api.w.org\/{rel}","templated":true}]}}