{"id":6403,"date":"2024-04-23T18:13:46","date_gmt":"2024-04-23T23:13:46","guid":{"rendered":"https:\/\/giftronic04.com\/?post_type=product&#038;p=6403"},"modified":"2026-04-21T10:57:53","modified_gmt":"2026-04-21T15:57:53","slug":"monitor-gamer-lenovo-27-pulgadas-100hz-negro","status":"publish","type":"product","link":"https:\/\/giftronic04.com\/index.php\/product\/monitor-gamer-lenovo-27-pulgadas-100hz-negro\/","title":{"rendered":"Monitor Gamer LENOVO 27&#8243; Pulgadas 100Hz Negro"},"content":{"rendered":"<p>Caracter\u00edsticas:<\/p>\n<p>Referencia: G27e-20<\/p>\n<p>Marca: Lenovo<\/p>\n<p>Tipo: Monitor Gamer<\/p>\n<p>Resoluci\u00f3n Pantalla Full HD (1920&#215;1080) 100Hz<\/p>\n<p>Tama\u00f1o Pantalla\u00a0\u00a0\u00a0\u00a0 27\u2019 Pulgadas<\/p>\n<p>Contraste<\/p>\n<p>3000:1<\/p>\n<p>Velocidad de Respuesta del Monitor<\/p>\n<p>1 milisegundos<\/p>\n<p>Tama\u00f1o Pantalla<\/p>\n<p>68.58 Cent\u00edmetros<\/p>\n<p>Dise\u00f1o de la pantalla<\/p>\n<p>Plano<\/p>\n<p>Tipo de Pantalla<\/p>\n<p>LCD<\/p>\n<p>Conectividad<\/p>\n<p>Tipos de Puertos Entradas y Salidas<\/p>\n<p>Puerto HDMI<\/p>\n<p>Caracter\u00edsticas T\u00e9cnicas<\/p>\n<p>Opciones de Conectividad<\/p>\n<p>No Tiene\/ No Aplica<\/p>\n<p>Informaci\u00f3n B\u00e1sica<\/p>\n<p>Fuentes de Alimentaci\u00f3n de Energ\u00eda<\/p>\n<p>Energ\u00eda El\u00e9ctrica<\/p>\n<p>L\u00ednea Modelo Referencia<\/p>\n<p>66D8GAR1LA<\/p>\n<p>Tonalidad de Color<\/p>\n<p>Raven Black<\/p>\n<p>Caracter\u00edsticas destacadas<\/p>\n<p>tiempo de respuesta MPRT 3 de 1 ms ventaja en el juego.<\/p>\n<p>T\u00dcV Rheinland Eye Comfort-certified, protege fatiga visual<\/p>\n<p>AMD FreeSync Premium 2 elimina las rayas y fantasmas<\/p>\n<p>Artery software3 cambie configuraci\u00f3n f\u00e1cilmente<\/p>\n<p>Panel VA colores intensos desde cualquier \u00e1ngulo<\/p>\n<p>Resumen del producto<\/p>\n<p>El monitor G27e-20 es un excelente monitor para juegos que admite sin esfuerzo horas de uso diario, que ofrece un rendimiento potente en un nuevo factor de forma elegante que centra los principios del dise\u00f1o minimalista en una elegante pieza central para el hogar. Mientras que su pantalla de panel 27&#8243; crea im\u00e1genes sin distorsiones para cualquiera que transmita un video sin importar el \u00e1ngulo. El monitor, Las l\u00edneas limpias y simples, el marco con bordes finos y el soporte esculpido crean una imagen de elegancia y sofisticaci\u00f3n para adaptarse a cualquier hogar moderno. Echa un vistazo a Lenovo G27e-20. Se mire como se mire, tiene juego.<\/p>\n<p>Recomendaciones<\/p>\n<p>Se otorga 1 a\u00f1o de respaldo por defectos de fabricaci\u00f3n directamente con la marca \u2018Conservando empaques originales\u2019. No cubre da\u00f1os ocasionados por manipulaci\u00f3n no autorizada, golpes, derrames o mal uso del equipo, Las im\u00e1genes publicadas en esta p\u00e1gina son representaciones fotogr\u00e1ficas que ilustran de manera aproximada las caracter\u00edsticas de los equipos en venta y pueden variar respecto a la realidad seg\u00fan la resoluci\u00f3n de estas y del dispositivo que se utilice para observarlas. Para cualquier proceso de garant\u00eda debes entregar el producto con los empaques y accesorios ORIGINALES.<\/p>\n<p>Mejoramos el equipo para hacer m\u00e1s id\u00f3nea la configuraci\u00f3n, respetando la garant\u00eda y usando componentes tambi\u00e9n nuevos con compatibilidad certificada.<\/p>\n<p>Producto totalmente nuevo y original. Los componentes adicionales son totalmente nuevos con respaldo de 12 meses en tienda.<\/p>\n<p>Somos distribuidores autorizados.<\/p>\n<p>&nbsp;<\/p>\n","protected":false},"excerpt":{"rendered":"<p>Caracter\u00edsticas: Referencia: G27e-20 Marca: Lenovo Tipo: Monitor Gamer Resoluci\u00f3n Pantalla Full HD (1920&#215;1080) 100Hz Tama\u00f1o Pantalla\u00a0\u00a0\u00a0\u00a0 27\u2019 Pulgadas Contraste 3000:1 Velocidad de Respuesta del Monitor 1 milisegundos Tama\u00f1o Pantalla 68.58 Cent\u00edmetros Dise\u00f1o de la pantalla Plano Tipo de Pantalla LCD Conectividad Tipos de Puertos Entradas y Salidas Puerto HDMI Caracter\u00edsticas T\u00e9cnicas Opciones de Conectividad No [&hellip;]<\/p>\n","protected":false},"featured_media":6404,"comment_status":"open","ping_status":"closed","template":"","meta":{"_surecart_dashboard_logo_width":"180px","_surecart_dashboard_show_logo":true,"_surecart_dashboard_navigation_orders":true,"_surecart_dashboard_navigation_invoices":true,"_surecart_dashboard_navigation_subscriptions":true,"_surecart_dashboard_navigation_downloads":true,"_surecart_dashboard_navigation_billing":true,"_surecart_dashboard_navigation_account":true,"site-sidebar-layout":"default","site-content-layout":"","ast-site-content-layout":"default","site-content-style":"default","site-sidebar-style":"default","ast-global-header-display":"","ast-banner-title-visibility":"","ast-main-header-display":"","ast-hfb-above-header-display":"","ast-hfb-below-header-display":"","ast-hfb-mobile-header-display":"","site-post-title":"","ast-breadcrumbs-content":"","ast-featured-img":"","footer-sml-layout":"","ast-disable-related-posts":"","theme-transparent-header-meta":"","adv-header-id-meta":"","stick-header-meta":"","header-above-stick-meta":"","header-main-stick-meta":"","header-below-stick-meta":"","astra-migrate-meta-layouts":"default","ast-page-background-enabled":"default","ast-page-background-meta":{"desktop":{"background-color":"var(--ast-global-color-4)","background-image":"","background-repeat":"repeat","background-position":"center center","background-size":"auto","background-attachment":"scroll","background-type":"","background-media":"","overlay-type":"","overlay-color":"","overlay-opacity":"","overlay-gradient":""},"tablet":{"background-color":"","background-image":"","background-repeat":"repeat","background-position":"center center","background-size":"auto","background-attachment":"scroll","background-type":"","background-media":"","overlay-type":"","overlay-color":"","overlay-opacity":"","overlay-gradient":""},"mobile":{"background-color":"","background-image":"","background-repeat":"repeat","background-position":"center center","background-size":"auto","background-attachment":"scroll","background-type":"","background-media":"","overlay-type":"","overlay-color":"","overlay-opacity":"","overlay-gradient":""}},"ast-content-background-meta":{"desktop":{"background-color":"var(--ast-global-color-5)","background-image":"","background-repeat":"repeat","background-position":"center center","background-size":"auto","background-attachment":"scroll","background-type":"","background-media":"","overlay-type":"","overlay-color":"","overlay-opacity":"","overlay-gradient":""},"tablet":{"background-color":"var(--ast-global-color-5)","background-image":"","background-repeat":"repeat","background-position":"center center","background-size":"auto","background-attachment":"scroll","background-type":"","background-media":"","overlay-type":"","overlay-color":"","overlay-opacity":"","overlay-gradient":""},"mobile":{"background-color":"var(--ast-global-color-5)","background-image":"","background-repeat":"repeat","background-position":"center center","background-size":"auto","background-attachment":"scroll","background-type":"","background-media":"","overlay-type":"","overlay-color":"","overlay-opacity":"","overlay-gradient":""}}},"product_brand":[],"product_cat":[34],"product_tag":[],"class_list":{"0":"post-6403","1":"product","2":"type-product","3":"status-publish","4":"has-post-thumbnail","6":"product_cat-monitores-y-accesorios","7":"desktop-align-left","8":"tablet-align-left","9":"mobile-align-left","11":"first","12":"outofstock","13":"sale","14":"taxable","15":"shipping-taxable","16":"purchasable","17":"product-type-simple"},"yoast_head":"<!-- This site is optimized with the Yoast SEO plugin v27.4 - https:\/\/yoast.com\/product\/yoast-seo-wordpress\/ -->\n<title>Monitor Gamer LENOVO 27&quot; Pulgadas 100Hz Negro - Giftronic.04<\/title>\n<meta name=\"robots\" content=\"index, follow, max-snippet:-1, max-image-preview:large, max-video-preview:-1\" \/>\n<link rel=\"canonical\" href=\"https:\/\/giftronic04.com\/index.php\/product\/monitor-gamer-lenovo-27-pulgadas-100hz-negro\/\" \/>\n<meta property=\"og:locale\" content=\"es_ES\" \/>\n<meta property=\"og:type\" content=\"article\" \/>\n<meta property=\"og:title\" content=\"Monitor Gamer LENOVO 27&quot; Pulgadas 100Hz Negro - Giftronic.04\" \/>\n<meta property=\"og:description\" content=\"Caracter\u00edsticas: Referencia: G27e-20 Marca: Lenovo Tipo: Monitor Gamer Resoluci\u00f3n Pantalla Full HD (1920&#215;1080) 100Hz Tama\u00f1o Pantalla\u00a0\u00a0\u00a0\u00a0 27\u2019 Pulgadas Contraste 3000:1 Velocidad de Respuesta del Monitor 1 milisegundos Tama\u00f1o Pantalla 68.58 Cent\u00edmetros Dise\u00f1o de la pantalla Plano Tipo de Pantalla LCD Conectividad Tipos de Puertos Entradas y Salidas Puerto HDMI Caracter\u00edsticas T\u00e9cnicas Opciones de Conectividad No [&hellip;]\" \/>\n<meta property=\"og:url\" content=\"https:\/\/giftronic04.com\/index.php\/product\/monitor-gamer-lenovo-27-pulgadas-100hz-negro\/\" \/>\n<meta property=\"og:site_name\" content=\"Giftronic.04\" \/>\n<meta property=\"article:modified_time\" content=\"2026-04-21T15:57:53+00:00\" \/>\n<meta property=\"og:image\" content=\"https:\/\/giftronic04.com\/wp-content\/uploads\/2024\/04\/1-10.jpg\" \/>\n\t<meta property=\"og:image:width\" content=\"2000\" \/>\n\t<meta property=\"og:image:height\" content=\"2000\" \/>\n\t<meta property=\"og:image:type\" content=\"image\/jpeg\" \/>\n<meta name=\"twitter:card\" content=\"summary_large_image\" \/>\n<meta name=\"twitter:label1\" content=\"Tiempo de lectura\" \/>\n\t<meta name=\"twitter:data1\" content=\"2 minutos\" \/>\n<script type=\"application\/ld+json\" class=\"yoast-schema-graph\">{\"@context\":\"https:\\\/\\\/schema.org\",\"@graph\":[{\"@type\":\"WebPage\",\"@id\":\"https:\\\/\\\/giftronic04.com\\\/index.php\\\/product\\\/monitor-gamer-lenovo-27-pulgadas-100hz-negro\\\/\",\"url\":\"https:\\\/\\\/giftronic04.com\\\/index.php\\\/product\\\/monitor-gamer-lenovo-27-pulgadas-100hz-negro\\\/\",\"name\":\"Monitor Gamer LENOVO 27\\\" Pulgadas 100Hz Negro - Giftronic.04\",\"isPartOf\":{\"@id\":\"https:\\\/\\\/giftronic04.com\\\/#website\"},\"primaryImageOfPage\":{\"@id\":\"https:\\\/\\\/giftronic04.com\\\/index.php\\\/product\\\/monitor-gamer-lenovo-27-pulgadas-100hz-negro\\\/#primaryimage\"},\"image\":{\"@id\":\"https:\\\/\\\/giftronic04.com\\\/index.php\\\/product\\\/monitor-gamer-lenovo-27-pulgadas-100hz-negro\\\/#primaryimage\"},\"thumbnailUrl\":\"https:\\\/\\\/giftronic04.com\\\/wp-content\\\/uploads\\\/2024\\\/04\\\/1-10.jpg\",\"datePublished\":\"2024-04-23T23:13:46+00:00\",\"dateModified\":\"2026-04-21T15:57:53+00:00\",\"breadcrumb\":{\"@id\":\"https:\\\/\\\/giftronic04.com\\\/index.php\\\/product\\\/monitor-gamer-lenovo-27-pulgadas-100hz-negro\\\/#breadcrumb\"},\"inLanguage\":\"es\",\"potentialAction\":[{\"@type\":\"ReadAction\",\"target\":[\"https:\\\/\\\/giftronic04.com\\\/index.php\\\/product\\\/monitor-gamer-lenovo-27-pulgadas-100hz-negro\\\/\"]}]},{\"@type\":\"ImageObject\",\"inLanguage\":\"es\",\"@id\":\"https:\\\/\\\/giftronic04.com\\\/index.php\\\/product\\\/monitor-gamer-lenovo-27-pulgadas-100hz-negro\\\/#primaryimage\",\"url\":\"https:\\\/\\\/giftronic04.com\\\/wp-content\\\/uploads\\\/2024\\\/04\\\/1-10.jpg\",\"contentUrl\":\"https:\\\/\\\/giftronic04.com\\\/wp-content\\\/uploads\\\/2024\\\/04\\\/1-10.jpg\",\"width\":2000,\"height\":2000},{\"@type\":\"BreadcrumbList\",\"@id\":\"https:\\\/\\\/giftronic04.com\\\/index.php\\\/product\\\/monitor-gamer-lenovo-27-pulgadas-100hz-negro\\\/#breadcrumb\",\"itemListElement\":[{\"@type\":\"ListItem\",\"position\":1,\"name\":\"Portada\",\"item\":\"https:\\\/\\\/giftronic04.com\\\/\"},{\"@type\":\"ListItem\",\"position\":2,\"name\":\"Tienda\",\"item\":\"https:\\\/\\\/giftronic04.com\\\/index.php\\\/shop\\\/\"},{\"@type\":\"ListItem\",\"position\":3,\"name\":\"Monitor Gamer LENOVO 27&#8243; Pulgadas 100Hz Negro\"}]},{\"@type\":\"WebSite\",\"@id\":\"https:\\\/\\\/giftronic04.com\\\/#website\",\"url\":\"https:\\\/\\\/giftronic04.com\\\/\",\"name\":\"Giftronic.04\",\"description\":\"Venta de equipos tecnologicos\",\"publisher\":{\"@id\":\"https:\\\/\\\/giftronic04.com\\\/#organization\"},\"potentialAction\":[{\"@type\":\"SearchAction\",\"target\":{\"@type\":\"EntryPoint\",\"urlTemplate\":\"https:\\\/\\\/giftronic04.com\\\/?s={search_term_string}\"},\"query-input\":{\"@type\":\"PropertyValueSpecification\",\"valueRequired\":true,\"valueName\":\"search_term_string\"}}],\"inLanguage\":\"es\"},{\"@type\":\"Organization\",\"@id\":\"https:\\\/\\\/giftronic04.com\\\/#organization\",\"name\":\"giftronic04\",\"url\":\"https:\\\/\\\/giftronic04.com\\\/\",\"logo\":{\"@type\":\"ImageObject\",\"inLanguage\":\"es\",\"@id\":\"https:\\\/\\\/giftronic04.com\\\/#\\\/schema\\\/logo\\\/image\\\/\",\"url\":\"https:\\\/\\\/giftronic04.com\\\/wp-content\\\/uploads\\\/2021\\\/08\\\/logo.png\",\"contentUrl\":\"https:\\\/\\\/giftronic04.com\\\/wp-content\\\/uploads\\\/2021\\\/08\\\/logo.png\",\"width\":6640,\"height\":2192,\"caption\":\"giftronic04\"},\"image\":{\"@id\":\"https:\\\/\\\/giftronic04.com\\\/#\\\/schema\\\/logo\\\/image\\\/\"},\"sameAs\":[\"https:\\\/\\\/www.instagram.com\\\/giftronic.04\\\/\"]}]}<\/script>\n<!-- \/ Yoast SEO plugin. -->","yoast_head_json":{"title":"Monitor Gamer LENOVO 27\" Pulgadas 100Hz Negro - Giftronic.04","robots":{"index":"index","follow":"follow","max-snippet":"max-snippet:-1","max-image-preview":"max-image-preview:large","max-video-preview":"max-video-preview:-1"},"canonical":"https:\/\/giftronic04.com\/index.php\/product\/monitor-gamer-lenovo-27-pulgadas-100hz-negro\/","og_locale":"es_ES","og_type":"article","og_title":"Monitor Gamer LENOVO 27\" Pulgadas 100Hz Negro - Giftronic.04","og_description":"Caracter\u00edsticas: Referencia: G27e-20 Marca: Lenovo Tipo: Monitor Gamer Resoluci\u00f3n Pantalla Full HD (1920&#215;1080) 100Hz Tama\u00f1o Pantalla\u00a0\u00a0\u00a0\u00a0 27\u2019 Pulgadas Contraste 3000:1 Velocidad de Respuesta del Monitor 1 milisegundos Tama\u00f1o Pantalla 68.58 Cent\u00edmetros Dise\u00f1o de la pantalla Plano Tipo de Pantalla LCD Conectividad Tipos de Puertos Entradas y Salidas Puerto HDMI Caracter\u00edsticas T\u00e9cnicas Opciones de Conectividad No [&hellip;]","og_url":"https:\/\/giftronic04.com\/index.php\/product\/monitor-gamer-lenovo-27-pulgadas-100hz-negro\/","og_site_name":"Giftronic.04","article_modified_time":"2026-04-21T15:57:53+00:00","og_image":[{"width":2000,"height":2000,"url":"https:\/\/giftronic04.com\/wp-content\/uploads\/2024\/04\/1-10.jpg","type":"image\/jpeg"}],"twitter_card":"summary_large_image","twitter_misc":{"Tiempo de lectura":"2 minutos"},"schema":{"@context":"https:\/\/schema.org","@graph":[{"@type":"WebPage","@id":"https:\/\/giftronic04.com\/index.php\/product\/monitor-gamer-lenovo-27-pulgadas-100hz-negro\/","url":"https:\/\/giftronic04.com\/index.php\/product\/monitor-gamer-lenovo-27-pulgadas-100hz-negro\/","name":"Monitor Gamer LENOVO 27\" Pulgadas 100Hz Negro - Giftronic.04","isPartOf":{"@id":"https:\/\/giftronic04.com\/#website"},"primaryImageOfPage":{"@id":"https:\/\/giftronic04.com\/index.php\/product\/monitor-gamer-lenovo-27-pulgadas-100hz-negro\/#primaryimage"},"image":{"@id":"https:\/\/giftronic04.com\/index.php\/product\/monitor-gamer-lenovo-27-pulgadas-100hz-negro\/#primaryimage"},"thumbnailUrl":"https:\/\/giftronic04.com\/wp-content\/uploads\/2024\/04\/1-10.jpg","datePublished":"2024-04-23T23:13:46+00:00","dateModified":"2026-04-21T15:57:53+00:00","breadcrumb":{"@id":"https:\/\/giftronic04.com\/index.php\/product\/monitor-gamer-lenovo-27-pulgadas-100hz-negro\/#breadcrumb"},"inLanguage":"es","potentialAction":[{"@type":"ReadAction","target":["https:\/\/giftronic04.com\/index.php\/product\/monitor-gamer-lenovo-27-pulgadas-100hz-negro\/"]}]},{"@type":"ImageObject","inLanguage":"es","@id":"https:\/\/giftronic04.com\/index.php\/product\/monitor-gamer-lenovo-27-pulgadas-100hz-negro\/#primaryimage","url":"https:\/\/giftronic04.com\/wp-content\/uploads\/2024\/04\/1-10.jpg","contentUrl":"https:\/\/giftronic04.com\/wp-content\/uploads\/2024\/04\/1-10.jpg","width":2000,"height":2000},{"@type":"BreadcrumbList","@id":"https:\/\/giftronic04.com\/index.php\/product\/monitor-gamer-lenovo-27-pulgadas-100hz-negro\/#breadcrumb","itemListElement":[{"@type":"ListItem","position":1,"name":"Portada","item":"https:\/\/giftronic04.com\/"},{"@type":"ListItem","position":2,"name":"Tienda","item":"https:\/\/giftronic04.com\/index.php\/shop\/"},{"@type":"ListItem","position":3,"name":"Monitor Gamer LENOVO 27&#8243; Pulgadas 100Hz Negro"}]},{"@type":"WebSite","@id":"https:\/\/giftronic04.com\/#website","url":"https:\/\/giftronic04.com\/","name":"Giftronic.04","description":"Venta de equipos tecnologicos","publisher":{"@id":"https:\/\/giftronic04.com\/#organization"},"potentialAction":[{"@type":"SearchAction","target":{"@type":"EntryPoint","urlTemplate":"https:\/\/giftronic04.com\/?s={search_term_string}"},"query-input":{"@type":"PropertyValueSpecification","valueRequired":true,"valueName":"search_term_string"}}],"inLanguage":"es"},{"@type":"Organization","@id":"https:\/\/giftronic04.com\/#organization","name":"giftronic04","url":"https:\/\/giftronic04.com\/","logo":{"@type":"ImageObject","inLanguage":"es","@id":"https:\/\/giftronic04.com\/#\/schema\/logo\/image\/","url":"https:\/\/giftronic04.com\/wp-content\/uploads\/2021\/08\/logo.png","contentUrl":"https:\/\/giftronic04.com\/wp-content\/uploads\/2021\/08\/logo.png","width":6640,"height":2192,"caption":"giftronic04"},"image":{"@id":"https:\/\/giftronic04.com\/#\/schema\/logo\/image\/"},"sameAs":["https:\/\/www.instagram.com\/giftronic.04\/"]}]}},"jetpack_sharing_enabled":true,"_links":{"self":[{"href":"https:\/\/giftronic04.com\/index.php\/wp-json\/wp\/v2\/product\/6403","targetHints":{"allow":["GET"]}}],"collection":[{"href":"https:\/\/giftronic04.com\/index.php\/wp-json\/wp\/v2\/product"}],"about":[{"href":"https:\/\/giftronic04.com\/index.php\/wp-json\/wp\/v2\/types\/product"}],"replies":[{"embeddable":true,"href":"https:\/\/giftronic04.com\/index.php\/wp-json\/wp\/v2\/comments?post=6403"}],"wp:featuredmedia":[{"embeddable":true,"href":"https:\/\/giftronic04.com\/index.php\/wp-json\/wp\/v2\/media\/6404"}],"wp:attachment":[{"href":"https:\/\/giftronic04.com\/index.php\/wp-json\/wp\/v2\/media?parent=6403"}],"wp:term":[{"taxonomy":"product_brand","embeddable":true,"href":"https:\/\/giftronic04.com\/index.php\/wp-json\/wp\/v2\/product_brand?post=6403"},{"taxonomy":"product_cat","embeddable":true,"href":"https:\/\/giftronic04.com\/index.php\/wp-json\/wp\/v2\/product_cat?post=6403"},{"taxonomy":"product_tag","embeddable":true,"href":"https:\/\/giftronic04.com\/index.php\/wp-json\/wp\/v2\/product_tag?post=6403"}],"curies":[{"name":"wp","href":"https:\/\/api.w.org\/{rel}","templated":true}]}}