{"id":7539,"date":"2024-11-07T17:46:36","date_gmt":"2024-11-07T22:46:36","guid":{"rendered":"https:\/\/giftronic04.com\/?post_type=product&#038;p=7539"},"modified":"2025-05-19T11:05:34","modified_gmt":"2025-05-19T16:05:34","slug":"camara-web-genius-hd-720p-1000-x-usb-black","status":"publish","type":"product","link":"https:\/\/giftronic04.com\/index.php\/product\/camara-web-genius-hd-720p-1000-x-usb-black\/","title":{"rendered":"C\u00e1mara web Genius HD 720p 1000 X USB Black"},"content":{"rendered":"<p>Caracter\u00edsticas:<\/p>\n<p>Referencia: FaceCam 1000X<\/p>\n<p>Marca: GENIUS<\/p>\n<p>Tipo: C\u00e1mara Web<\/p>\n<p>Resoluci\u00f3n: \u00a0HD<\/p>\n<p>C\u00c1MARA WEB DE ALTA DEFINICI\u00d3N DE 720P<\/p>\n<p>CHATEA EN ALTA DEFINICI\u00d3N<\/p>\n<p>Conect\u00e1ndose en 720P HD en aplicaciones de mensajer\u00eda, la c\u00e1mara brinda una experiencia de chat mucho m\u00e1s clara.<\/p>\n<p>ENFOQUE MANUAL<\/p>\n<p>Claramente visible en un giro<\/p>\n<p>CAPTURA TU VOZ<\/p>\n<p>El micr\u00f3fono sensible incorporado transmite su voz de manera distintiva con video HD. El clip universal se adapta al panel LCD y al port\u00e1til o de forma independiente.<\/p>\n<p>Interfaz<\/p>\n<p>USB<\/p>\n<p>Sensor de imagen<\/p>\n<p>CMOS de p\u00edxeles de alta definici\u00f3n de 720p<\/p>\n<p>Lente (FF, MF)<\/p>\n<p>Lente de enfoque manual<\/p>\n<p>\u00c1ngulo de visi\u00f3n<\/p>\n<p>Arriba y abajo 90\u00b0<\/p>\n<p>Micr\u00f3fono incorporado<\/p>\n<p>s\u00ed<\/p>\n<p>Resoluci\u00f3n (PPP)<\/p>\n<p>1 MP \/ 1280 x 720 \/ 640 x 480 p\u00edxeles<\/p>\n<p>Formato de archivo<\/p>\n<p>AVI \/ WMV<\/p>\n<p>Otro<\/p>\n<p>Peso (gramos)<\/p>\n<p>Aprox. 50 gramos<\/p>\n<p>Dimensiones (An. x Al. x Pr.) mm (pulgadas)<\/p>\n<p>20 x 22 x 60 mm (7,87 x 8,66 x 23,62 pulgadas)<\/p>\n<p>Requisitos del sistema<\/p>\n<p>Windows XP, VISTA, 7 o posterior \/ Mac OS 10.4.6 o posterior \/ Linux 2.6.21 anterior<\/p>\n<p>Colores<\/p>\n<p>Negro<\/p>\n<p>Qu\u00e9 est\u00e1 incluido<\/p>\n<p>FaceCam 1000X<\/p>\n<p>Manual de usuario<\/p>\n<p>Resumen del producto<\/p>\n<p>La FaceCam 1000X no solo ofrece im\u00e1genes n\u00edtidas, sino que tambi\u00e9n integra un micr\u00f3fono incorporado para que puedas comunicarte con claridad.<\/p>\n<p>Dise\u00f1ada para la m\u00e1xima comodidad, la FaceCam 1000X presenta un enganche universal que se adapta a cualquier pantalla LCD o notebook, brind\u00e1ndote flexibilidad en su ubicaci\u00f3n. Con un foco manual, puedes ajustar la nitidez seg\u00fan tus preferencias. Todo esto se presenta en un elegante color negro que se adapta a cualquier estilo. Eleva tus videoconferencias y transmisiones con la FaceCam 1000X, tu aliada en el mundo digital.<\/p>\n<p>Recomendaciones<\/p>\n<p>Se otorga 1 a\u00f1o de respaldo por defectos de fabricaci\u00f3n directamente con la marca \u2018Conservando empaques originales\u2019. No cubre da\u00f1os ocasionados por manipulaci\u00f3n no autorizada, golpes, derrames o mal uso del equipo, Las im\u00e1genes publicadas en esta p\u00e1gina son representaciones fotogr\u00e1ficas que ilustran de manera aproximada las caracter\u00edsticas de los equipos en venta y pueden variar respecto a la realidad seg\u00fan la resoluci\u00f3n de estas y del dispositivo que se utilice para observarlas. Para cualquier proceso de garant\u00eda debes entregar el producto con los empaques y accesorios ORIGINALES.<\/p>\n","protected":false},"excerpt":{"rendered":"<p>Caracter\u00edsticas: Referencia: FaceCam 1000X Marca: GENIUS Tipo: C\u00e1mara Web Resoluci\u00f3n: \u00a0HD C\u00c1MARA WEB DE ALTA DEFINICI\u00d3N DE 720P CHATEA EN ALTA DEFINICI\u00d3N Conect\u00e1ndose en 720P HD en aplicaciones de mensajer\u00eda, la c\u00e1mara brinda una experiencia de chat mucho m\u00e1s clara. ENFOQUE MANUAL Claramente visible en un giro CAPTURA TU VOZ El micr\u00f3fono sensible incorporado transmite [&hellip;]<\/p>\n","protected":false},"featured_media":7540,"comment_status":"open","ping_status":"closed","template":"","meta":{"_surecart_dashboard_logo_width":"180px","_surecart_dashboard_show_logo":true,"_surecart_dashboard_navigation_orders":true,"_surecart_dashboard_navigation_invoices":true,"_surecart_dashboard_navigation_subscriptions":true,"_surecart_dashboard_navigation_downloads":true,"_surecart_dashboard_navigation_billing":true,"_surecart_dashboard_navigation_account":true,"site-sidebar-layout":"default","site-content-layout":"","ast-site-content-layout":"default","site-content-style":"default","site-sidebar-style":"default","ast-global-header-display":"","ast-banner-title-visibility":"","ast-main-header-display":"","ast-hfb-above-header-display":"","ast-hfb-below-header-display":"","ast-hfb-mobile-header-display":"","site-post-title":"","ast-breadcrumbs-content":"","ast-featured-img":"","footer-sml-layout":"","ast-disable-related-posts":"","theme-transparent-header-meta":"","adv-header-id-meta":"","stick-header-meta":"","header-above-stick-meta":"","header-main-stick-meta":"","header-below-stick-meta":"","astra-migrate-meta-layouts":"default","ast-page-background-enabled":"default","ast-page-background-meta":{"desktop":{"background-color":"var(--ast-global-color-4)","background-image":"","background-repeat":"repeat","background-position":"center center","background-size":"auto","background-attachment":"scroll","background-type":"","background-media":"","overlay-type":"","overlay-color":"","overlay-opacity":"","overlay-gradient":""},"tablet":{"background-color":"","background-image":"","background-repeat":"repeat","background-position":"center center","background-size":"auto","background-attachment":"scroll","background-type":"","background-media":"","overlay-type":"","overlay-color":"","overlay-opacity":"","overlay-gradient":""},"mobile":{"background-color":"","background-image":"","background-repeat":"repeat","background-position":"center center","background-size":"auto","background-attachment":"scroll","background-type":"","background-media":"","overlay-type":"","overlay-color":"","overlay-opacity":"","overlay-gradient":""}},"ast-content-background-meta":{"desktop":{"background-color":"var(--ast-global-color-5)","background-image":"","background-repeat":"repeat","background-position":"center center","background-size":"auto","background-attachment":"scroll","background-type":"","background-media":"","overlay-type":"","overlay-color":"","overlay-opacity":"","overlay-gradient":""},"tablet":{"background-color":"var(--ast-global-color-5)","background-image":"","background-repeat":"repeat","background-position":"center center","background-size":"auto","background-attachment":"scroll","background-type":"","background-media":"","overlay-type":"","overlay-color":"","overlay-opacity":"","overlay-gradient":""},"mobile":{"background-color":"var(--ast-global-color-5)","background-image":"","background-repeat":"repeat","background-position":"center center","background-size":"auto","background-attachment":"scroll","background-type":"","background-media":"","overlay-type":"","overlay-color":"","overlay-opacity":"","overlay-gradient":""}}},"product_brand":[],"product_cat":[50,54],"product_tag":[],"class_list":{"0":"post-7539","1":"product","2":"type-product","3":"status-publish","4":"has-post-thumbnail","6":"product_cat-accesorios-para-portatiles","7":"product_cat-webcams","8":"desktop-align-left","9":"tablet-align-left","10":"mobile-align-left","12":"first","13":"outofstock","14":"sale","15":"taxable","16":"shipping-taxable","17":"purchasable","18":"product-type-simple"},"yoast_head":"<!-- This site is optimized with the Yoast SEO plugin v27.5 - https:\/\/yoast.com\/product\/yoast-seo-wordpress\/ -->\n<title>C\u00e1mara web Genius HD 720p 1000 X USB Black - Giftronic.04<\/title>\n<meta name=\"robots\" content=\"index, follow, max-snippet:-1, max-image-preview:large, max-video-preview:-1\" \/>\n<link rel=\"canonical\" href=\"https:\/\/giftronic04.com\/index.php\/product\/camara-web-genius-hd-720p-1000-x-usb-black\/\" \/>\n<meta property=\"og:locale\" content=\"es_ES\" \/>\n<meta property=\"og:type\" content=\"article\" \/>\n<meta property=\"og:title\" content=\"C\u00e1mara web Genius HD 720p 1000 X USB Black - Giftronic.04\" \/>\n<meta property=\"og:description\" content=\"Caracter\u00edsticas: Referencia: FaceCam 1000X Marca: GENIUS Tipo: C\u00e1mara Web Resoluci\u00f3n: \u00a0HD C\u00c1MARA WEB DE ALTA DEFINICI\u00d3N DE 720P CHATEA EN ALTA DEFINICI\u00d3N Conect\u00e1ndose en 720P HD en aplicaciones de mensajer\u00eda, la c\u00e1mara brinda una experiencia de chat mucho m\u00e1s clara. ENFOQUE MANUAL Claramente visible en un giro CAPTURA TU VOZ El micr\u00f3fono sensible incorporado transmite [&hellip;]\" \/>\n<meta property=\"og:url\" content=\"https:\/\/giftronic04.com\/index.php\/product\/camara-web-genius-hd-720p-1000-x-usb-black\/\" \/>\n<meta property=\"og:site_name\" content=\"Giftronic.04\" \/>\n<meta property=\"article:modified_time\" content=\"2025-05-19T16:05:34+00:00\" \/>\n<meta property=\"og:image\" content=\"https:\/\/giftronic04.com\/wp-content\/uploads\/2024\/11\/540388-1200-auto-1024x1024.png\" \/>\n\t<meta property=\"og:image:width\" content=\"1024\" \/>\n\t<meta property=\"og:image:height\" content=\"1024\" \/>\n\t<meta property=\"og:image:type\" content=\"image\/png\" \/>\n<meta name=\"twitter:card\" content=\"summary_large_image\" \/>\n<meta name=\"twitter:label1\" content=\"Tiempo de lectura\" \/>\n\t<meta name=\"twitter:data1\" content=\"2 minutos\" \/>\n<script type=\"application\/ld+json\" class=\"yoast-schema-graph\">{\"@context\":\"https:\\\/\\\/schema.org\",\"@graph\":[{\"@type\":\"WebPage\",\"@id\":\"https:\\\/\\\/giftronic04.com\\\/index.php\\\/product\\\/camara-web-genius-hd-720p-1000-x-usb-black\\\/\",\"url\":\"https:\\\/\\\/giftronic04.com\\\/index.php\\\/product\\\/camara-web-genius-hd-720p-1000-x-usb-black\\\/\",\"name\":\"C\u00e1mara web Genius HD 720p 1000 X USB Black - Giftronic.04\",\"isPartOf\":{\"@id\":\"https:\\\/\\\/giftronic04.com\\\/#website\"},\"primaryImageOfPage\":{\"@id\":\"https:\\\/\\\/giftronic04.com\\\/index.php\\\/product\\\/camara-web-genius-hd-720p-1000-x-usb-black\\\/#primaryimage\"},\"image\":{\"@id\":\"https:\\\/\\\/giftronic04.com\\\/index.php\\\/product\\\/camara-web-genius-hd-720p-1000-x-usb-black\\\/#primaryimage\"},\"thumbnailUrl\":\"https:\\\/\\\/giftronic04.com\\\/wp-content\\\/uploads\\\/2024\\\/11\\\/540388-1200-auto.png\",\"datePublished\":\"2024-11-07T22:46:36+00:00\",\"dateModified\":\"2025-05-19T16:05:34+00:00\",\"breadcrumb\":{\"@id\":\"https:\\\/\\\/giftronic04.com\\\/index.php\\\/product\\\/camara-web-genius-hd-720p-1000-x-usb-black\\\/#breadcrumb\"},\"inLanguage\":\"es\",\"potentialAction\":[{\"@type\":\"ReadAction\",\"target\":[\"https:\\\/\\\/giftronic04.com\\\/index.php\\\/product\\\/camara-web-genius-hd-720p-1000-x-usb-black\\\/\"]}]},{\"@type\":\"ImageObject\",\"inLanguage\":\"es\",\"@id\":\"https:\\\/\\\/giftronic04.com\\\/index.php\\\/product\\\/camara-web-genius-hd-720p-1000-x-usb-black\\\/#primaryimage\",\"url\":\"https:\\\/\\\/giftronic04.com\\\/wp-content\\\/uploads\\\/2024\\\/11\\\/540388-1200-auto.png\",\"contentUrl\":\"https:\\\/\\\/giftronic04.com\\\/wp-content\\\/uploads\\\/2024\\\/11\\\/540388-1200-auto.png\",\"width\":2000,\"height\":2000},{\"@type\":\"BreadcrumbList\",\"@id\":\"https:\\\/\\\/giftronic04.com\\\/index.php\\\/product\\\/camara-web-genius-hd-720p-1000-x-usb-black\\\/#breadcrumb\",\"itemListElement\":[{\"@type\":\"ListItem\",\"position\":1,\"name\":\"Portada\",\"item\":\"https:\\\/\\\/giftronic04.com\\\/\"},{\"@type\":\"ListItem\",\"position\":2,\"name\":\"Tienda\",\"item\":\"https:\\\/\\\/giftronic04.com\\\/index.php\\\/shop\\\/\"},{\"@type\":\"ListItem\",\"position\":3,\"name\":\"C\u00e1mara web Genius HD 720p 1000 X USB Black\"}]},{\"@type\":\"WebSite\",\"@id\":\"https:\\\/\\\/giftronic04.com\\\/#website\",\"url\":\"https:\\\/\\\/giftronic04.com\\\/\",\"name\":\"Giftronic.04\",\"description\":\"Venta de equipos tecnologicos\",\"publisher\":{\"@id\":\"https:\\\/\\\/giftronic04.com\\\/#organization\"},\"potentialAction\":[{\"@type\":\"SearchAction\",\"target\":{\"@type\":\"EntryPoint\",\"urlTemplate\":\"https:\\\/\\\/giftronic04.com\\\/?s={search_term_string}\"},\"query-input\":{\"@type\":\"PropertyValueSpecification\",\"valueRequired\":true,\"valueName\":\"search_term_string\"}}],\"inLanguage\":\"es\"},{\"@type\":\"Organization\",\"@id\":\"https:\\\/\\\/giftronic04.com\\\/#organization\",\"name\":\"giftronic04\",\"url\":\"https:\\\/\\\/giftronic04.com\\\/\",\"logo\":{\"@type\":\"ImageObject\",\"inLanguage\":\"es\",\"@id\":\"https:\\\/\\\/giftronic04.com\\\/#\\\/schema\\\/logo\\\/image\\\/\",\"url\":\"https:\\\/\\\/giftronic04.com\\\/wp-content\\\/uploads\\\/2021\\\/08\\\/logo.png\",\"contentUrl\":\"https:\\\/\\\/giftronic04.com\\\/wp-content\\\/uploads\\\/2021\\\/08\\\/logo.png\",\"width\":6640,\"height\":2192,\"caption\":\"giftronic04\"},\"image\":{\"@id\":\"https:\\\/\\\/giftronic04.com\\\/#\\\/schema\\\/logo\\\/image\\\/\"},\"sameAs\":[\"https:\\\/\\\/www.instagram.com\\\/giftronic.04\\\/\"]}]}<\/script>\n<!-- \/ Yoast SEO plugin. -->","yoast_head_json":{"title":"C\u00e1mara web Genius HD 720p 1000 X USB Black - Giftronic.04","robots":{"index":"index","follow":"follow","max-snippet":"max-snippet:-1","max-image-preview":"max-image-preview:large","max-video-preview":"max-video-preview:-1"},"canonical":"https:\/\/giftronic04.com\/index.php\/product\/camara-web-genius-hd-720p-1000-x-usb-black\/","og_locale":"es_ES","og_type":"article","og_title":"C\u00e1mara web Genius HD 720p 1000 X USB Black - Giftronic.04","og_description":"Caracter\u00edsticas: Referencia: FaceCam 1000X Marca: GENIUS Tipo: C\u00e1mara Web Resoluci\u00f3n: \u00a0HD C\u00c1MARA WEB DE ALTA DEFINICI\u00d3N DE 720P CHATEA EN ALTA DEFINICI\u00d3N Conect\u00e1ndose en 720P HD en aplicaciones de mensajer\u00eda, la c\u00e1mara brinda una experiencia de chat mucho m\u00e1s clara. ENFOQUE MANUAL Claramente visible en un giro CAPTURA TU VOZ El micr\u00f3fono sensible incorporado transmite [&hellip;]","og_url":"https:\/\/giftronic04.com\/index.php\/product\/camara-web-genius-hd-720p-1000-x-usb-black\/","og_site_name":"Giftronic.04","article_modified_time":"2025-05-19T16:05:34+00:00","og_image":[{"width":1024,"height":1024,"url":"https:\/\/giftronic04.com\/wp-content\/uploads\/2024\/11\/540388-1200-auto-1024x1024.png","type":"image\/png"}],"twitter_card":"summary_large_image","twitter_misc":{"Tiempo de lectura":"2 minutos"},"schema":{"@context":"https:\/\/schema.org","@graph":[{"@type":"WebPage","@id":"https:\/\/giftronic04.com\/index.php\/product\/camara-web-genius-hd-720p-1000-x-usb-black\/","url":"https:\/\/giftronic04.com\/index.php\/product\/camara-web-genius-hd-720p-1000-x-usb-black\/","name":"C\u00e1mara web Genius HD 720p 1000 X USB Black - Giftronic.04","isPartOf":{"@id":"https:\/\/giftronic04.com\/#website"},"primaryImageOfPage":{"@id":"https:\/\/giftronic04.com\/index.php\/product\/camara-web-genius-hd-720p-1000-x-usb-black\/#primaryimage"},"image":{"@id":"https:\/\/giftronic04.com\/index.php\/product\/camara-web-genius-hd-720p-1000-x-usb-black\/#primaryimage"},"thumbnailUrl":"https:\/\/giftronic04.com\/wp-content\/uploads\/2024\/11\/540388-1200-auto.png","datePublished":"2024-11-07T22:46:36+00:00","dateModified":"2025-05-19T16:05:34+00:00","breadcrumb":{"@id":"https:\/\/giftronic04.com\/index.php\/product\/camara-web-genius-hd-720p-1000-x-usb-black\/#breadcrumb"},"inLanguage":"es","potentialAction":[{"@type":"ReadAction","target":["https:\/\/giftronic04.com\/index.php\/product\/camara-web-genius-hd-720p-1000-x-usb-black\/"]}]},{"@type":"ImageObject","inLanguage":"es","@id":"https:\/\/giftronic04.com\/index.php\/product\/camara-web-genius-hd-720p-1000-x-usb-black\/#primaryimage","url":"https:\/\/giftronic04.com\/wp-content\/uploads\/2024\/11\/540388-1200-auto.png","contentUrl":"https:\/\/giftronic04.com\/wp-content\/uploads\/2024\/11\/540388-1200-auto.png","width":2000,"height":2000},{"@type":"BreadcrumbList","@id":"https:\/\/giftronic04.com\/index.php\/product\/camara-web-genius-hd-720p-1000-x-usb-black\/#breadcrumb","itemListElement":[{"@type":"ListItem","position":1,"name":"Portada","item":"https:\/\/giftronic04.com\/"},{"@type":"ListItem","position":2,"name":"Tienda","item":"https:\/\/giftronic04.com\/index.php\/shop\/"},{"@type":"ListItem","position":3,"name":"C\u00e1mara web Genius HD 720p 1000 X USB Black"}]},{"@type":"WebSite","@id":"https:\/\/giftronic04.com\/#website","url":"https:\/\/giftronic04.com\/","name":"Giftronic.04","description":"Venta de equipos tecnologicos","publisher":{"@id":"https:\/\/giftronic04.com\/#organization"},"potentialAction":[{"@type":"SearchAction","target":{"@type":"EntryPoint","urlTemplate":"https:\/\/giftronic04.com\/?s={search_term_string}"},"query-input":{"@type":"PropertyValueSpecification","valueRequired":true,"valueName":"search_term_string"}}],"inLanguage":"es"},{"@type":"Organization","@id":"https:\/\/giftronic04.com\/#organization","name":"giftronic04","url":"https:\/\/giftronic04.com\/","logo":{"@type":"ImageObject","inLanguage":"es","@id":"https:\/\/giftronic04.com\/#\/schema\/logo\/image\/","url":"https:\/\/giftronic04.com\/wp-content\/uploads\/2021\/08\/logo.png","contentUrl":"https:\/\/giftronic04.com\/wp-content\/uploads\/2021\/08\/logo.png","width":6640,"height":2192,"caption":"giftronic04"},"image":{"@id":"https:\/\/giftronic04.com\/#\/schema\/logo\/image\/"},"sameAs":["https:\/\/www.instagram.com\/giftronic.04\/"]}]}},"jetpack_sharing_enabled":true,"_links":{"self":[{"href":"https:\/\/giftronic04.com\/index.php\/wp-json\/wp\/v2\/product\/7539","targetHints":{"allow":["GET"]}}],"collection":[{"href":"https:\/\/giftronic04.com\/index.php\/wp-json\/wp\/v2\/product"}],"about":[{"href":"https:\/\/giftronic04.com\/index.php\/wp-json\/wp\/v2\/types\/product"}],"replies":[{"embeddable":true,"href":"https:\/\/giftronic04.com\/index.php\/wp-json\/wp\/v2\/comments?post=7539"}],"wp:featuredmedia":[{"embeddable":true,"href":"https:\/\/giftronic04.com\/index.php\/wp-json\/wp\/v2\/media\/7540"}],"wp:attachment":[{"href":"https:\/\/giftronic04.com\/index.php\/wp-json\/wp\/v2\/media?parent=7539"}],"wp:term":[{"taxonomy":"product_brand","embeddable":true,"href":"https:\/\/giftronic04.com\/index.php\/wp-json\/wp\/v2\/product_brand?post=7539"},{"taxonomy":"product_cat","embeddable":true,"href":"https:\/\/giftronic04.com\/index.php\/wp-json\/wp\/v2\/product_cat?post=7539"},{"taxonomy":"product_tag","embeddable":true,"href":"https:\/\/giftronic04.com\/index.php\/wp-json\/wp\/v2\/product_tag?post=7539"}],"curies":[{"name":"wp","href":"https:\/\/api.w.org\/{rel}","templated":true}]}}