{"id":8076,"date":"2025-01-25T12:01:08","date_gmt":"2025-01-25T17:01:08","guid":{"rendered":"https:\/\/giftronic04.com\/?post_type=product&#038;p=8076"},"modified":"2025-07-21T09:39:16","modified_gmt":"2025-07-21T14:39:16","slug":"audifonos-alambricos-hp-boom-mic-headset-150","status":"publish","type":"product","link":"https:\/\/giftronic04.com\/index.php\/product\/audifonos-alambricos-hp-boom-mic-headset-150\/","title":{"rendered":"Aud\u00edfonos Al\u00e1mbricos HP Boom Mic Headset 150"},"content":{"rendered":"<p>Caracter\u00edsticas:<\/p>\n<p>Referencia: \u200e2EM62AA<\/p>\n<p>Marca: Hp<\/p>\n<p>Tipo: Aud\u00edfonos Al\u00e1mbricos<\/p>\n<p>Plataforma de hardware\u00a0\u00a0\u00a0 \u200eOrdenador de escritorio<\/p>\n<p>Dispositivos compatibles\u00a0\u00a0 \u200ePC<\/p>\n<p>Caracter\u00edsticas especiales \u200eMicr\u00f3fono incluido<\/p>\n<p>N\u00famero de productos\u00a0\u00a0\u00a0\u00a0\u00a0\u00a0\u00a0\u00a0 \u200e1<\/p>\n<p>Factor de forma de los auriculares\u00a0\u00a0\u00a0\u00a0\u00a0\u00a0\u00a0\u00a0 \u200eCircumaurales<\/p>\n<p>Fuente de energ\u00eda\u00a0\u00a0 \u200eCable el\u00e9ctrico<\/p>\n<p>Bater\u00edas necesarias\u00a0\u00a0\u00a0\u00a0\u00a0\u00a0\u00a0\u00a0\u00a0\u00a0\u00a0 \u200eNo<\/p>\n<p>Tipo de conector\u00a0\u00a0\u00a0\u00a0\u00a0 \u200eAl\u00e1mbrico<\/p>\n<p>Informaci\u00f3n adicional<\/p>\n<p>Conector de salida de 3,5 mm<\/p>\n<p>Dimensiones del paquete\u00a0 18,8 x 18,4 x 6 cm; 200 g<\/p>\n<p>Resumen del producto<\/p>\n<p>Mejora tu experiencia de audio con estos auriculares con micr\u00f3fono integrado y sonido envolvente que ofrece ac\u00fastica inmersiva y realista. Haz llamadas, escucha m\u00fasica y disfruta videos con audio n\u00edtido gracias a bocinas poderosas de 28 mm. Un micr\u00f3fono boom unidireccional ajustable que se enfoca en capturar el sonido posibilita conversaciones y grabaciones de alta calidad.<\/p>\n<p>Recomendaciones<\/p>\n<p>Lea cuidadosamente la descripci\u00f3n del producto y condiciones de venta.<\/p>\n<p>Se otorga 1 a\u00f1o de respaldo por defectos de fabricaci\u00f3n directamente con la marca \u2018Conservando empaques originales\u2019. No cubre da\u00f1os ocasionados por manipulaci\u00f3n no autorizada, golpes, derrames o mal uso del equipo, Las im\u00e1genes publicadas en esta p\u00e1gina son representaciones fotogr\u00e1ficas que ilustran de manera aproximada las caracter\u00edsticas de los equipos en venta y pueden variar respecto a la realidad seg\u00fan la resoluci\u00f3n de estas y del dispositivo que se utilice para observarlas. Para cualquier proceso de garant\u00eda debes entregar el producto con los empaques y accesorios ORIGINALES.<\/p>\n","protected":false},"excerpt":{"rendered":"<p>Caracter\u00edsticas: Referencia: \u200e2EM62AA Marca: Hp Tipo: Aud\u00edfonos Al\u00e1mbricos Plataforma de hardware\u00a0\u00a0\u00a0 \u200eOrdenador de escritorio Dispositivos compatibles\u00a0\u00a0 \u200ePC Caracter\u00edsticas especiales \u200eMicr\u00f3fono incluido N\u00famero de productos\u00a0\u00a0\u00a0\u00a0\u00a0\u00a0\u00a0\u00a0 \u200e1 Factor de forma de los auriculares\u00a0\u00a0\u00a0\u00a0\u00a0\u00a0\u00a0\u00a0 \u200eCircumaurales Fuente de energ\u00eda\u00a0\u00a0 \u200eCable el\u00e9ctrico Bater\u00edas necesarias\u00a0\u00a0\u00a0\u00a0\u00a0\u00a0\u00a0\u00a0\u00a0\u00a0\u00a0 \u200eNo Tipo de conector\u00a0\u00a0\u00a0\u00a0\u00a0 \u200eAl\u00e1mbrico Informaci\u00f3n adicional Conector de salida de 3,5 mm Dimensiones del paquete\u00a0 [&hellip;]<\/p>\n","protected":false},"featured_media":8077,"comment_status":"open","ping_status":"closed","template":"","meta":{"_surecart_dashboard_logo_width":"180px","_surecart_dashboard_show_logo":true,"_surecart_dashboard_navigation_orders":true,"_surecart_dashboard_navigation_invoices":true,"_surecart_dashboard_navigation_subscriptions":true,"_surecart_dashboard_navigation_downloads":true,"_surecart_dashboard_navigation_billing":true,"_surecart_dashboard_navigation_account":true,"site-sidebar-layout":"default","site-content-layout":"","ast-site-content-layout":"default","site-content-style":"default","site-sidebar-style":"default","ast-global-header-display":"","ast-banner-title-visibility":"","ast-main-header-display":"","ast-hfb-above-header-display":"","ast-hfb-below-header-display":"","ast-hfb-mobile-header-display":"","site-post-title":"","ast-breadcrumbs-content":"","ast-featured-img":"","footer-sml-layout":"","ast-disable-related-posts":"","theme-transparent-header-meta":"","adv-header-id-meta":"","stick-header-meta":"","header-above-stick-meta":"","header-main-stick-meta":"","header-below-stick-meta":"","astra-migrate-meta-layouts":"default","ast-page-background-enabled":"default","ast-page-background-meta":{"desktop":{"background-color":"var(--ast-global-color-4)","background-image":"","background-repeat":"repeat","background-position":"center center","background-size":"auto","background-attachment":"scroll","background-type":"","background-media":"","overlay-type":"","overlay-color":"","overlay-opacity":"","overlay-gradient":""},"tablet":{"background-color":"","background-image":"","background-repeat":"repeat","background-position":"center center","background-size":"auto","background-attachment":"scroll","background-type":"","background-media":"","overlay-type":"","overlay-color":"","overlay-opacity":"","overlay-gradient":""},"mobile":{"background-color":"","background-image":"","background-repeat":"repeat","background-position":"center center","background-size":"auto","background-attachment":"scroll","background-type":"","background-media":"","overlay-type":"","overlay-color":"","overlay-opacity":"","overlay-gradient":""}},"ast-content-background-meta":{"desktop":{"background-color":"var(--ast-global-color-5)","background-image":"","background-repeat":"repeat","background-position":"center center","background-size":"auto","background-attachment":"scroll","background-type":"","background-media":"","overlay-type":"","overlay-color":"","overlay-opacity":"","overlay-gradient":""},"tablet":{"background-color":"var(--ast-global-color-5)","background-image":"","background-repeat":"repeat","background-position":"center center","background-size":"auto","background-attachment":"scroll","background-type":"","background-media":"","overlay-type":"","overlay-color":"","overlay-opacity":"","overlay-gradient":""},"mobile":{"background-color":"var(--ast-global-color-5)","background-image":"","background-repeat":"repeat","background-position":"center center","background-size":"auto","background-attachment":"scroll","background-type":"","background-media":"","overlay-type":"","overlay-color":"","overlay-opacity":"","overlay-gradient":""}}},"product_brand":[],"product_cat":[30],"product_tag":[],"class_list":{"0":"post-8076","1":"product","2":"type-product","3":"status-publish","4":"has-post-thumbnail","6":"product_cat-componentes-de-pc-portatiles","7":"desktop-align-left","8":"tablet-align-left","9":"mobile-align-left","11":"first","12":"outofstock","13":"sale","14":"taxable","15":"shipping-taxable","16":"purchasable","17":"product-type-simple"},"yoast_head":"<!-- This site is optimized with the Yoast SEO plugin v27.4 - https:\/\/yoast.com\/product\/yoast-seo-wordpress\/ -->\n<title>Aud\u00edfonos Al\u00e1mbricos HP Boom Mic Headset 150 - Giftronic.04<\/title>\n<meta name=\"robots\" content=\"index, follow, max-snippet:-1, max-image-preview:large, max-video-preview:-1\" \/>\n<link rel=\"canonical\" href=\"https:\/\/giftronic04.com\/index.php\/product\/audifonos-alambricos-hp-boom-mic-headset-150\/\" \/>\n<meta property=\"og:locale\" content=\"es_ES\" \/>\n<meta property=\"og:type\" content=\"article\" \/>\n<meta property=\"og:title\" content=\"Aud\u00edfonos Al\u00e1mbricos HP Boom Mic Headset 150 - Giftronic.04\" \/>\n<meta property=\"og:description\" content=\"Caracter\u00edsticas: Referencia: \u200e2EM62AA Marca: Hp Tipo: Aud\u00edfonos Al\u00e1mbricos Plataforma de hardware\u00a0\u00a0\u00a0 \u200eOrdenador de escritorio Dispositivos compatibles\u00a0\u00a0 \u200ePC Caracter\u00edsticas especiales \u200eMicr\u00f3fono incluido N\u00famero de productos\u00a0\u00a0\u00a0\u00a0\u00a0\u00a0\u00a0\u00a0 \u200e1 Factor de forma de los auriculares\u00a0\u00a0\u00a0\u00a0\u00a0\u00a0\u00a0\u00a0 \u200eCircumaurales Fuente de energ\u00eda\u00a0\u00a0 \u200eCable el\u00e9ctrico Bater\u00edas necesarias\u00a0\u00a0\u00a0\u00a0\u00a0\u00a0\u00a0\u00a0\u00a0\u00a0\u00a0 \u200eNo Tipo de conector\u00a0\u00a0\u00a0\u00a0\u00a0 \u200eAl\u00e1mbrico Informaci\u00f3n adicional Conector de salida de 3,5 mm Dimensiones del paquete\u00a0 [&hellip;]\" \/>\n<meta property=\"og:url\" content=\"https:\/\/giftronic04.com\/index.php\/product\/audifonos-alambricos-hp-boom-mic-headset-150\/\" \/>\n<meta property=\"og:site_name\" content=\"Giftronic.04\" \/>\n<meta property=\"article:modified_time\" content=\"2025-07-21T14:39:16+00:00\" \/>\n<meta property=\"og:image\" content=\"https:\/\/giftronic04.com\/wp-content\/uploads\/2025\/01\/01.jpg\" \/>\n\t<meta property=\"og:image:width\" content=\"2000\" \/>\n\t<meta property=\"og:image:height\" content=\"2000\" \/>\n\t<meta property=\"og:image:type\" content=\"image\/jpeg\" \/>\n<meta name=\"twitter:card\" content=\"summary_large_image\" \/>\n<meta name=\"twitter:label1\" content=\"Tiempo de lectura\" \/>\n\t<meta name=\"twitter:data1\" content=\"2 minutos\" \/>\n<script type=\"application\/ld+json\" class=\"yoast-schema-graph\">{\"@context\":\"https:\\\/\\\/schema.org\",\"@graph\":[{\"@type\":\"WebPage\",\"@id\":\"https:\\\/\\\/giftronic04.com\\\/index.php\\\/product\\\/audifonos-alambricos-hp-boom-mic-headset-150\\\/\",\"url\":\"https:\\\/\\\/giftronic04.com\\\/index.php\\\/product\\\/audifonos-alambricos-hp-boom-mic-headset-150\\\/\",\"name\":\"Aud\u00edfonos Al\u00e1mbricos HP Boom Mic Headset 150 - Giftronic.04\",\"isPartOf\":{\"@id\":\"https:\\\/\\\/giftronic04.com\\\/#website\"},\"primaryImageOfPage\":{\"@id\":\"https:\\\/\\\/giftronic04.com\\\/index.php\\\/product\\\/audifonos-alambricos-hp-boom-mic-headset-150\\\/#primaryimage\"},\"image\":{\"@id\":\"https:\\\/\\\/giftronic04.com\\\/index.php\\\/product\\\/audifonos-alambricos-hp-boom-mic-headset-150\\\/#primaryimage\"},\"thumbnailUrl\":\"https:\\\/\\\/giftronic04.com\\\/wp-content\\\/uploads\\\/2025\\\/01\\\/01.jpg\",\"datePublished\":\"2025-01-25T17:01:08+00:00\",\"dateModified\":\"2025-07-21T14:39:16+00:00\",\"breadcrumb\":{\"@id\":\"https:\\\/\\\/giftronic04.com\\\/index.php\\\/product\\\/audifonos-alambricos-hp-boom-mic-headset-150\\\/#breadcrumb\"},\"inLanguage\":\"es\",\"potentialAction\":[{\"@type\":\"ReadAction\",\"target\":[\"https:\\\/\\\/giftronic04.com\\\/index.php\\\/product\\\/audifonos-alambricos-hp-boom-mic-headset-150\\\/\"]}]},{\"@type\":\"ImageObject\",\"inLanguage\":\"es\",\"@id\":\"https:\\\/\\\/giftronic04.com\\\/index.php\\\/product\\\/audifonos-alambricos-hp-boom-mic-headset-150\\\/#primaryimage\",\"url\":\"https:\\\/\\\/giftronic04.com\\\/wp-content\\\/uploads\\\/2025\\\/01\\\/01.jpg\",\"contentUrl\":\"https:\\\/\\\/giftronic04.com\\\/wp-content\\\/uploads\\\/2025\\\/01\\\/01.jpg\",\"width\":2000,\"height\":2000},{\"@type\":\"BreadcrumbList\",\"@id\":\"https:\\\/\\\/giftronic04.com\\\/index.php\\\/product\\\/audifonos-alambricos-hp-boom-mic-headset-150\\\/#breadcrumb\",\"itemListElement\":[{\"@type\":\"ListItem\",\"position\":1,\"name\":\"Portada\",\"item\":\"https:\\\/\\\/giftronic04.com\\\/\"},{\"@type\":\"ListItem\",\"position\":2,\"name\":\"Tienda\",\"item\":\"https:\\\/\\\/giftronic04.com\\\/index.php\\\/shop\\\/\"},{\"@type\":\"ListItem\",\"position\":3,\"name\":\"Aud\u00edfonos Al\u00e1mbricos HP Boom Mic Headset 150\"}]},{\"@type\":\"WebSite\",\"@id\":\"https:\\\/\\\/giftronic04.com\\\/#website\",\"url\":\"https:\\\/\\\/giftronic04.com\\\/\",\"name\":\"Giftronic.04\",\"description\":\"Venta de equipos tecnologicos\",\"publisher\":{\"@id\":\"https:\\\/\\\/giftronic04.com\\\/#organization\"},\"potentialAction\":[{\"@type\":\"SearchAction\",\"target\":{\"@type\":\"EntryPoint\",\"urlTemplate\":\"https:\\\/\\\/giftronic04.com\\\/?s={search_term_string}\"},\"query-input\":{\"@type\":\"PropertyValueSpecification\",\"valueRequired\":true,\"valueName\":\"search_term_string\"}}],\"inLanguage\":\"es\"},{\"@type\":\"Organization\",\"@id\":\"https:\\\/\\\/giftronic04.com\\\/#organization\",\"name\":\"giftronic04\",\"url\":\"https:\\\/\\\/giftronic04.com\\\/\",\"logo\":{\"@type\":\"ImageObject\",\"inLanguage\":\"es\",\"@id\":\"https:\\\/\\\/giftronic04.com\\\/#\\\/schema\\\/logo\\\/image\\\/\",\"url\":\"https:\\\/\\\/giftronic04.com\\\/wp-content\\\/uploads\\\/2021\\\/08\\\/logo.png\",\"contentUrl\":\"https:\\\/\\\/giftronic04.com\\\/wp-content\\\/uploads\\\/2021\\\/08\\\/logo.png\",\"width\":6640,\"height\":2192,\"caption\":\"giftronic04\"},\"image\":{\"@id\":\"https:\\\/\\\/giftronic04.com\\\/#\\\/schema\\\/logo\\\/image\\\/\"},\"sameAs\":[\"https:\\\/\\\/www.instagram.com\\\/giftronic.04\\\/\"]}]}<\/script>\n<!-- \/ Yoast SEO plugin. -->","yoast_head_json":{"title":"Aud\u00edfonos Al\u00e1mbricos HP Boom Mic Headset 150 - Giftronic.04","robots":{"index":"index","follow":"follow","max-snippet":"max-snippet:-1","max-image-preview":"max-image-preview:large","max-video-preview":"max-video-preview:-1"},"canonical":"https:\/\/giftronic04.com\/index.php\/product\/audifonos-alambricos-hp-boom-mic-headset-150\/","og_locale":"es_ES","og_type":"article","og_title":"Aud\u00edfonos Al\u00e1mbricos HP Boom Mic Headset 150 - Giftronic.04","og_description":"Caracter\u00edsticas: Referencia: \u200e2EM62AA Marca: Hp Tipo: Aud\u00edfonos Al\u00e1mbricos Plataforma de hardware\u00a0\u00a0\u00a0 \u200eOrdenador de escritorio Dispositivos compatibles\u00a0\u00a0 \u200ePC Caracter\u00edsticas especiales \u200eMicr\u00f3fono incluido N\u00famero de productos\u00a0\u00a0\u00a0\u00a0\u00a0\u00a0\u00a0\u00a0 \u200e1 Factor de forma de los auriculares\u00a0\u00a0\u00a0\u00a0\u00a0\u00a0\u00a0\u00a0 \u200eCircumaurales Fuente de energ\u00eda\u00a0\u00a0 \u200eCable el\u00e9ctrico Bater\u00edas necesarias\u00a0\u00a0\u00a0\u00a0\u00a0\u00a0\u00a0\u00a0\u00a0\u00a0\u00a0 \u200eNo Tipo de conector\u00a0\u00a0\u00a0\u00a0\u00a0 \u200eAl\u00e1mbrico Informaci\u00f3n adicional Conector de salida de 3,5 mm Dimensiones del paquete\u00a0 [&hellip;]","og_url":"https:\/\/giftronic04.com\/index.php\/product\/audifonos-alambricos-hp-boom-mic-headset-150\/","og_site_name":"Giftronic.04","article_modified_time":"2025-07-21T14:39:16+00:00","og_image":[{"width":2000,"height":2000,"url":"https:\/\/giftronic04.com\/wp-content\/uploads\/2025\/01\/01.jpg","type":"image\/jpeg"}],"twitter_card":"summary_large_image","twitter_misc":{"Tiempo de lectura":"2 minutos"},"schema":{"@context":"https:\/\/schema.org","@graph":[{"@type":"WebPage","@id":"https:\/\/giftronic04.com\/index.php\/product\/audifonos-alambricos-hp-boom-mic-headset-150\/","url":"https:\/\/giftronic04.com\/index.php\/product\/audifonos-alambricos-hp-boom-mic-headset-150\/","name":"Aud\u00edfonos Al\u00e1mbricos HP Boom Mic Headset 150 - Giftronic.04","isPartOf":{"@id":"https:\/\/giftronic04.com\/#website"},"primaryImageOfPage":{"@id":"https:\/\/giftronic04.com\/index.php\/product\/audifonos-alambricos-hp-boom-mic-headset-150\/#primaryimage"},"image":{"@id":"https:\/\/giftronic04.com\/index.php\/product\/audifonos-alambricos-hp-boom-mic-headset-150\/#primaryimage"},"thumbnailUrl":"https:\/\/giftronic04.com\/wp-content\/uploads\/2025\/01\/01.jpg","datePublished":"2025-01-25T17:01:08+00:00","dateModified":"2025-07-21T14:39:16+00:00","breadcrumb":{"@id":"https:\/\/giftronic04.com\/index.php\/product\/audifonos-alambricos-hp-boom-mic-headset-150\/#breadcrumb"},"inLanguage":"es","potentialAction":[{"@type":"ReadAction","target":["https:\/\/giftronic04.com\/index.php\/product\/audifonos-alambricos-hp-boom-mic-headset-150\/"]}]},{"@type":"ImageObject","inLanguage":"es","@id":"https:\/\/giftronic04.com\/index.php\/product\/audifonos-alambricos-hp-boom-mic-headset-150\/#primaryimage","url":"https:\/\/giftronic04.com\/wp-content\/uploads\/2025\/01\/01.jpg","contentUrl":"https:\/\/giftronic04.com\/wp-content\/uploads\/2025\/01\/01.jpg","width":2000,"height":2000},{"@type":"BreadcrumbList","@id":"https:\/\/giftronic04.com\/index.php\/product\/audifonos-alambricos-hp-boom-mic-headset-150\/#breadcrumb","itemListElement":[{"@type":"ListItem","position":1,"name":"Portada","item":"https:\/\/giftronic04.com\/"},{"@type":"ListItem","position":2,"name":"Tienda","item":"https:\/\/giftronic04.com\/index.php\/shop\/"},{"@type":"ListItem","position":3,"name":"Aud\u00edfonos Al\u00e1mbricos HP Boom Mic Headset 150"}]},{"@type":"WebSite","@id":"https:\/\/giftronic04.com\/#website","url":"https:\/\/giftronic04.com\/","name":"Giftronic.04","description":"Venta de equipos tecnologicos","publisher":{"@id":"https:\/\/giftronic04.com\/#organization"},"potentialAction":[{"@type":"SearchAction","target":{"@type":"EntryPoint","urlTemplate":"https:\/\/giftronic04.com\/?s={search_term_string}"},"query-input":{"@type":"PropertyValueSpecification","valueRequired":true,"valueName":"search_term_string"}}],"inLanguage":"es"},{"@type":"Organization","@id":"https:\/\/giftronic04.com\/#organization","name":"giftronic04","url":"https:\/\/giftronic04.com\/","logo":{"@type":"ImageObject","inLanguage":"es","@id":"https:\/\/giftronic04.com\/#\/schema\/logo\/image\/","url":"https:\/\/giftronic04.com\/wp-content\/uploads\/2021\/08\/logo.png","contentUrl":"https:\/\/giftronic04.com\/wp-content\/uploads\/2021\/08\/logo.png","width":6640,"height":2192,"caption":"giftronic04"},"image":{"@id":"https:\/\/giftronic04.com\/#\/schema\/logo\/image\/"},"sameAs":["https:\/\/www.instagram.com\/giftronic.04\/"]}]}},"jetpack_sharing_enabled":true,"_links":{"self":[{"href":"https:\/\/giftronic04.com\/index.php\/wp-json\/wp\/v2\/product\/8076","targetHints":{"allow":["GET"]}}],"collection":[{"href":"https:\/\/giftronic04.com\/index.php\/wp-json\/wp\/v2\/product"}],"about":[{"href":"https:\/\/giftronic04.com\/index.php\/wp-json\/wp\/v2\/types\/product"}],"replies":[{"embeddable":true,"href":"https:\/\/giftronic04.com\/index.php\/wp-json\/wp\/v2\/comments?post=8076"}],"wp:featuredmedia":[{"embeddable":true,"href":"https:\/\/giftronic04.com\/index.php\/wp-json\/wp\/v2\/media\/8077"}],"wp:attachment":[{"href":"https:\/\/giftronic04.com\/index.php\/wp-json\/wp\/v2\/media?parent=8076"}],"wp:term":[{"taxonomy":"product_brand","embeddable":true,"href":"https:\/\/giftronic04.com\/index.php\/wp-json\/wp\/v2\/product_brand?post=8076"},{"taxonomy":"product_cat","embeddable":true,"href":"https:\/\/giftronic04.com\/index.php\/wp-json\/wp\/v2\/product_cat?post=8076"},{"taxonomy":"product_tag","embeddable":true,"href":"https:\/\/giftronic04.com\/index.php\/wp-json\/wp\/v2\/product_tag?post=8076"}],"curies":[{"name":"wp","href":"https:\/\/api.w.org\/{rel}","templated":true}]}}