{"id":8173,"date":"2025-02-15T16:43:35","date_gmt":"2025-02-15T21:43:35","guid":{"rendered":"https:\/\/giftronic04.com\/?post_type=product&#038;p=8173"},"modified":"2025-05-19T13:31:02","modified_gmt":"2025-05-19T18:31:02","slug":"monitor-ips-hp-serie-5-527sf-de-27-full-hd-100hz-black","status":"publish","type":"product","link":"https:\/\/giftronic04.com\/index.php\/product\/monitor-ips-hp-serie-5-527sf-de-27-full-hd-100hz-black\/","title":{"rendered":"Monitor IPS HP Serie 5 527sf de 27&#8242; Full HD 100Hz Black"},"content":{"rendered":"<p>Caracter\u00edsticas:<\/p>\n<p>Referencia: Series 5 527sf<\/p>\n<p>Marca: Hp<\/p>\n<p>Tipo: Monitor<\/p>\n<p>Resoluci\u00f3n Pantalla Full HD (1920&#215;1080) IPS<\/p>\n<p>Tama\u00f1o Pantalla\u00a0\u00a0\u00a0\u00a0 27\u2019 Pulgadas<\/p>\n<p>Contraste 1500:1<\/p>\n<p>Brightness 300 nits<\/p>\n<p>Tiempo de respuesta 5ms<\/p>\n<p>Peso 3,2 Kg<\/p>\n<p>Frecuencia de Actualizaci\u00f3n 100Hz<\/p>\n<p>Voltaje 100 y 240 VAC, 50\/60 Hz<\/p>\n<p>Puertos<\/p>\n<p>HDMI x2<\/p>\n<p>VGA x1<\/p>\n<p>Resumen del producto<\/p>\n<p>El monitor Full HD de 27&#8243; HP Series 5 527sf, una combinaci\u00f3n sorprendente de rendimiento y estilo, ofrece una experiencia de visualizaci\u00f3n envolvente para todas sus actividades digitales. Su dise\u00f1o elegante, delgado y liviano no solo agrega un toque de sofisticaci\u00f3n a su espacio de trabajo, sino que tambi\u00e9n brinda la flexibilidad para disfrutar del entretenimiento en cualquier entorno.<\/p>\n<p>La reproducci\u00f3n de colores vibrantes y la profunda relaci\u00f3n de contraste de este monitor FHD de 27&#8243; garantizan que veas cada detalle tal como fue concebido. Con una cobertura de color sRGB del 99 %, una profunda relaci\u00f3n de contraste de 1500:1 y un brillo de 300 nits, puedes esperar im\u00e1genes realistas y detalles vibrantes que resaltan en la pantalla.<\/p>\n<p>La frecuencia de actualizaci\u00f3n de 100 Hz de este monitor LCD IPS garantiza un desplazamiento fluido y una visualizaci\u00f3n sin interrupciones, mejorando el tiempo que pasa frente a la pantalla, ya sea que est\u00e9 trabajando, jugando o transmitiendo contenido.<\/p>\n<p>&nbsp;<\/p>\n<p>Dise\u00f1ado pensando en su comodidad, este monitor FHD de 27&#8243; cuenta con un soporte con ajuste de inclinaci\u00f3n y la Gu\u00eda de configuraci\u00f3n ergon\u00f3mica en el HP Display Center, lo que le permite personalizar su \u00e1ngulo de visi\u00f3n para una comodidad \u00f3ptima. La certificaci\u00f3n HP Eye Ease con Eyesafe limita la emisi\u00f3n de luz azul, lo que garantiza que sus ojos se mantengan c\u00f3modos sin comprometer la precisi\u00f3n del color.<\/p>\n<p>El dise\u00f1o ultrafino sin bordes en tres lados de este monitor de 27&#8243; lo convierte en la opci\u00f3n ideal para una configuraci\u00f3n de doble pantalla, lo que ofrece una visualizaci\u00f3n mejorada y una experiencia visual perfecta. La gesti\u00f3n simplificada de cables y las opciones de conectividad, que incluyen un puerto VGA y dos puertos HDMI 1.4, aumentan la comodidad.<\/p>\n<p>Recomendaciones<\/p>\n<p>Lea cuidadosamente la descripci\u00f3n del producto y condiciones de venta.<\/p>\n<p>Se otorga 1 a\u00f1o de respaldo por defectos de fabricaci\u00f3n directamente con la marca \u2018Conservando empaques originales\u2019. No cubre da\u00f1os ocasionados por manipulaci\u00f3n no autorizada, golpes, derrames o mal uso del equipo, Las im\u00e1genes publicadas en esta p\u00e1gina son representaciones fotogr\u00e1ficas que ilustran de manera aproximada las caracter\u00edsticas de los equipos en venta y pueden variar respecto a la realidad seg\u00fan la resoluci\u00f3n de estas y del dispositivo que se utilice para observarlas. Para cualquier proceso de garant\u00eda debes entregar el producto con los empaques y accesorios ORIGINALES.<\/p>\n","protected":false},"excerpt":{"rendered":"<p>Caracter\u00edsticas: Referencia: Series 5 527sf Marca: Hp Tipo: Monitor Resoluci\u00f3n Pantalla Full HD (1920&#215;1080) IPS Tama\u00f1o Pantalla\u00a0\u00a0\u00a0\u00a0 27\u2019 Pulgadas Contraste 1500:1 Brightness 300 nits Tiempo de respuesta 5ms Peso 3,2 Kg Frecuencia de Actualizaci\u00f3n 100Hz Voltaje 100 y 240 VAC, 50\/60 Hz Puertos HDMI x2 VGA x1 Resumen del producto El monitor Full HD de [&hellip;]<\/p>\n","protected":false},"featured_media":8174,"comment_status":"open","ping_status":"closed","template":"","meta":{"_surecart_dashboard_logo_width":"180px","_surecart_dashboard_show_logo":true,"_surecart_dashboard_navigation_orders":true,"_surecart_dashboard_navigation_invoices":true,"_surecart_dashboard_navigation_subscriptions":true,"_surecart_dashboard_navigation_downloads":true,"_surecart_dashboard_navigation_billing":true,"_surecart_dashboard_navigation_account":true,"site-sidebar-layout":"default","site-content-layout":"","ast-site-content-layout":"default","site-content-style":"default","site-sidebar-style":"default","ast-global-header-display":"","ast-banner-title-visibility":"","ast-main-header-display":"","ast-hfb-above-header-display":"","ast-hfb-below-header-display":"","ast-hfb-mobile-header-display":"","site-post-title":"","ast-breadcrumbs-content":"","ast-featured-img":"","footer-sml-layout":"","ast-disable-related-posts":"","theme-transparent-header-meta":"","adv-header-id-meta":"","stick-header-meta":"","header-above-stick-meta":"","header-main-stick-meta":"","header-below-stick-meta":"","astra-migrate-meta-layouts":"default","ast-page-background-enabled":"default","ast-page-background-meta":{"desktop":{"background-color":"var(--ast-global-color-4)","background-image":"","background-repeat":"repeat","background-position":"center center","background-size":"auto","background-attachment":"scroll","background-type":"","background-media":"","overlay-type":"","overlay-color":"","overlay-opacity":"","overlay-gradient":""},"tablet":{"background-color":"","background-image":"","background-repeat":"repeat","background-position":"center center","background-size":"auto","background-attachment":"scroll","background-type":"","background-media":"","overlay-type":"","overlay-color":"","overlay-opacity":"","overlay-gradient":""},"mobile":{"background-color":"","background-image":"","background-repeat":"repeat","background-position":"center center","background-size":"auto","background-attachment":"scroll","background-type":"","background-media":"","overlay-type":"","overlay-color":"","overlay-opacity":"","overlay-gradient":""}},"ast-content-background-meta":{"desktop":{"background-color":"var(--ast-global-color-5)","background-image":"","background-repeat":"repeat","background-position":"center center","background-size":"auto","background-attachment":"scroll","background-type":"","background-media":"","overlay-type":"","overlay-color":"","overlay-opacity":"","overlay-gradient":""},"tablet":{"background-color":"var(--ast-global-color-5)","background-image":"","background-repeat":"repeat","background-position":"center center","background-size":"auto","background-attachment":"scroll","background-type":"","background-media":"","overlay-type":"","overlay-color":"","overlay-opacity":"","overlay-gradient":""},"mobile":{"background-color":"var(--ast-global-color-5)","background-image":"","background-repeat":"repeat","background-position":"center center","background-size":"auto","background-attachment":"scroll","background-type":"","background-media":"","overlay-type":"","overlay-color":"","overlay-opacity":"","overlay-gradient":""}}},"product_brand":[],"product_cat":[34],"product_tag":[],"class_list":{"0":"post-8173","1":"product","2":"type-product","3":"status-publish","4":"has-post-thumbnail","6":"product_cat-monitores-y-accesorios","7":"desktop-align-left","8":"tablet-align-left","9":"mobile-align-left","11":"first","12":"outofstock","13":"sale","14":"taxable","15":"shipping-taxable","16":"purchasable","17":"product-type-simple"},"yoast_head":"<!-- This site is optimized with the Yoast SEO plugin v27.5 - https:\/\/yoast.com\/product\/yoast-seo-wordpress\/ -->\n<title>Monitor IPS HP Serie 5 527sf de 27&#039; Full HD 100Hz Black - Giftronic.04<\/title>\n<meta name=\"robots\" content=\"index, follow, max-snippet:-1, max-image-preview:large, max-video-preview:-1\" \/>\n<link rel=\"canonical\" href=\"https:\/\/giftronic04.com\/index.php\/product\/monitor-ips-hp-serie-5-527sf-de-27-full-hd-100hz-black\/\" \/>\n<meta property=\"og:locale\" content=\"es_ES\" \/>\n<meta property=\"og:type\" content=\"article\" \/>\n<meta property=\"og:title\" content=\"Monitor IPS HP Serie 5 527sf de 27&#039; Full HD 100Hz Black - Giftronic.04\" \/>\n<meta property=\"og:description\" content=\"Caracter\u00edsticas: Referencia: Series 5 527sf Marca: Hp Tipo: Monitor Resoluci\u00f3n Pantalla Full HD (1920&#215;1080) IPS Tama\u00f1o Pantalla\u00a0\u00a0\u00a0\u00a0 27\u2019 Pulgadas Contraste 1500:1 Brightness 300 nits Tiempo de respuesta 5ms Peso 3,2 Kg Frecuencia de Actualizaci\u00f3n 100Hz Voltaje 100 y 240 VAC, 50\/60 Hz Puertos HDMI x2 VGA x1 Resumen del producto El monitor Full HD de [&hellip;]\" \/>\n<meta property=\"og:url\" content=\"https:\/\/giftronic04.com\/index.php\/product\/monitor-ips-hp-serie-5-527sf-de-27-full-hd-100hz-black\/\" \/>\n<meta property=\"og:site_name\" content=\"Giftronic.04\" \/>\n<meta property=\"article:modified_time\" content=\"2025-05-19T18:31:02+00:00\" \/>\n<meta property=\"og:image\" content=\"https:\/\/giftronic04.com\/wp-content\/uploads\/2025\/02\/1-2.jpg\" \/>\n\t<meta property=\"og:image:width\" content=\"2000\" \/>\n\t<meta property=\"og:image:height\" content=\"2000\" \/>\n\t<meta property=\"og:image:type\" content=\"image\/jpeg\" \/>\n<meta name=\"twitter:card\" content=\"summary_large_image\" \/>\n<meta name=\"twitter:label1\" content=\"Tiempo de lectura\" \/>\n\t<meta name=\"twitter:data1\" content=\"3 minutos\" \/>\n<script type=\"application\/ld+json\" class=\"yoast-schema-graph\">{\"@context\":\"https:\\\/\\\/schema.org\",\"@graph\":[{\"@type\":\"WebPage\",\"@id\":\"https:\\\/\\\/giftronic04.com\\\/index.php\\\/product\\\/monitor-ips-hp-serie-5-527sf-de-27-full-hd-100hz-black\\\/\",\"url\":\"https:\\\/\\\/giftronic04.com\\\/index.php\\\/product\\\/monitor-ips-hp-serie-5-527sf-de-27-full-hd-100hz-black\\\/\",\"name\":\"Monitor IPS HP Serie 5 527sf de 27' Full HD 100Hz Black - Giftronic.04\",\"isPartOf\":{\"@id\":\"https:\\\/\\\/giftronic04.com\\\/#website\"},\"primaryImageOfPage\":{\"@id\":\"https:\\\/\\\/giftronic04.com\\\/index.php\\\/product\\\/monitor-ips-hp-serie-5-527sf-de-27-full-hd-100hz-black\\\/#primaryimage\"},\"image\":{\"@id\":\"https:\\\/\\\/giftronic04.com\\\/index.php\\\/product\\\/monitor-ips-hp-serie-5-527sf-de-27-full-hd-100hz-black\\\/#primaryimage\"},\"thumbnailUrl\":\"https:\\\/\\\/giftronic04.com\\\/wp-content\\\/uploads\\\/2025\\\/02\\\/1-2.jpg\",\"datePublished\":\"2025-02-15T21:43:35+00:00\",\"dateModified\":\"2025-05-19T18:31:02+00:00\",\"breadcrumb\":{\"@id\":\"https:\\\/\\\/giftronic04.com\\\/index.php\\\/product\\\/monitor-ips-hp-serie-5-527sf-de-27-full-hd-100hz-black\\\/#breadcrumb\"},\"inLanguage\":\"es\",\"potentialAction\":[{\"@type\":\"ReadAction\",\"target\":[\"https:\\\/\\\/giftronic04.com\\\/index.php\\\/product\\\/monitor-ips-hp-serie-5-527sf-de-27-full-hd-100hz-black\\\/\"]}]},{\"@type\":\"ImageObject\",\"inLanguage\":\"es\",\"@id\":\"https:\\\/\\\/giftronic04.com\\\/index.php\\\/product\\\/monitor-ips-hp-serie-5-527sf-de-27-full-hd-100hz-black\\\/#primaryimage\",\"url\":\"https:\\\/\\\/giftronic04.com\\\/wp-content\\\/uploads\\\/2025\\\/02\\\/1-2.jpg\",\"contentUrl\":\"https:\\\/\\\/giftronic04.com\\\/wp-content\\\/uploads\\\/2025\\\/02\\\/1-2.jpg\",\"width\":2000,\"height\":2000},{\"@type\":\"BreadcrumbList\",\"@id\":\"https:\\\/\\\/giftronic04.com\\\/index.php\\\/product\\\/monitor-ips-hp-serie-5-527sf-de-27-full-hd-100hz-black\\\/#breadcrumb\",\"itemListElement\":[{\"@type\":\"ListItem\",\"position\":1,\"name\":\"Portada\",\"item\":\"https:\\\/\\\/giftronic04.com\\\/\"},{\"@type\":\"ListItem\",\"position\":2,\"name\":\"Tienda\",\"item\":\"https:\\\/\\\/giftronic04.com\\\/index.php\\\/shop\\\/\"},{\"@type\":\"ListItem\",\"position\":3,\"name\":\"Monitor IPS HP Serie 5 527sf de 27&#8242; Full HD 100Hz Black\"}]},{\"@type\":\"WebSite\",\"@id\":\"https:\\\/\\\/giftronic04.com\\\/#website\",\"url\":\"https:\\\/\\\/giftronic04.com\\\/\",\"name\":\"Giftronic.04\",\"description\":\"Venta de equipos tecnologicos\",\"publisher\":{\"@id\":\"https:\\\/\\\/giftronic04.com\\\/#organization\"},\"potentialAction\":[{\"@type\":\"SearchAction\",\"target\":{\"@type\":\"EntryPoint\",\"urlTemplate\":\"https:\\\/\\\/giftronic04.com\\\/?s={search_term_string}\"},\"query-input\":{\"@type\":\"PropertyValueSpecification\",\"valueRequired\":true,\"valueName\":\"search_term_string\"}}],\"inLanguage\":\"es\"},{\"@type\":\"Organization\",\"@id\":\"https:\\\/\\\/giftronic04.com\\\/#organization\",\"name\":\"giftronic04\",\"url\":\"https:\\\/\\\/giftronic04.com\\\/\",\"logo\":{\"@type\":\"ImageObject\",\"inLanguage\":\"es\",\"@id\":\"https:\\\/\\\/giftronic04.com\\\/#\\\/schema\\\/logo\\\/image\\\/\",\"url\":\"https:\\\/\\\/giftronic04.com\\\/wp-content\\\/uploads\\\/2021\\\/08\\\/logo.png\",\"contentUrl\":\"https:\\\/\\\/giftronic04.com\\\/wp-content\\\/uploads\\\/2021\\\/08\\\/logo.png\",\"width\":6640,\"height\":2192,\"caption\":\"giftronic04\"},\"image\":{\"@id\":\"https:\\\/\\\/giftronic04.com\\\/#\\\/schema\\\/logo\\\/image\\\/\"},\"sameAs\":[\"https:\\\/\\\/www.instagram.com\\\/giftronic.04\\\/\"]}]}<\/script>\n<!-- \/ Yoast SEO plugin. -->","yoast_head_json":{"title":"Monitor IPS HP Serie 5 527sf de 27' Full HD 100Hz Black - Giftronic.04","robots":{"index":"index","follow":"follow","max-snippet":"max-snippet:-1","max-image-preview":"max-image-preview:large","max-video-preview":"max-video-preview:-1"},"canonical":"https:\/\/giftronic04.com\/index.php\/product\/monitor-ips-hp-serie-5-527sf-de-27-full-hd-100hz-black\/","og_locale":"es_ES","og_type":"article","og_title":"Monitor IPS HP Serie 5 527sf de 27' Full HD 100Hz Black - Giftronic.04","og_description":"Caracter\u00edsticas: Referencia: Series 5 527sf Marca: Hp Tipo: Monitor Resoluci\u00f3n Pantalla Full HD (1920&#215;1080) IPS Tama\u00f1o Pantalla\u00a0\u00a0\u00a0\u00a0 27\u2019 Pulgadas Contraste 1500:1 Brightness 300 nits Tiempo de respuesta 5ms Peso 3,2 Kg Frecuencia de Actualizaci\u00f3n 100Hz Voltaje 100 y 240 VAC, 50\/60 Hz Puertos HDMI x2 VGA x1 Resumen del producto El monitor Full HD de [&hellip;]","og_url":"https:\/\/giftronic04.com\/index.php\/product\/monitor-ips-hp-serie-5-527sf-de-27-full-hd-100hz-black\/","og_site_name":"Giftronic.04","article_modified_time":"2025-05-19T18:31:02+00:00","og_image":[{"width":2000,"height":2000,"url":"https:\/\/giftronic04.com\/wp-content\/uploads\/2025\/02\/1-2.jpg","type":"image\/jpeg"}],"twitter_card":"summary_large_image","twitter_misc":{"Tiempo de lectura":"3 minutos"},"schema":{"@context":"https:\/\/schema.org","@graph":[{"@type":"WebPage","@id":"https:\/\/giftronic04.com\/index.php\/product\/monitor-ips-hp-serie-5-527sf-de-27-full-hd-100hz-black\/","url":"https:\/\/giftronic04.com\/index.php\/product\/monitor-ips-hp-serie-5-527sf-de-27-full-hd-100hz-black\/","name":"Monitor IPS HP Serie 5 527sf de 27' Full HD 100Hz Black - Giftronic.04","isPartOf":{"@id":"https:\/\/giftronic04.com\/#website"},"primaryImageOfPage":{"@id":"https:\/\/giftronic04.com\/index.php\/product\/monitor-ips-hp-serie-5-527sf-de-27-full-hd-100hz-black\/#primaryimage"},"image":{"@id":"https:\/\/giftronic04.com\/index.php\/product\/monitor-ips-hp-serie-5-527sf-de-27-full-hd-100hz-black\/#primaryimage"},"thumbnailUrl":"https:\/\/giftronic04.com\/wp-content\/uploads\/2025\/02\/1-2.jpg","datePublished":"2025-02-15T21:43:35+00:00","dateModified":"2025-05-19T18:31:02+00:00","breadcrumb":{"@id":"https:\/\/giftronic04.com\/index.php\/product\/monitor-ips-hp-serie-5-527sf-de-27-full-hd-100hz-black\/#breadcrumb"},"inLanguage":"es","potentialAction":[{"@type":"ReadAction","target":["https:\/\/giftronic04.com\/index.php\/product\/monitor-ips-hp-serie-5-527sf-de-27-full-hd-100hz-black\/"]}]},{"@type":"ImageObject","inLanguage":"es","@id":"https:\/\/giftronic04.com\/index.php\/product\/monitor-ips-hp-serie-5-527sf-de-27-full-hd-100hz-black\/#primaryimage","url":"https:\/\/giftronic04.com\/wp-content\/uploads\/2025\/02\/1-2.jpg","contentUrl":"https:\/\/giftronic04.com\/wp-content\/uploads\/2025\/02\/1-2.jpg","width":2000,"height":2000},{"@type":"BreadcrumbList","@id":"https:\/\/giftronic04.com\/index.php\/product\/monitor-ips-hp-serie-5-527sf-de-27-full-hd-100hz-black\/#breadcrumb","itemListElement":[{"@type":"ListItem","position":1,"name":"Portada","item":"https:\/\/giftronic04.com\/"},{"@type":"ListItem","position":2,"name":"Tienda","item":"https:\/\/giftronic04.com\/index.php\/shop\/"},{"@type":"ListItem","position":3,"name":"Monitor IPS HP Serie 5 527sf de 27&#8242; Full HD 100Hz Black"}]},{"@type":"WebSite","@id":"https:\/\/giftronic04.com\/#website","url":"https:\/\/giftronic04.com\/","name":"Giftronic.04","description":"Venta de equipos tecnologicos","publisher":{"@id":"https:\/\/giftronic04.com\/#organization"},"potentialAction":[{"@type":"SearchAction","target":{"@type":"EntryPoint","urlTemplate":"https:\/\/giftronic04.com\/?s={search_term_string}"},"query-input":{"@type":"PropertyValueSpecification","valueRequired":true,"valueName":"search_term_string"}}],"inLanguage":"es"},{"@type":"Organization","@id":"https:\/\/giftronic04.com\/#organization","name":"giftronic04","url":"https:\/\/giftronic04.com\/","logo":{"@type":"ImageObject","inLanguage":"es","@id":"https:\/\/giftronic04.com\/#\/schema\/logo\/image\/","url":"https:\/\/giftronic04.com\/wp-content\/uploads\/2021\/08\/logo.png","contentUrl":"https:\/\/giftronic04.com\/wp-content\/uploads\/2021\/08\/logo.png","width":6640,"height":2192,"caption":"giftronic04"},"image":{"@id":"https:\/\/giftronic04.com\/#\/schema\/logo\/image\/"},"sameAs":["https:\/\/www.instagram.com\/giftronic.04\/"]}]}},"jetpack_sharing_enabled":true,"_links":{"self":[{"href":"https:\/\/giftronic04.com\/index.php\/wp-json\/wp\/v2\/product\/8173","targetHints":{"allow":["GET"]}}],"collection":[{"href":"https:\/\/giftronic04.com\/index.php\/wp-json\/wp\/v2\/product"}],"about":[{"href":"https:\/\/giftronic04.com\/index.php\/wp-json\/wp\/v2\/types\/product"}],"replies":[{"embeddable":true,"href":"https:\/\/giftronic04.com\/index.php\/wp-json\/wp\/v2\/comments?post=8173"}],"wp:featuredmedia":[{"embeddable":true,"href":"https:\/\/giftronic04.com\/index.php\/wp-json\/wp\/v2\/media\/8174"}],"wp:attachment":[{"href":"https:\/\/giftronic04.com\/index.php\/wp-json\/wp\/v2\/media?parent=8173"}],"wp:term":[{"taxonomy":"product_brand","embeddable":true,"href":"https:\/\/giftronic04.com\/index.php\/wp-json\/wp\/v2\/product_brand?post=8173"},{"taxonomy":"product_cat","embeddable":true,"href":"https:\/\/giftronic04.com\/index.php\/wp-json\/wp\/v2\/product_cat?post=8173"},{"taxonomy":"product_tag","embeddable":true,"href":"https:\/\/giftronic04.com\/index.php\/wp-json\/wp\/v2\/product_tag?post=8173"}],"curies":[{"name":"wp","href":"https:\/\/api.w.org\/{rel}","templated":true}]}}