{"id":8320,"date":"2025-02-28T16:13:41","date_gmt":"2025-02-28T21:13:41","guid":{"rendered":"https:\/\/giftronic04.com\/?post_type=product&#038;p=8320"},"modified":"2025-09-04T10:31:36","modified_gmt":"2025-09-04T15:31:36","slug":"pc-thinkcentre-neo-50q-ge4-intel-i5-13420h-ram-8gb-512gb-ssd-black-monitor-thinkvision-s22i-30","status":"publish","type":"product","link":"https:\/\/giftronic04.com\/index.php\/product\/pc-thinkcentre-neo-50q-ge4-intel-i5-13420h-ram-8gb-512gb-ssd-black-monitor-thinkvision-s22i-30\/","title":{"rendered":"PC ThinkCentre Neo 50q Ge4 Intel i5-13420H RAM 8GB 512GB SSD Black + MONITOR  ThinkVision S22i-30"},"content":{"rendered":"<p>Caracter\u00edsticas<\/p>\n<p>Marca: Lenovo<\/p>\n<p>Referencia: CPU ThinkCentre Neo 50q Ge4 + MONITOR ThinkVision S22i-30<\/p>\n<p>Tipo: CPU + MONITOR<\/p>\n<p>Resoluci\u00f3n Pantalla FHD (1920&#215;1080) IPS Display, Anti-glare 16:9<\/p>\n<p>Tiempo de respuesta de 4 ms<\/p>\n<p>Taza de refresco 75Hz<\/p>\n<p>Radio de Contraste 1000:1, 99% sRGB, 8-bit (6-bit+FRC)<\/p>\n<p>Tama\u00f1o Pantalla\u00a0\u00a0\u00a0\u00a0 21,5\u2019 Pulgadas<\/p>\n<p>Puertos Monitor<\/p>\n<p>1x HDMI\u00ae 1.4<\/p>\n<p>1x VGA<\/p>\n<p>1x audio-out (3.5mm)<\/p>\n<p>Memoria RAM: 8GB DDR4-3200<\/p>\n<p>Tipos de Discos que Incluye\u00a0\u00a0\u00a0\u00a0\u00a0\u00a0\u00a0 Disco Estado Solido (SSD)<\/p>\n<p>Capacidad de Disco \u00a0\u00a0512GB M.2 SSD<\/p>\n<p>Marca del Procesador\u00a0\u00a0\u00a0\u00a0\u00a0\u00a0\u00a0 INTEL<\/p>\n<p>Procesador Intel\u00ae Core\u2122 i5-13420H<\/p>\n<p>Intel\u00ae UHD Graphics<\/p>\n<p>Sistema Operativo: Linux<\/p>\n<p>Sistema Operativo Opcional:\u00a0\u00a0\u00a0\u00a0\u00a0\u00a0\u00a0 Windows 11 de prueba<\/p>\n<p>N\u00facleos del Procesador\u00a0\u00a0\u00a0\u00a0 8 N\u00facleos<\/p>\n<p>Velocidad del Procesador: Reloj base 2,1GHz M\u00e1x. Hasta 4.6GHz<\/p>\n<p>Peso\u00a0\u00a0 3,7 Kilogramos<\/p>\n<p>Caracter\u00edsticas Especiales CPU<\/p>\n<p>Puertos Frontales<\/p>\n<p>1x USB-C\u00ae 3.2 Gen 2<\/p>\n<p>1x USB 3.2 Gen 2<\/p>\n<p>1x headphone \/ microphone combo jack (3.5mm)<\/p>\n<p>Puertos Traseros<\/p>\n<p>2x USB 2.0<\/p>\n<p>2x USB 3.2 Gen 2<\/p>\n<p>1x HDMI\u00ae 2.1 TMDS<\/p>\n<p>1x DisplayPort\u2122 1.4<\/p>\n<p>1x Ethernet (RJ-45)<\/p>\n<p>Opciones de Conexi\u00f3n<\/p>\n<p>Bluetooth<\/p>\n<p>Wifi<\/p>\n<p>Fuente de Alimentaci\u00f3n de Energ\u00eda<\/p>\n<p>Tonalidad de Color\u00a0 Black<\/p>\n<p>Incluye Teclado y Mouse Al\u00e1mbrico<\/p>\n<p>Incluye base CPU<\/p>\n<p>Resumen del producto<\/p>\n<p>El espacio de tu oficina o en tu hogar puede suponer un problema. Por suerte, el ThinkCentre Neo 50q de 4.\u00aa Gen es lo suficientemente compacto y duradero como para poder colocarlo en casi cualquier lugar, incluso en los lugares m\u00e1s peque\u00f1os. Tambi\u00e9n es port\u00e1til, por lo que es ideal para el trabajo h\u00edbrido. Adem\u00e1s, este PC cuenta con un potente procesador Intel\u00ae Core\u2122 i5 H-Series de 13ava Generaci\u00f3n, rendimiento y productividad sin l\u00edmites adem\u00e1s cuenta con m\u00faltiples puertos, incluidos USB-C y HDMI. Tambi\u00e9n incluye un puerto opcional que puede personalizarse para satisfacer tus necesidades en particular.<\/p>\n<p>Recomendaciones<\/p>\n<p>Lea cuidadosamente la descripci\u00f3n del producto y condiciones de venta.<\/p>\n<p>Se otorga 1 a\u00f1o de respaldo por defectos de fabricaci\u00f3n directamente con la marca \u2018Conservando empaques originales\u2019. No cubre da\u00f1os ocasionados por manipulaci\u00f3n no autorizada, golpes, derrames o mal uso del equipo, Las im\u00e1genes publicadas en esta p\u00e1gina son representaciones fotogr\u00e1ficas que ilustran de manera aproximada las caracter\u00edsticas de los equipos en venta y pueden variar respecto a la realidad seg\u00fan la resoluci\u00f3n de estas y del dispositivo que se utilice para observarlas. Para cualquier proceso de garant\u00eda debes entregar el producto con los empaques y accesorios ORIGINALES.<\/p>\n","protected":false},"excerpt":{"rendered":"[video width=\"1280\" height=\"720\" mp4=\"https:\/\/giftronic04.com\/wp-content\/uploads\/2025\/02\/HD-2.mp4\"][\/video]\n","protected":false},"featured_media":8323,"comment_status":"open","ping_status":"closed","template":"","meta":{"_surecart_dashboard_logo_width":"180px","_surecart_dashboard_show_logo":true,"_surecart_dashboard_navigation_orders":true,"_surecart_dashboard_navigation_invoices":true,"_surecart_dashboard_navigation_subscriptions":true,"_surecart_dashboard_navigation_downloads":true,"_surecart_dashboard_navigation_billing":true,"_surecart_dashboard_navigation_account":true,"site-sidebar-layout":"default","site-content-layout":"","ast-site-content-layout":"default","site-content-style":"default","site-sidebar-style":"default","ast-global-header-display":"","ast-banner-title-visibility":"","ast-main-header-display":"","ast-hfb-above-header-display":"","ast-hfb-below-header-display":"","ast-hfb-mobile-header-display":"","site-post-title":"","ast-breadcrumbs-content":"","ast-featured-img":"","footer-sml-layout":"","ast-disable-related-posts":"","theme-transparent-header-meta":"","adv-header-id-meta":"","stick-header-meta":"","header-above-stick-meta":"","header-main-stick-meta":"","header-below-stick-meta":"","astra-migrate-meta-layouts":"default","ast-page-background-enabled":"default","ast-page-background-meta":{"desktop":{"background-color":"var(--ast-global-color-4)","background-image":"","background-repeat":"repeat","background-position":"center center","background-size":"auto","background-attachment":"scroll","background-type":"","background-media":"","overlay-type":"","overlay-color":"","overlay-opacity":"","overlay-gradient":""},"tablet":{"background-color":"","background-image":"","background-repeat":"repeat","background-position":"center center","background-size":"auto","background-attachment":"scroll","background-type":"","background-media":"","overlay-type":"","overlay-color":"","overlay-opacity":"","overlay-gradient":""},"mobile":{"background-color":"","background-image":"","background-repeat":"repeat","background-position":"center center","background-size":"auto","background-attachment":"scroll","background-type":"","background-media":"","overlay-type":"","overlay-color":"","overlay-opacity":"","overlay-gradient":""}},"ast-content-background-meta":{"desktop":{"background-color":"var(--ast-global-color-5)","background-image":"","background-repeat":"repeat","background-position":"center center","background-size":"auto","background-attachment":"scroll","background-type":"","background-media":"","overlay-type":"","overlay-color":"","overlay-opacity":"","overlay-gradient":""},"tablet":{"background-color":"var(--ast-global-color-5)","background-image":"","background-repeat":"repeat","background-position":"center center","background-size":"auto","background-attachment":"scroll","background-type":"","background-media":"","overlay-type":"","overlay-color":"","overlay-opacity":"","overlay-gradient":""},"mobile":{"background-color":"var(--ast-global-color-5)","background-image":"","background-repeat":"repeat","background-position":"center center","background-size":"auto","background-attachment":"scroll","background-type":"","background-media":"","overlay-type":"","overlay-color":"","overlay-opacity":"","overlay-gradient":""}}},"product_brand":[],"product_cat":[22,35],"product_tag":[],"class_list":{"0":"post-8320","1":"product","2":"type-product","3":"status-publish","4":"has-post-thumbnail","6":"product_cat-computacion","7":"product_cat-pc-de-escritorio","8":"desktop-align-left","9":"tablet-align-left","10":"mobile-align-left","12":"first","13":"outofstock","14":"sale","15":"taxable","16":"shipping-taxable","17":"purchasable","18":"product-type-simple"},"yoast_head":"<!-- This site is optimized with the Yoast SEO plugin v27.5 - https:\/\/yoast.com\/product\/yoast-seo-wordpress\/ -->\n<title>PC ThinkCentre Neo 50q Ge4 Intel i5-13420H RAM 8GB 512GB SSD Black + MONITOR ThinkVision S22i-30 - Giftronic.04<\/title>\n<meta name=\"robots\" content=\"index, follow, max-snippet:-1, max-image-preview:large, max-video-preview:-1\" \/>\n<link rel=\"canonical\" href=\"https:\/\/giftronic04.com\/index.php\/product\/pc-thinkcentre-neo-50q-ge4-intel-i5-13420h-ram-8gb-512gb-ssd-black-monitor-thinkvision-s22i-30\/\" \/>\n<meta property=\"og:locale\" content=\"es_ES\" \/>\n<meta property=\"og:type\" content=\"article\" \/>\n<meta property=\"og:title\" content=\"PC ThinkCentre Neo 50q Ge4 Intel i5-13420H RAM 8GB 512GB SSD Black + MONITOR ThinkVision S22i-30 - Giftronic.04\" \/>\n<meta property=\"og:url\" content=\"https:\/\/giftronic04.com\/index.php\/product\/pc-thinkcentre-neo-50q-ge4-intel-i5-13420h-ram-8gb-512gb-ssd-black-monitor-thinkvision-s22i-30\/\" \/>\n<meta property=\"og:site_name\" content=\"Giftronic.04\" \/>\n<meta property=\"article:modified_time\" content=\"2025-09-04T15:31:36+00:00\" \/>\n<meta property=\"og:image\" content=\"https:\/\/giftronic04.com\/wp-content\/uploads\/2025\/02\/8GB-512SSD-LOGO-1.jpg\" \/>\n\t<meta property=\"og:image:width\" content=\"2000\" \/>\n\t<meta property=\"og:image:height\" content=\"2000\" \/>\n\t<meta property=\"og:image:type\" content=\"image\/jpeg\" \/>\n<meta name=\"twitter:card\" content=\"summary_large_image\" \/>\n<meta name=\"twitter:description\" content=\"[video width=&quot;1280&quot; height=&quot;720&quot; mp4=&quot;https:\/\/giftronic04.com\/wp-content\/uploads\/2025\/02\/HD-2.mp4&quot;][\/video]\" \/>\n<meta name=\"twitter:label1\" content=\"Tiempo de lectura\" \/>\n\t<meta name=\"twitter:data1\" content=\"2 minutos\" \/>\n<script type=\"application\/ld+json\" class=\"yoast-schema-graph\">{\"@context\":\"https:\\\/\\\/schema.org\",\"@graph\":[{\"@type\":\"WebPage\",\"@id\":\"https:\\\/\\\/giftronic04.com\\\/index.php\\\/product\\\/pc-thinkcentre-neo-50q-ge4-intel-i5-13420h-ram-8gb-512gb-ssd-black-monitor-thinkvision-s22i-30\\\/\",\"url\":\"https:\\\/\\\/giftronic04.com\\\/index.php\\\/product\\\/pc-thinkcentre-neo-50q-ge4-intel-i5-13420h-ram-8gb-512gb-ssd-black-monitor-thinkvision-s22i-30\\\/\",\"name\":\"PC ThinkCentre Neo 50q Ge4 Intel i5-13420H RAM 8GB 512GB SSD Black + MONITOR ThinkVision S22i-30 - Giftronic.04\",\"isPartOf\":{\"@id\":\"https:\\\/\\\/giftronic04.com\\\/#website\"},\"primaryImageOfPage\":{\"@id\":\"https:\\\/\\\/giftronic04.com\\\/index.php\\\/product\\\/pc-thinkcentre-neo-50q-ge4-intel-i5-13420h-ram-8gb-512gb-ssd-black-monitor-thinkvision-s22i-30\\\/#primaryimage\"},\"image\":{\"@id\":\"https:\\\/\\\/giftronic04.com\\\/index.php\\\/product\\\/pc-thinkcentre-neo-50q-ge4-intel-i5-13420h-ram-8gb-512gb-ssd-black-monitor-thinkvision-s22i-30\\\/#primaryimage\"},\"thumbnailUrl\":\"https:\\\/\\\/giftronic04.com\\\/wp-content\\\/uploads\\\/2025\\\/02\\\/8GB-512SSD-LOGO-1.jpg\",\"datePublished\":\"2025-02-28T21:13:41+00:00\",\"dateModified\":\"2025-09-04T15:31:36+00:00\",\"breadcrumb\":{\"@id\":\"https:\\\/\\\/giftronic04.com\\\/index.php\\\/product\\\/pc-thinkcentre-neo-50q-ge4-intel-i5-13420h-ram-8gb-512gb-ssd-black-monitor-thinkvision-s22i-30\\\/#breadcrumb\"},\"inLanguage\":\"es\",\"potentialAction\":[{\"@type\":\"ReadAction\",\"target\":[\"https:\\\/\\\/giftronic04.com\\\/index.php\\\/product\\\/pc-thinkcentre-neo-50q-ge4-intel-i5-13420h-ram-8gb-512gb-ssd-black-monitor-thinkvision-s22i-30\\\/\"]}]},{\"@type\":\"ImageObject\",\"inLanguage\":\"es\",\"@id\":\"https:\\\/\\\/giftronic04.com\\\/index.php\\\/product\\\/pc-thinkcentre-neo-50q-ge4-intel-i5-13420h-ram-8gb-512gb-ssd-black-monitor-thinkvision-s22i-30\\\/#primaryimage\",\"url\":\"https:\\\/\\\/giftronic04.com\\\/wp-content\\\/uploads\\\/2025\\\/02\\\/8GB-512SSD-LOGO-1.jpg\",\"contentUrl\":\"https:\\\/\\\/giftronic04.com\\\/wp-content\\\/uploads\\\/2025\\\/02\\\/8GB-512SSD-LOGO-1.jpg\",\"width\":2000,\"height\":2000},{\"@type\":\"BreadcrumbList\",\"@id\":\"https:\\\/\\\/giftronic04.com\\\/index.php\\\/product\\\/pc-thinkcentre-neo-50q-ge4-intel-i5-13420h-ram-8gb-512gb-ssd-black-monitor-thinkvision-s22i-30\\\/#breadcrumb\",\"itemListElement\":[{\"@type\":\"ListItem\",\"position\":1,\"name\":\"Portada\",\"item\":\"https:\\\/\\\/giftronic04.com\\\/\"},{\"@type\":\"ListItem\",\"position\":2,\"name\":\"Tienda\",\"item\":\"https:\\\/\\\/giftronic04.com\\\/index.php\\\/shop\\\/\"},{\"@type\":\"ListItem\",\"position\":3,\"name\":\"PC ThinkCentre Neo 50q Ge4 Intel i5-13420H RAM 8GB 512GB SSD Black + MONITOR ThinkVision S22i-30\"}]},{\"@type\":\"WebSite\",\"@id\":\"https:\\\/\\\/giftronic04.com\\\/#website\",\"url\":\"https:\\\/\\\/giftronic04.com\\\/\",\"name\":\"Giftronic.04\",\"description\":\"Venta de equipos tecnologicos\",\"publisher\":{\"@id\":\"https:\\\/\\\/giftronic04.com\\\/#organization\"},\"potentialAction\":[{\"@type\":\"SearchAction\",\"target\":{\"@type\":\"EntryPoint\",\"urlTemplate\":\"https:\\\/\\\/giftronic04.com\\\/?s={search_term_string}\"},\"query-input\":{\"@type\":\"PropertyValueSpecification\",\"valueRequired\":true,\"valueName\":\"search_term_string\"}}],\"inLanguage\":\"es\"},{\"@type\":\"Organization\",\"@id\":\"https:\\\/\\\/giftronic04.com\\\/#organization\",\"name\":\"giftronic04\",\"url\":\"https:\\\/\\\/giftronic04.com\\\/\",\"logo\":{\"@type\":\"ImageObject\",\"inLanguage\":\"es\",\"@id\":\"https:\\\/\\\/giftronic04.com\\\/#\\\/schema\\\/logo\\\/image\\\/\",\"url\":\"https:\\\/\\\/giftronic04.com\\\/wp-content\\\/uploads\\\/2021\\\/08\\\/logo.png\",\"contentUrl\":\"https:\\\/\\\/giftronic04.com\\\/wp-content\\\/uploads\\\/2021\\\/08\\\/logo.png\",\"width\":6640,\"height\":2192,\"caption\":\"giftronic04\"},\"image\":{\"@id\":\"https:\\\/\\\/giftronic04.com\\\/#\\\/schema\\\/logo\\\/image\\\/\"},\"sameAs\":[\"https:\\\/\\\/www.instagram.com\\\/giftronic.04\\\/\"]}]}<\/script>\n<!-- \/ Yoast SEO plugin. -->","yoast_head_json":{"title":"PC ThinkCentre Neo 50q Ge4 Intel i5-13420H RAM 8GB 512GB SSD Black + MONITOR ThinkVision S22i-30 - Giftronic.04","robots":{"index":"index","follow":"follow","max-snippet":"max-snippet:-1","max-image-preview":"max-image-preview:large","max-video-preview":"max-video-preview:-1"},"canonical":"https:\/\/giftronic04.com\/index.php\/product\/pc-thinkcentre-neo-50q-ge4-intel-i5-13420h-ram-8gb-512gb-ssd-black-monitor-thinkvision-s22i-30\/","og_locale":"es_ES","og_type":"article","og_title":"PC ThinkCentre Neo 50q Ge4 Intel i5-13420H RAM 8GB 512GB SSD Black + MONITOR ThinkVision S22i-30 - Giftronic.04","og_url":"https:\/\/giftronic04.com\/index.php\/product\/pc-thinkcentre-neo-50q-ge4-intel-i5-13420h-ram-8gb-512gb-ssd-black-monitor-thinkvision-s22i-30\/","og_site_name":"Giftronic.04","article_modified_time":"2025-09-04T15:31:36+00:00","og_image":[{"width":2000,"height":2000,"url":"https:\/\/giftronic04.com\/wp-content\/uploads\/2025\/02\/8GB-512SSD-LOGO-1.jpg","type":"image\/jpeg"}],"twitter_card":"summary_large_image","twitter_description":"[video width=\"1280\" height=\"720\" mp4=\"https:\/\/giftronic04.com\/wp-content\/uploads\/2025\/02\/HD-2.mp4\"][\/video]","twitter_misc":{"Tiempo de lectura":"2 minutos"},"schema":{"@context":"https:\/\/schema.org","@graph":[{"@type":"WebPage","@id":"https:\/\/giftronic04.com\/index.php\/product\/pc-thinkcentre-neo-50q-ge4-intel-i5-13420h-ram-8gb-512gb-ssd-black-monitor-thinkvision-s22i-30\/","url":"https:\/\/giftronic04.com\/index.php\/product\/pc-thinkcentre-neo-50q-ge4-intel-i5-13420h-ram-8gb-512gb-ssd-black-monitor-thinkvision-s22i-30\/","name":"PC ThinkCentre Neo 50q Ge4 Intel i5-13420H RAM 8GB 512GB SSD Black + MONITOR ThinkVision S22i-30 - Giftronic.04","isPartOf":{"@id":"https:\/\/giftronic04.com\/#website"},"primaryImageOfPage":{"@id":"https:\/\/giftronic04.com\/index.php\/product\/pc-thinkcentre-neo-50q-ge4-intel-i5-13420h-ram-8gb-512gb-ssd-black-monitor-thinkvision-s22i-30\/#primaryimage"},"image":{"@id":"https:\/\/giftronic04.com\/index.php\/product\/pc-thinkcentre-neo-50q-ge4-intel-i5-13420h-ram-8gb-512gb-ssd-black-monitor-thinkvision-s22i-30\/#primaryimage"},"thumbnailUrl":"https:\/\/giftronic04.com\/wp-content\/uploads\/2025\/02\/8GB-512SSD-LOGO-1.jpg","datePublished":"2025-02-28T21:13:41+00:00","dateModified":"2025-09-04T15:31:36+00:00","breadcrumb":{"@id":"https:\/\/giftronic04.com\/index.php\/product\/pc-thinkcentre-neo-50q-ge4-intel-i5-13420h-ram-8gb-512gb-ssd-black-monitor-thinkvision-s22i-30\/#breadcrumb"},"inLanguage":"es","potentialAction":[{"@type":"ReadAction","target":["https:\/\/giftronic04.com\/index.php\/product\/pc-thinkcentre-neo-50q-ge4-intel-i5-13420h-ram-8gb-512gb-ssd-black-monitor-thinkvision-s22i-30\/"]}]},{"@type":"ImageObject","inLanguage":"es","@id":"https:\/\/giftronic04.com\/index.php\/product\/pc-thinkcentre-neo-50q-ge4-intel-i5-13420h-ram-8gb-512gb-ssd-black-monitor-thinkvision-s22i-30\/#primaryimage","url":"https:\/\/giftronic04.com\/wp-content\/uploads\/2025\/02\/8GB-512SSD-LOGO-1.jpg","contentUrl":"https:\/\/giftronic04.com\/wp-content\/uploads\/2025\/02\/8GB-512SSD-LOGO-1.jpg","width":2000,"height":2000},{"@type":"BreadcrumbList","@id":"https:\/\/giftronic04.com\/index.php\/product\/pc-thinkcentre-neo-50q-ge4-intel-i5-13420h-ram-8gb-512gb-ssd-black-monitor-thinkvision-s22i-30\/#breadcrumb","itemListElement":[{"@type":"ListItem","position":1,"name":"Portada","item":"https:\/\/giftronic04.com\/"},{"@type":"ListItem","position":2,"name":"Tienda","item":"https:\/\/giftronic04.com\/index.php\/shop\/"},{"@type":"ListItem","position":3,"name":"PC ThinkCentre Neo 50q Ge4 Intel i5-13420H RAM 8GB 512GB SSD Black + MONITOR ThinkVision S22i-30"}]},{"@type":"WebSite","@id":"https:\/\/giftronic04.com\/#website","url":"https:\/\/giftronic04.com\/","name":"Giftronic.04","description":"Venta de equipos tecnologicos","publisher":{"@id":"https:\/\/giftronic04.com\/#organization"},"potentialAction":[{"@type":"SearchAction","target":{"@type":"EntryPoint","urlTemplate":"https:\/\/giftronic04.com\/?s={search_term_string}"},"query-input":{"@type":"PropertyValueSpecification","valueRequired":true,"valueName":"search_term_string"}}],"inLanguage":"es"},{"@type":"Organization","@id":"https:\/\/giftronic04.com\/#organization","name":"giftronic04","url":"https:\/\/giftronic04.com\/","logo":{"@type":"ImageObject","inLanguage":"es","@id":"https:\/\/giftronic04.com\/#\/schema\/logo\/image\/","url":"https:\/\/giftronic04.com\/wp-content\/uploads\/2021\/08\/logo.png","contentUrl":"https:\/\/giftronic04.com\/wp-content\/uploads\/2021\/08\/logo.png","width":6640,"height":2192,"caption":"giftronic04"},"image":{"@id":"https:\/\/giftronic04.com\/#\/schema\/logo\/image\/"},"sameAs":["https:\/\/www.instagram.com\/giftronic.04\/"]}]}},"jetpack_sharing_enabled":true,"_links":{"self":[{"href":"https:\/\/giftronic04.com\/index.php\/wp-json\/wp\/v2\/product\/8320","targetHints":{"allow":["GET"]}}],"collection":[{"href":"https:\/\/giftronic04.com\/index.php\/wp-json\/wp\/v2\/product"}],"about":[{"href":"https:\/\/giftronic04.com\/index.php\/wp-json\/wp\/v2\/types\/product"}],"replies":[{"embeddable":true,"href":"https:\/\/giftronic04.com\/index.php\/wp-json\/wp\/v2\/comments?post=8320"}],"wp:featuredmedia":[{"embeddable":true,"href":"https:\/\/giftronic04.com\/index.php\/wp-json\/wp\/v2\/media\/8323"}],"wp:attachment":[{"href":"https:\/\/giftronic04.com\/index.php\/wp-json\/wp\/v2\/media?parent=8320"}],"wp:term":[{"taxonomy":"product_brand","embeddable":true,"href":"https:\/\/giftronic04.com\/index.php\/wp-json\/wp\/v2\/product_brand?post=8320"},{"taxonomy":"product_cat","embeddable":true,"href":"https:\/\/giftronic04.com\/index.php\/wp-json\/wp\/v2\/product_cat?post=8320"},{"taxonomy":"product_tag","embeddable":true,"href":"https:\/\/giftronic04.com\/index.php\/wp-json\/wp\/v2\/product_tag?post=8320"}],"curies":[{"name":"wp","href":"https:\/\/api.w.org\/{rel}","templated":true}]}}