{"id":8676,"date":"2025-04-24T17:41:45","date_gmt":"2025-04-24T22:41:45","guid":{"rendered":"https:\/\/giftronic04.com\/?post_type=product&#038;p=8676"},"modified":"2025-11-19T08:32:46","modified_gmt":"2025-11-19T13:32:46","slug":"ipad-pro-de-11-pulgadas-chip-m4-512gb-wifi-silver","status":"publish","type":"product","link":"https:\/\/giftronic04.com\/index.php\/product\/ipad-pro-de-11-pulgadas-chip-m4-512gb-wifi-silver\/","title":{"rendered":"iPad Pro de 11 pulgadas Chip M4 512GB WIFI SILVER"},"content":{"rendered":"<p>Caracter\u00edsticas<\/p>\n<p>Marca: APPLE<\/p>\n<p>Referencia: MVVD3CL\/A<\/p>\n<p>Tipo: Ipad Pro<\/p>\n<p>PANTALLA ULTRA RETINA XDR DE 11 PULGADAS<\/p>\n<p>La pantalla Ultra Retina XDR ofrece un brillo y un contraste extremos, una incre\u00edble precisi\u00f3n de color y avanzadas funcionalidades como ProMotion, amplia gama de colores P3 y True Tone. Adem\u00e1s, los modelos de 1 TB y 2 TB se pueden configurar con vidrio nanotexturizado.<\/p>\n<p>RENDIMIENTO Y ALMACENAMIENTO<\/p>\n<p>La CPU de hasta 10 n\u00facleos del chip M4 tiene un rendimiento fuera de serie y la GPU de 10 n\u00facleos se encarga de que las gr\u00e1ficas vayan a toda velocidad. Y como la bater\u00eda te aguanta el ritmo todo el d\u00eda, podr\u00e1s hacer todo lo que te imagines y m\u00e1s. Config\u00faralo con hasta 2 TB de almacenamiento para guardar apps, videos 4K y otros archivos gigantes.<\/p>\n<p>IPADOS + APPS<\/p>\n<p>iPadOS hace que el iPad sea m\u00e1s productivo, intuitivo y vers\u00e1til. Te permite ejecutar varias apps a la vez, usar el Apple Pencil para escribir en cualquier campo de texto con la funcionalidad Escribir a Mano, y editar y compartir fotos. Puedes conectar un monitor externo y trabajar en varias tareas a la vez con el Organizador Visual, que te deja superponer apps y cambiar el tama\u00f1o de las ventanas. Las apps esenciales de Apple, como Safari, Mensajes y Keynote, ya vienen instaladas en el iPad Pro, y hay m\u00e1s de un mill\u00f3n de apps disponibles en el App Store.<\/p>\n<p>APPLE PENCIL Y MAGIC KEYBOARD PARA EL IPAD PRO<\/p>\n<p>El Apple Pencil Pro convierte el iPad Pro en un gran lienzo para dar rienda suelta a tu creatividad y en el mejor dispositivo del mundo para tomar notas. El iPad Pro tambi\u00e9n es compatible con el Apple Pencil (USB-C). El Magic Keyboard para el iPad Pro tiene un dise\u00f1o delgado y liviano y un trackpad de vidrio integrado con respuesta h\u00e1ptica. Te permite escribir c\u00f3modamente y a la vez protege el iPad. Los accesorios se venden por separado.<\/p>\n<p>C\u00c1MARAS AVANZADAS<\/p>\n<p>El iPad Pro viene con una c\u00e1mara frontal ultra gran angular de 12 MP en horizontal con Encuadre Centrado para hacer videollamadas y para sacarte selfies incre\u00edbles con el modo Retrato. La c\u00e1mara trasera gran angular de 12 MP con flash True Tone adaptativo es genial para tomar fotos y grabar videos ProRes 4K. Los cuatro micr\u00f3fonos con calidad de estudio y el sistema de sonido de cuatro parlantes permiten disfrutar una alt\u00edsima calidad de audio. Y las experiencias con realidad aumentada van un paso m\u00e1s all\u00e1 gracias al esc\u00e1ner LiDAR, que es capaz de crear un mapa de profundidad de cualquier espacio.<\/p>\n<p>CONEXI\u00d3N<\/p>\n<p>Con la r\u00e1pida conexi\u00f3n Wi-Fi 6E puedes transferir fotos, documentos y archivos de video pesados a toda velocidad. Y si no hay Wi-Fi cerca, la conexi\u00f3n 5G ultrarr\u00e1pida te ofrece total flexibilidad para seguir en contacto dondequiera que est\u00e9s. Tambi\u00e9n puedes conectar monitores externos, discos duros y mucho m\u00e1s con el puerto USB-C compatible con Thunderbolt\/USB 4.<\/p>\n<p>DESBLOQUEA CON FACE ID<\/p>\n<p>Con tan s\u00f3lo una mirada, puedes desbloquear tu iPad Pro e iniciar sesi\u00f3n en apps y mucho m\u00e1s.<\/p>\n<p>Resumen del producto<\/p>\n<p>El nuevo iPad Pro es incre\u00edblemente delgado y viene con el descomunal rendimiento del chip M4 de Apple, una revolucionaria pantalla Ultra Retina XDR y conexiones Wi-Fi 6E y 5G ultrarr\u00e1pidas. Comb\u00ednalo con el Apple Pencil Pro y el Magic Keyboard para multiplicar tus posibilidades a la hora de trabajar y crear.<\/p>\n<p>Recomendaciones<\/p>\n<p>Lea cuidadosamente la descripci\u00f3n del producto y condiciones de venta.<\/p>\n<p>Se otorga 1 a\u00f1o de respaldo por defectos de fabricaci\u00f3n directamente con la marca \u2018Conservando empaques originales\u2019. No cubre da\u00f1os ocasionados por manipulaci\u00f3n no autorizada, golpes, derrames o mal uso del equipo, Las im\u00e1genes publicadas en esta p\u00e1gina son representaciones fotogr\u00e1ficas que ilustran de manera aproximada las caracter\u00edsticas de los equipos en venta y pueden variar respecto a la realidad seg\u00fan la resoluci\u00f3n de estas y del dispositivo que se utilice para observarlas. Para cualquier proceso de garant\u00eda debes entregar el producto con los empaques y accesorios ORIGINALES.<\/p>\n","protected":false},"excerpt":{"rendered":"<p>Caracter\u00edsticas Marca: APPLE Referencia: MVVD3CL\/A Tipo: Ipad Pro PANTALLA ULTRA RETINA XDR DE 11 PULGADAS La pantalla Ultra Retina XDR ofrece un brillo y un contraste extremos, una incre\u00edble precisi\u00f3n de color y avanzadas funcionalidades como ProMotion, amplia gama de colores P3 y True Tone. Adem\u00e1s, los modelos de 1 TB y 2 TB se [&hellip;]<\/p>\n","protected":false},"featured_media":8677,"comment_status":"open","ping_status":"closed","template":"","meta":{"_surecart_dashboard_logo_width":"180px","_surecart_dashboard_show_logo":true,"_surecart_dashboard_navigation_orders":true,"_surecart_dashboard_navigation_invoices":true,"_surecart_dashboard_navigation_subscriptions":true,"_surecart_dashboard_navigation_downloads":true,"_surecart_dashboard_navigation_billing":true,"_surecart_dashboard_navigation_account":true,"site-sidebar-layout":"default","site-content-layout":"","ast-site-content-layout":"default","site-content-style":"default","site-sidebar-style":"default","ast-global-header-display":"","ast-banner-title-visibility":"","ast-main-header-display":"","ast-hfb-above-header-display":"","ast-hfb-below-header-display":"","ast-hfb-mobile-header-display":"","site-post-title":"","ast-breadcrumbs-content":"","ast-featured-img":"","footer-sml-layout":"","ast-disable-related-posts":"","theme-transparent-header-meta":"","adv-header-id-meta":"","stick-header-meta":"","header-above-stick-meta":"","header-main-stick-meta":"","header-below-stick-meta":"","astra-migrate-meta-layouts":"default","ast-page-background-enabled":"default","ast-page-background-meta":{"desktop":{"background-color":"var(--ast-global-color-4)","background-image":"","background-repeat":"repeat","background-position":"center center","background-size":"auto","background-attachment":"scroll","background-type":"","background-media":"","overlay-type":"","overlay-color":"","overlay-opacity":"","overlay-gradient":""},"tablet":{"background-color":"","background-image":"","background-repeat":"repeat","background-position":"center center","background-size":"auto","background-attachment":"scroll","background-type":"","background-media":"","overlay-type":"","overlay-color":"","overlay-opacity":"","overlay-gradient":""},"mobile":{"background-color":"","background-image":"","background-repeat":"repeat","background-position":"center center","background-size":"auto","background-attachment":"scroll","background-type":"","background-media":"","overlay-type":"","overlay-color":"","overlay-opacity":"","overlay-gradient":""}},"ast-content-background-meta":{"desktop":{"background-color":"var(--ast-global-color-5)","background-image":"","background-repeat":"repeat","background-position":"center center","background-size":"auto","background-attachment":"scroll","background-type":"","background-media":"","overlay-type":"","overlay-color":"","overlay-opacity":"","overlay-gradient":""},"tablet":{"background-color":"var(--ast-global-color-5)","background-image":"","background-repeat":"repeat","background-position":"center center","background-size":"auto","background-attachment":"scroll","background-type":"","background-media":"","overlay-type":"","overlay-color":"","overlay-opacity":"","overlay-gradient":""},"mobile":{"background-color":"var(--ast-global-color-5)","background-image":"","background-repeat":"repeat","background-position":"center center","background-size":"auto","background-attachment":"scroll","background-type":"","background-media":"","overlay-type":"","overlay-color":"","overlay-opacity":"","overlay-gradient":""}}},"product_brand":[],"product_cat":[38],"product_tag":[],"class_list":{"0":"post-8676","1":"product","2":"type-product","3":"status-publish","4":"has-post-thumbnail","6":"product_cat-tablets-y-accesorios","7":"desktop-align-left","8":"tablet-align-left","9":"mobile-align-left","11":"first","12":"instock","13":"sale","14":"taxable","15":"shipping-taxable","16":"purchasable","17":"product-type-simple"},"yoast_head":"<!-- This site is optimized with the Yoast SEO plugin v27.5 - https:\/\/yoast.com\/product\/yoast-seo-wordpress\/ -->\n<title>iPad Pro de 11 pulgadas Chip M4 512GB WIFI SILVER - Giftronic.04<\/title>\n<meta name=\"robots\" content=\"index, follow, max-snippet:-1, max-image-preview:large, max-video-preview:-1\" \/>\n<link rel=\"canonical\" href=\"https:\/\/giftronic04.com\/index.php\/product\/ipad-pro-de-11-pulgadas-chip-m4-512gb-wifi-silver\/\" \/>\n<meta property=\"og:locale\" content=\"es_ES\" \/>\n<meta property=\"og:type\" content=\"article\" \/>\n<meta property=\"og:title\" content=\"iPad Pro de 11 pulgadas Chip M4 512GB WIFI SILVER - Giftronic.04\" \/>\n<meta property=\"og:description\" content=\"Caracter\u00edsticas Marca: APPLE Referencia: MVVD3CL\/A Tipo: Ipad Pro PANTALLA ULTRA RETINA XDR DE 11 PULGADAS La pantalla Ultra Retina XDR ofrece un brillo y un contraste extremos, una incre\u00edble precisi\u00f3n de color y avanzadas funcionalidades como ProMotion, amplia gama de colores P3 y True Tone. Adem\u00e1s, los modelos de 1 TB y 2 TB se [&hellip;]\" \/>\n<meta property=\"og:url\" content=\"https:\/\/giftronic04.com\/index.php\/product\/ipad-pro-de-11-pulgadas-chip-m4-512gb-wifi-silver\/\" \/>\n<meta property=\"og:site_name\" content=\"Giftronic.04\" \/>\n<meta property=\"article:modified_time\" content=\"2025-11-19T13:32:46+00:00\" \/>\n<meta property=\"og:image\" content=\"https:\/\/giftronic04.com\/wp-content\/uploads\/2025\/04\/A.jpg\" \/>\n\t<meta property=\"og:image:width\" content=\"2000\" \/>\n\t<meta property=\"og:image:height\" content=\"2000\" \/>\n\t<meta property=\"og:image:type\" content=\"image\/jpeg\" \/>\n<meta name=\"twitter:card\" content=\"summary_large_image\" \/>\n<meta name=\"twitter:label1\" content=\"Tiempo de lectura\" \/>\n\t<meta name=\"twitter:data1\" content=\"4 minutos\" \/>\n<script type=\"application\/ld+json\" class=\"yoast-schema-graph\">{\"@context\":\"https:\\\/\\\/schema.org\",\"@graph\":[{\"@type\":\"WebPage\",\"@id\":\"https:\\\/\\\/giftronic04.com\\\/index.php\\\/product\\\/ipad-pro-de-11-pulgadas-chip-m4-512gb-wifi-silver\\\/\",\"url\":\"https:\\\/\\\/giftronic04.com\\\/index.php\\\/product\\\/ipad-pro-de-11-pulgadas-chip-m4-512gb-wifi-silver\\\/\",\"name\":\"iPad Pro de 11 pulgadas Chip M4 512GB WIFI SILVER - Giftronic.04\",\"isPartOf\":{\"@id\":\"https:\\\/\\\/giftronic04.com\\\/#website\"},\"primaryImageOfPage\":{\"@id\":\"https:\\\/\\\/giftronic04.com\\\/index.php\\\/product\\\/ipad-pro-de-11-pulgadas-chip-m4-512gb-wifi-silver\\\/#primaryimage\"},\"image\":{\"@id\":\"https:\\\/\\\/giftronic04.com\\\/index.php\\\/product\\\/ipad-pro-de-11-pulgadas-chip-m4-512gb-wifi-silver\\\/#primaryimage\"},\"thumbnailUrl\":\"https:\\\/\\\/giftronic04.com\\\/wp-content\\\/uploads\\\/2025\\\/04\\\/A.jpg\",\"datePublished\":\"2025-04-24T22:41:45+00:00\",\"dateModified\":\"2025-11-19T13:32:46+00:00\",\"breadcrumb\":{\"@id\":\"https:\\\/\\\/giftronic04.com\\\/index.php\\\/product\\\/ipad-pro-de-11-pulgadas-chip-m4-512gb-wifi-silver\\\/#breadcrumb\"},\"inLanguage\":\"es\",\"potentialAction\":[{\"@type\":\"ReadAction\",\"target\":[\"https:\\\/\\\/giftronic04.com\\\/index.php\\\/product\\\/ipad-pro-de-11-pulgadas-chip-m4-512gb-wifi-silver\\\/\"]}]},{\"@type\":\"ImageObject\",\"inLanguage\":\"es\",\"@id\":\"https:\\\/\\\/giftronic04.com\\\/index.php\\\/product\\\/ipad-pro-de-11-pulgadas-chip-m4-512gb-wifi-silver\\\/#primaryimage\",\"url\":\"https:\\\/\\\/giftronic04.com\\\/wp-content\\\/uploads\\\/2025\\\/04\\\/A.jpg\",\"contentUrl\":\"https:\\\/\\\/giftronic04.com\\\/wp-content\\\/uploads\\\/2025\\\/04\\\/A.jpg\",\"width\":2000,\"height\":2000},{\"@type\":\"BreadcrumbList\",\"@id\":\"https:\\\/\\\/giftronic04.com\\\/index.php\\\/product\\\/ipad-pro-de-11-pulgadas-chip-m4-512gb-wifi-silver\\\/#breadcrumb\",\"itemListElement\":[{\"@type\":\"ListItem\",\"position\":1,\"name\":\"Portada\",\"item\":\"https:\\\/\\\/giftronic04.com\\\/\"},{\"@type\":\"ListItem\",\"position\":2,\"name\":\"Tienda\",\"item\":\"https:\\\/\\\/giftronic04.com\\\/index.php\\\/shop\\\/\"},{\"@type\":\"ListItem\",\"position\":3,\"name\":\"iPad Pro de 11 pulgadas Chip M4 512GB WIFI SILVER\"}]},{\"@type\":\"WebSite\",\"@id\":\"https:\\\/\\\/giftronic04.com\\\/#website\",\"url\":\"https:\\\/\\\/giftronic04.com\\\/\",\"name\":\"Giftronic.04\",\"description\":\"Venta de equipos tecnologicos\",\"publisher\":{\"@id\":\"https:\\\/\\\/giftronic04.com\\\/#organization\"},\"potentialAction\":[{\"@type\":\"SearchAction\",\"target\":{\"@type\":\"EntryPoint\",\"urlTemplate\":\"https:\\\/\\\/giftronic04.com\\\/?s={search_term_string}\"},\"query-input\":{\"@type\":\"PropertyValueSpecification\",\"valueRequired\":true,\"valueName\":\"search_term_string\"}}],\"inLanguage\":\"es\"},{\"@type\":\"Organization\",\"@id\":\"https:\\\/\\\/giftronic04.com\\\/#organization\",\"name\":\"giftronic04\",\"url\":\"https:\\\/\\\/giftronic04.com\\\/\",\"logo\":{\"@type\":\"ImageObject\",\"inLanguage\":\"es\",\"@id\":\"https:\\\/\\\/giftronic04.com\\\/#\\\/schema\\\/logo\\\/image\\\/\",\"url\":\"https:\\\/\\\/giftronic04.com\\\/wp-content\\\/uploads\\\/2021\\\/08\\\/logo.png\",\"contentUrl\":\"https:\\\/\\\/giftronic04.com\\\/wp-content\\\/uploads\\\/2021\\\/08\\\/logo.png\",\"width\":6640,\"height\":2192,\"caption\":\"giftronic04\"},\"image\":{\"@id\":\"https:\\\/\\\/giftronic04.com\\\/#\\\/schema\\\/logo\\\/image\\\/\"},\"sameAs\":[\"https:\\\/\\\/www.instagram.com\\\/giftronic.04\\\/\"]}]}<\/script>\n<!-- \/ Yoast SEO plugin. -->","yoast_head_json":{"title":"iPad Pro de 11 pulgadas Chip M4 512GB WIFI SILVER - Giftronic.04","robots":{"index":"index","follow":"follow","max-snippet":"max-snippet:-1","max-image-preview":"max-image-preview:large","max-video-preview":"max-video-preview:-1"},"canonical":"https:\/\/giftronic04.com\/index.php\/product\/ipad-pro-de-11-pulgadas-chip-m4-512gb-wifi-silver\/","og_locale":"es_ES","og_type":"article","og_title":"iPad Pro de 11 pulgadas Chip M4 512GB WIFI SILVER - Giftronic.04","og_description":"Caracter\u00edsticas Marca: APPLE Referencia: MVVD3CL\/A Tipo: Ipad Pro PANTALLA ULTRA RETINA XDR DE 11 PULGADAS La pantalla Ultra Retina XDR ofrece un brillo y un contraste extremos, una incre\u00edble precisi\u00f3n de color y avanzadas funcionalidades como ProMotion, amplia gama de colores P3 y True Tone. Adem\u00e1s, los modelos de 1 TB y 2 TB se [&hellip;]","og_url":"https:\/\/giftronic04.com\/index.php\/product\/ipad-pro-de-11-pulgadas-chip-m4-512gb-wifi-silver\/","og_site_name":"Giftronic.04","article_modified_time":"2025-11-19T13:32:46+00:00","og_image":[{"width":2000,"height":2000,"url":"https:\/\/giftronic04.com\/wp-content\/uploads\/2025\/04\/A.jpg","type":"image\/jpeg"}],"twitter_card":"summary_large_image","twitter_misc":{"Tiempo de lectura":"4 minutos"},"schema":{"@context":"https:\/\/schema.org","@graph":[{"@type":"WebPage","@id":"https:\/\/giftronic04.com\/index.php\/product\/ipad-pro-de-11-pulgadas-chip-m4-512gb-wifi-silver\/","url":"https:\/\/giftronic04.com\/index.php\/product\/ipad-pro-de-11-pulgadas-chip-m4-512gb-wifi-silver\/","name":"iPad Pro de 11 pulgadas Chip M4 512GB WIFI SILVER - Giftronic.04","isPartOf":{"@id":"https:\/\/giftronic04.com\/#website"},"primaryImageOfPage":{"@id":"https:\/\/giftronic04.com\/index.php\/product\/ipad-pro-de-11-pulgadas-chip-m4-512gb-wifi-silver\/#primaryimage"},"image":{"@id":"https:\/\/giftronic04.com\/index.php\/product\/ipad-pro-de-11-pulgadas-chip-m4-512gb-wifi-silver\/#primaryimage"},"thumbnailUrl":"https:\/\/giftronic04.com\/wp-content\/uploads\/2025\/04\/A.jpg","datePublished":"2025-04-24T22:41:45+00:00","dateModified":"2025-11-19T13:32:46+00:00","breadcrumb":{"@id":"https:\/\/giftronic04.com\/index.php\/product\/ipad-pro-de-11-pulgadas-chip-m4-512gb-wifi-silver\/#breadcrumb"},"inLanguage":"es","potentialAction":[{"@type":"ReadAction","target":["https:\/\/giftronic04.com\/index.php\/product\/ipad-pro-de-11-pulgadas-chip-m4-512gb-wifi-silver\/"]}]},{"@type":"ImageObject","inLanguage":"es","@id":"https:\/\/giftronic04.com\/index.php\/product\/ipad-pro-de-11-pulgadas-chip-m4-512gb-wifi-silver\/#primaryimage","url":"https:\/\/giftronic04.com\/wp-content\/uploads\/2025\/04\/A.jpg","contentUrl":"https:\/\/giftronic04.com\/wp-content\/uploads\/2025\/04\/A.jpg","width":2000,"height":2000},{"@type":"BreadcrumbList","@id":"https:\/\/giftronic04.com\/index.php\/product\/ipad-pro-de-11-pulgadas-chip-m4-512gb-wifi-silver\/#breadcrumb","itemListElement":[{"@type":"ListItem","position":1,"name":"Portada","item":"https:\/\/giftronic04.com\/"},{"@type":"ListItem","position":2,"name":"Tienda","item":"https:\/\/giftronic04.com\/index.php\/shop\/"},{"@type":"ListItem","position":3,"name":"iPad Pro de 11 pulgadas Chip M4 512GB WIFI SILVER"}]},{"@type":"WebSite","@id":"https:\/\/giftronic04.com\/#website","url":"https:\/\/giftronic04.com\/","name":"Giftronic.04","description":"Venta de equipos tecnologicos","publisher":{"@id":"https:\/\/giftronic04.com\/#organization"},"potentialAction":[{"@type":"SearchAction","target":{"@type":"EntryPoint","urlTemplate":"https:\/\/giftronic04.com\/?s={search_term_string}"},"query-input":{"@type":"PropertyValueSpecification","valueRequired":true,"valueName":"search_term_string"}}],"inLanguage":"es"},{"@type":"Organization","@id":"https:\/\/giftronic04.com\/#organization","name":"giftronic04","url":"https:\/\/giftronic04.com\/","logo":{"@type":"ImageObject","inLanguage":"es","@id":"https:\/\/giftronic04.com\/#\/schema\/logo\/image\/","url":"https:\/\/giftronic04.com\/wp-content\/uploads\/2021\/08\/logo.png","contentUrl":"https:\/\/giftronic04.com\/wp-content\/uploads\/2021\/08\/logo.png","width":6640,"height":2192,"caption":"giftronic04"},"image":{"@id":"https:\/\/giftronic04.com\/#\/schema\/logo\/image\/"},"sameAs":["https:\/\/www.instagram.com\/giftronic.04\/"]}]}},"jetpack_sharing_enabled":true,"_links":{"self":[{"href":"https:\/\/giftronic04.com\/index.php\/wp-json\/wp\/v2\/product\/8676","targetHints":{"allow":["GET"]}}],"collection":[{"href":"https:\/\/giftronic04.com\/index.php\/wp-json\/wp\/v2\/product"}],"about":[{"href":"https:\/\/giftronic04.com\/index.php\/wp-json\/wp\/v2\/types\/product"}],"replies":[{"embeddable":true,"href":"https:\/\/giftronic04.com\/index.php\/wp-json\/wp\/v2\/comments?post=8676"}],"wp:featuredmedia":[{"embeddable":true,"href":"https:\/\/giftronic04.com\/index.php\/wp-json\/wp\/v2\/media\/8677"}],"wp:attachment":[{"href":"https:\/\/giftronic04.com\/index.php\/wp-json\/wp\/v2\/media?parent=8676"}],"wp:term":[{"taxonomy":"product_brand","embeddable":true,"href":"https:\/\/giftronic04.com\/index.php\/wp-json\/wp\/v2\/product_brand?post=8676"},{"taxonomy":"product_cat","embeddable":true,"href":"https:\/\/giftronic04.com\/index.php\/wp-json\/wp\/v2\/product_cat?post=8676"},{"taxonomy":"product_tag","embeddable":true,"href":"https:\/\/giftronic04.com\/index.php\/wp-json\/wp\/v2\/product_tag?post=8676"}],"curies":[{"name":"wp","href":"https:\/\/api.w.org\/{rel}","templated":true}]}}