{"id":8729,"date":"2025-05-02T17:00:57","date_gmt":"2025-05-02T22:00:57","guid":{"rendered":"https:\/\/giftronic04.com\/?post_type=product&#038;p=8729"},"modified":"2025-07-05T09:57:30","modified_gmt":"2025-07-05T14:57:30","slug":"tv-lg-50ur7410psa-50-4k-uhd-led-smart-tv-web-os","status":"publish","type":"product","link":"https:\/\/giftronic04.com\/index.php\/product\/tv-lg-50ur7410psa-50-4k-uhd-led-smart-tv-web-os\/","title":{"rendered":"TV LG 50UR7410PSA 50&#8242; 4K-UHD LED Smart TV Web OS"},"content":{"rendered":"<p>Caracter\u00edsticas<\/p>\n<p>Marca: LG<\/p>\n<p>Referencia: 50UR7410PSA<\/p>\n<p>Tipo: TELEVISOR<\/p>\n<p>Resoluci\u00f3n Pantalla<\/p>\n<p>4K Ultra HD (3,840 x 2,160)<\/p>\n<p>Dise\u00f1o de la pantalla<\/p>\n<p>Plano<\/p>\n<p>Tama\u00f1o Pantalla<\/p>\n<p>50 Pulgadas<\/p>\n<p>Tama\u00f1o Pantalla<\/p>\n<p>126\u00a0 Cent\u00edmetros<\/p>\n<p>Tipo de Pantalla<\/p>\n<p>LED<\/p>\n<p>Smart TV<\/p>\n<p>Asistente de Voz<\/p>\n<p>Si Soporta Asistente de Voz<\/p>\n<p>Sistema Operativo<\/p>\n<p>Web OS<\/p>\n<p>Sintonizador Digital DVB T2<\/p>\n<p>Potencia de Audio<\/p>\n<p>20\u00a0 Watts<\/p>\n<p>Tasa de Refresco del TV<\/p>\n<p>60 Hz<\/p>\n<p>Caracter\u00edsticas F\u00edsicas<\/p>\n<p>Tonalidad de Color<\/p>\n<p>Negro<\/p>\n<p>Medidas del TV. Sin la base (Ancho x Alto x Fondo)<\/p>\n<p>111,1 x 64,5 x 8,05 Cent\u00edmetros<\/p>\n<p>Conectividad<\/p>\n<p>No. Puertos HDMI<\/p>\n<p>3 Puertos HDMI<\/p>\n<p>No. Puertos USB<\/p>\n<p>2\u00a0 Puertos<\/p>\n<p>Fuentes de Alimentaci\u00f3n de Energ\u00eda<\/p>\n<p>Energ\u00eda El\u00e9ctrica<\/p>\n<p>Tipos de Puertos Entradas y Salidas<\/p>\n<p>Puerto HDMI<\/p>\n<p>Puerto LAN\/Ethernet<\/p>\n<p>Puerto USB 2.0<\/p>\n<p>Opciones de Conectividad<\/p>\n<p>Bluetooth<\/p>\n<p>USB<\/p>\n<p>WiFi<\/p>\n<p>Salida Optica<\/p>\n<p>Si Tiene Salida \u00d3ptica<\/p>\n<p>Entrada Coaxial<\/p>\n<p>Si Tiene Entrada Coaxial<\/p>\n<p>Aplicaciones Preinstaladas<\/p>\n<p>Amazon Prime Video, Apple TV , Disney+, ESPN, Netflix, Youtube<\/p>\n<p>Qu\u00e9 incluye el producto<\/p>\n<p>Cable de poder, Control Remoto Est\u00e1ndar<\/p>\n<p>Caracter\u00edsticas destacadas<\/p>\n<p>Descubre el televisor LG 50 Ultra HD y experimenta una nueva era de entretenimiento. Con su pantalla LED de 50 pulgadas y resoluci\u00f3n 4K , disfrutar\u00e1s de im\u00e1genes n\u00edtidas y llenas de vida. Ahora tu TV estar\u00e1 como nuevo con el sistema operativo webOS de LG, disfruta de actualizaciones autom\u00e1ticas cada 5 a\u00f1os, tal cual como tu celular. Ahora con LG podr\u00e1s acceder a m\u00e1s de 160 canales. Adem\u00e1s, tu TV LG cuenta con notificaciones deportivas de tus equipos favoritos solo con el LG 50UR7410PSA.<\/p>\n<p>Recomendaciones<\/p>\n<p>Lea cuidadosamente la descripci\u00f3n del producto y condiciones de venta.<\/p>\n<p>Se otorga 1 a\u00f1o de respaldo por defectos de fabricaci\u00f3n directamente con la marca \u2018Conservando empaques originales\u2019. No cubre da\u00f1os ocasionados por manipulaci\u00f3n no autorizada, golpes, derrames o mal uso del equipo, Las im\u00e1genes publicadas en esta p\u00e1gina son representaciones fotogr\u00e1ficas que ilustran de manera aproximada las caracter\u00edsticas de los equipos en venta y pueden variar respecto a la realidad seg\u00fan la resoluci\u00f3n de estas y del dispositivo que se utilice para observarlas. Para cualquier proceso de garant\u00eda debes entregar el producto con los empaques y accesorios ORIGINALES.<\/p>\n","protected":false},"excerpt":{"rendered":"<p>Caracter\u00edsticas Marca: LG Referencia: 50UR7410PSA Tipo: TELEVISOR Resoluci\u00f3n Pantalla 4K Ultra HD (3,840 x 2,160) Dise\u00f1o de la pantalla Plano Tama\u00f1o Pantalla 50 Pulgadas Tama\u00f1o Pantalla 126\u00a0 Cent\u00edmetros Tipo de Pantalla LED Smart TV Asistente de Voz Si Soporta Asistente de Voz Sistema Operativo Web OS Sintonizador Digital DVB T2 Potencia de Audio 20\u00a0 Watts [&hellip;]<\/p>\n","protected":false},"featured_media":8730,"comment_status":"open","ping_status":"closed","template":"","meta":{"_surecart_dashboard_logo_width":"180px","_surecart_dashboard_show_logo":true,"_surecart_dashboard_navigation_orders":true,"_surecart_dashboard_navigation_invoices":true,"_surecart_dashboard_navigation_subscriptions":true,"_surecart_dashboard_navigation_downloads":true,"_surecart_dashboard_navigation_billing":true,"_surecart_dashboard_navigation_account":true,"site-sidebar-layout":"default","site-content-layout":"","ast-site-content-layout":"default","site-content-style":"default","site-sidebar-style":"default","ast-global-header-display":"","ast-banner-title-visibility":"","ast-main-header-display":"","ast-hfb-above-header-display":"","ast-hfb-below-header-display":"","ast-hfb-mobile-header-display":"","site-post-title":"","ast-breadcrumbs-content":"","ast-featured-img":"","footer-sml-layout":"","ast-disable-related-posts":"","theme-transparent-header-meta":"","adv-header-id-meta":"","stick-header-meta":"","header-above-stick-meta":"","header-main-stick-meta":"","header-below-stick-meta":"","astra-migrate-meta-layouts":"default","ast-page-background-enabled":"default","ast-page-background-meta":{"desktop":{"background-color":"var(--ast-global-color-4)","background-image":"","background-repeat":"repeat","background-position":"center center","background-size":"auto","background-attachment":"scroll","background-type":"","background-media":"","overlay-type":"","overlay-color":"","overlay-opacity":"","overlay-gradient":""},"tablet":{"background-color":"","background-image":"","background-repeat":"repeat","background-position":"center center","background-size":"auto","background-attachment":"scroll","background-type":"","background-media":"","overlay-type":"","overlay-color":"","overlay-opacity":"","overlay-gradient":""},"mobile":{"background-color":"","background-image":"","background-repeat":"repeat","background-position":"center center","background-size":"auto","background-attachment":"scroll","background-type":"","background-media":"","overlay-type":"","overlay-color":"","overlay-opacity":"","overlay-gradient":""}},"ast-content-background-meta":{"desktop":{"background-color":"var(--ast-global-color-5)","background-image":"","background-repeat":"repeat","background-position":"center center","background-size":"auto","background-attachment":"scroll","background-type":"","background-media":"","overlay-type":"","overlay-color":"","overlay-opacity":"","overlay-gradient":""},"tablet":{"background-color":"var(--ast-global-color-5)","background-image":"","background-repeat":"repeat","background-position":"center center","background-size":"auto","background-attachment":"scroll","background-type":"","background-media":"","overlay-type":"","overlay-color":"","overlay-opacity":"","overlay-gradient":""},"mobile":{"background-color":"var(--ast-global-color-5)","background-image":"","background-repeat":"repeat","background-position":"center center","background-size":"auto","background-attachment":"scroll","background-type":"","background-media":"","overlay-type":"","overlay-color":"","overlay-opacity":"","overlay-gradient":""}}},"product_brand":[],"product_cat":[86],"product_tag":[],"class_list":{"0":"post-8729","1":"product","2":"type-product","3":"status-publish","4":"has-post-thumbnail","6":"product_cat-tv","7":"desktop-align-left","8":"tablet-align-left","9":"mobile-align-left","11":"first","12":"outofstock","13":"sale","14":"taxable","15":"shipping-taxable","16":"purchasable","17":"product-type-simple"},"yoast_head":"<!-- This site is optimized with the Yoast SEO plugin v27.5 - https:\/\/yoast.com\/product\/yoast-seo-wordpress\/ -->\n<title>TV LG 50UR7410PSA 50&#039; 4K-UHD LED Smart TV Web OS - Giftronic.04<\/title>\n<meta name=\"robots\" content=\"index, follow, max-snippet:-1, max-image-preview:large, max-video-preview:-1\" \/>\n<link rel=\"canonical\" href=\"https:\/\/giftronic04.com\/index.php\/product\/tv-lg-50ur7410psa-50-4k-uhd-led-smart-tv-web-os\/\" \/>\n<meta property=\"og:locale\" content=\"es_ES\" \/>\n<meta property=\"og:type\" content=\"article\" \/>\n<meta property=\"og:title\" content=\"TV LG 50UR7410PSA 50&#039; 4K-UHD LED Smart TV Web OS - Giftronic.04\" \/>\n<meta property=\"og:description\" content=\"Caracter\u00edsticas Marca: LG Referencia: 50UR7410PSA Tipo: TELEVISOR Resoluci\u00f3n Pantalla 4K Ultra HD (3,840 x 2,160) Dise\u00f1o de la pantalla Plano Tama\u00f1o Pantalla 50 Pulgadas Tama\u00f1o Pantalla 126\u00a0 Cent\u00edmetros Tipo de Pantalla LED Smart TV Asistente de Voz Si Soporta Asistente de Voz Sistema Operativo Web OS Sintonizador Digital DVB T2 Potencia de Audio 20\u00a0 Watts [&hellip;]\" \/>\n<meta property=\"og:url\" content=\"https:\/\/giftronic04.com\/index.php\/product\/tv-lg-50ur7410psa-50-4k-uhd-led-smart-tv-web-os\/\" \/>\n<meta property=\"og:site_name\" content=\"Giftronic.04\" \/>\n<meta property=\"article:modified_time\" content=\"2025-07-05T14:57:30+00:00\" \/>\n<meta property=\"og:image\" content=\"https:\/\/giftronic04.com\/wp-content\/uploads\/2025\/05\/Televisor-LG-50-Pulgadas-LED-Uhd-4K-Smart-TV-50UR7410PSAAWC-3586280_a-1024x1024.png\" \/>\n\t<meta property=\"og:image:width\" content=\"1024\" \/>\n\t<meta property=\"og:image:height\" content=\"1024\" \/>\n\t<meta property=\"og:image:type\" content=\"image\/png\" \/>\n<meta name=\"twitter:card\" content=\"summary_large_image\" \/>\n<meta name=\"twitter:label1\" content=\"Tiempo de lectura\" \/>\n\t<meta name=\"twitter:data1\" content=\"2 minutos\" \/>\n<script type=\"application\/ld+json\" class=\"yoast-schema-graph\">{\"@context\":\"https:\\\/\\\/schema.org\",\"@graph\":[{\"@type\":\"WebPage\",\"@id\":\"https:\\\/\\\/giftronic04.com\\\/index.php\\\/product\\\/tv-lg-50ur7410psa-50-4k-uhd-led-smart-tv-web-os\\\/\",\"url\":\"https:\\\/\\\/giftronic04.com\\\/index.php\\\/product\\\/tv-lg-50ur7410psa-50-4k-uhd-led-smart-tv-web-os\\\/\",\"name\":\"TV LG 50UR7410PSA 50' 4K-UHD LED Smart TV Web OS - Giftronic.04\",\"isPartOf\":{\"@id\":\"https:\\\/\\\/giftronic04.com\\\/#website\"},\"primaryImageOfPage\":{\"@id\":\"https:\\\/\\\/giftronic04.com\\\/index.php\\\/product\\\/tv-lg-50ur7410psa-50-4k-uhd-led-smart-tv-web-os\\\/#primaryimage\"},\"image\":{\"@id\":\"https:\\\/\\\/giftronic04.com\\\/index.php\\\/product\\\/tv-lg-50ur7410psa-50-4k-uhd-led-smart-tv-web-os\\\/#primaryimage\"},\"thumbnailUrl\":\"https:\\\/\\\/giftronic04.com\\\/wp-content\\\/uploads\\\/2025\\\/05\\\/Televisor-LG-50-Pulgadas-LED-Uhd-4K-Smart-TV-50UR7410PSAAWC-3586280_a.png\",\"datePublished\":\"2025-05-02T22:00:57+00:00\",\"dateModified\":\"2025-07-05T14:57:30+00:00\",\"breadcrumb\":{\"@id\":\"https:\\\/\\\/giftronic04.com\\\/index.php\\\/product\\\/tv-lg-50ur7410psa-50-4k-uhd-led-smart-tv-web-os\\\/#breadcrumb\"},\"inLanguage\":\"es\",\"potentialAction\":[{\"@type\":\"ReadAction\",\"target\":[\"https:\\\/\\\/giftronic04.com\\\/index.php\\\/product\\\/tv-lg-50ur7410psa-50-4k-uhd-led-smart-tv-web-os\\\/\"]}]},{\"@type\":\"ImageObject\",\"inLanguage\":\"es\",\"@id\":\"https:\\\/\\\/giftronic04.com\\\/index.php\\\/product\\\/tv-lg-50ur7410psa-50-4k-uhd-led-smart-tv-web-os\\\/#primaryimage\",\"url\":\"https:\\\/\\\/giftronic04.com\\\/wp-content\\\/uploads\\\/2025\\\/05\\\/Televisor-LG-50-Pulgadas-LED-Uhd-4K-Smart-TV-50UR7410PSAAWC-3586280_a.png\",\"contentUrl\":\"https:\\\/\\\/giftronic04.com\\\/wp-content\\\/uploads\\\/2025\\\/05\\\/Televisor-LG-50-Pulgadas-LED-Uhd-4K-Smart-TV-50UR7410PSAAWC-3586280_a.png\",\"width\":2000,\"height\":2000},{\"@type\":\"BreadcrumbList\",\"@id\":\"https:\\\/\\\/giftronic04.com\\\/index.php\\\/product\\\/tv-lg-50ur7410psa-50-4k-uhd-led-smart-tv-web-os\\\/#breadcrumb\",\"itemListElement\":[{\"@type\":\"ListItem\",\"position\":1,\"name\":\"Portada\",\"item\":\"https:\\\/\\\/giftronic04.com\\\/\"},{\"@type\":\"ListItem\",\"position\":2,\"name\":\"Tienda\",\"item\":\"https:\\\/\\\/giftronic04.com\\\/index.php\\\/shop\\\/\"},{\"@type\":\"ListItem\",\"position\":3,\"name\":\"TV LG 50UR7410PSA 50&#8242; 4K-UHD LED Smart TV Web OS\"}]},{\"@type\":\"WebSite\",\"@id\":\"https:\\\/\\\/giftronic04.com\\\/#website\",\"url\":\"https:\\\/\\\/giftronic04.com\\\/\",\"name\":\"Giftronic.04\",\"description\":\"Venta de equipos tecnologicos\",\"publisher\":{\"@id\":\"https:\\\/\\\/giftronic04.com\\\/#organization\"},\"potentialAction\":[{\"@type\":\"SearchAction\",\"target\":{\"@type\":\"EntryPoint\",\"urlTemplate\":\"https:\\\/\\\/giftronic04.com\\\/?s={search_term_string}\"},\"query-input\":{\"@type\":\"PropertyValueSpecification\",\"valueRequired\":true,\"valueName\":\"search_term_string\"}}],\"inLanguage\":\"es\"},{\"@type\":\"Organization\",\"@id\":\"https:\\\/\\\/giftronic04.com\\\/#organization\",\"name\":\"giftronic04\",\"url\":\"https:\\\/\\\/giftronic04.com\\\/\",\"logo\":{\"@type\":\"ImageObject\",\"inLanguage\":\"es\",\"@id\":\"https:\\\/\\\/giftronic04.com\\\/#\\\/schema\\\/logo\\\/image\\\/\",\"url\":\"https:\\\/\\\/giftronic04.com\\\/wp-content\\\/uploads\\\/2021\\\/08\\\/logo.png\",\"contentUrl\":\"https:\\\/\\\/giftronic04.com\\\/wp-content\\\/uploads\\\/2021\\\/08\\\/logo.png\",\"width\":6640,\"height\":2192,\"caption\":\"giftronic04\"},\"image\":{\"@id\":\"https:\\\/\\\/giftronic04.com\\\/#\\\/schema\\\/logo\\\/image\\\/\"},\"sameAs\":[\"https:\\\/\\\/www.instagram.com\\\/giftronic.04\\\/\"]}]}<\/script>\n<!-- \/ Yoast SEO plugin. -->","yoast_head_json":{"title":"TV LG 50UR7410PSA 50' 4K-UHD LED Smart TV Web OS - Giftronic.04","robots":{"index":"index","follow":"follow","max-snippet":"max-snippet:-1","max-image-preview":"max-image-preview:large","max-video-preview":"max-video-preview:-1"},"canonical":"https:\/\/giftronic04.com\/index.php\/product\/tv-lg-50ur7410psa-50-4k-uhd-led-smart-tv-web-os\/","og_locale":"es_ES","og_type":"article","og_title":"TV LG 50UR7410PSA 50' 4K-UHD LED Smart TV Web OS - Giftronic.04","og_description":"Caracter\u00edsticas Marca: LG Referencia: 50UR7410PSA Tipo: TELEVISOR Resoluci\u00f3n Pantalla 4K Ultra HD (3,840 x 2,160) Dise\u00f1o de la pantalla Plano Tama\u00f1o Pantalla 50 Pulgadas Tama\u00f1o Pantalla 126\u00a0 Cent\u00edmetros Tipo de Pantalla LED Smart TV Asistente de Voz Si Soporta Asistente de Voz Sistema Operativo Web OS Sintonizador Digital DVB T2 Potencia de Audio 20\u00a0 Watts [&hellip;]","og_url":"https:\/\/giftronic04.com\/index.php\/product\/tv-lg-50ur7410psa-50-4k-uhd-led-smart-tv-web-os\/","og_site_name":"Giftronic.04","article_modified_time":"2025-07-05T14:57:30+00:00","og_image":[{"width":1024,"height":1024,"url":"https:\/\/giftronic04.com\/wp-content\/uploads\/2025\/05\/Televisor-LG-50-Pulgadas-LED-Uhd-4K-Smart-TV-50UR7410PSAAWC-3586280_a-1024x1024.png","type":"image\/png"}],"twitter_card":"summary_large_image","twitter_misc":{"Tiempo de lectura":"2 minutos"},"schema":{"@context":"https:\/\/schema.org","@graph":[{"@type":"WebPage","@id":"https:\/\/giftronic04.com\/index.php\/product\/tv-lg-50ur7410psa-50-4k-uhd-led-smart-tv-web-os\/","url":"https:\/\/giftronic04.com\/index.php\/product\/tv-lg-50ur7410psa-50-4k-uhd-led-smart-tv-web-os\/","name":"TV LG 50UR7410PSA 50' 4K-UHD LED Smart TV Web OS - Giftronic.04","isPartOf":{"@id":"https:\/\/giftronic04.com\/#website"},"primaryImageOfPage":{"@id":"https:\/\/giftronic04.com\/index.php\/product\/tv-lg-50ur7410psa-50-4k-uhd-led-smart-tv-web-os\/#primaryimage"},"image":{"@id":"https:\/\/giftronic04.com\/index.php\/product\/tv-lg-50ur7410psa-50-4k-uhd-led-smart-tv-web-os\/#primaryimage"},"thumbnailUrl":"https:\/\/giftronic04.com\/wp-content\/uploads\/2025\/05\/Televisor-LG-50-Pulgadas-LED-Uhd-4K-Smart-TV-50UR7410PSAAWC-3586280_a.png","datePublished":"2025-05-02T22:00:57+00:00","dateModified":"2025-07-05T14:57:30+00:00","breadcrumb":{"@id":"https:\/\/giftronic04.com\/index.php\/product\/tv-lg-50ur7410psa-50-4k-uhd-led-smart-tv-web-os\/#breadcrumb"},"inLanguage":"es","potentialAction":[{"@type":"ReadAction","target":["https:\/\/giftronic04.com\/index.php\/product\/tv-lg-50ur7410psa-50-4k-uhd-led-smart-tv-web-os\/"]}]},{"@type":"ImageObject","inLanguage":"es","@id":"https:\/\/giftronic04.com\/index.php\/product\/tv-lg-50ur7410psa-50-4k-uhd-led-smart-tv-web-os\/#primaryimage","url":"https:\/\/giftronic04.com\/wp-content\/uploads\/2025\/05\/Televisor-LG-50-Pulgadas-LED-Uhd-4K-Smart-TV-50UR7410PSAAWC-3586280_a.png","contentUrl":"https:\/\/giftronic04.com\/wp-content\/uploads\/2025\/05\/Televisor-LG-50-Pulgadas-LED-Uhd-4K-Smart-TV-50UR7410PSAAWC-3586280_a.png","width":2000,"height":2000},{"@type":"BreadcrumbList","@id":"https:\/\/giftronic04.com\/index.php\/product\/tv-lg-50ur7410psa-50-4k-uhd-led-smart-tv-web-os\/#breadcrumb","itemListElement":[{"@type":"ListItem","position":1,"name":"Portada","item":"https:\/\/giftronic04.com\/"},{"@type":"ListItem","position":2,"name":"Tienda","item":"https:\/\/giftronic04.com\/index.php\/shop\/"},{"@type":"ListItem","position":3,"name":"TV LG 50UR7410PSA 50&#8242; 4K-UHD LED Smart TV Web OS"}]},{"@type":"WebSite","@id":"https:\/\/giftronic04.com\/#website","url":"https:\/\/giftronic04.com\/","name":"Giftronic.04","description":"Venta de equipos tecnologicos","publisher":{"@id":"https:\/\/giftronic04.com\/#organization"},"potentialAction":[{"@type":"SearchAction","target":{"@type":"EntryPoint","urlTemplate":"https:\/\/giftronic04.com\/?s={search_term_string}"},"query-input":{"@type":"PropertyValueSpecification","valueRequired":true,"valueName":"search_term_string"}}],"inLanguage":"es"},{"@type":"Organization","@id":"https:\/\/giftronic04.com\/#organization","name":"giftronic04","url":"https:\/\/giftronic04.com\/","logo":{"@type":"ImageObject","inLanguage":"es","@id":"https:\/\/giftronic04.com\/#\/schema\/logo\/image\/","url":"https:\/\/giftronic04.com\/wp-content\/uploads\/2021\/08\/logo.png","contentUrl":"https:\/\/giftronic04.com\/wp-content\/uploads\/2021\/08\/logo.png","width":6640,"height":2192,"caption":"giftronic04"},"image":{"@id":"https:\/\/giftronic04.com\/#\/schema\/logo\/image\/"},"sameAs":["https:\/\/www.instagram.com\/giftronic.04\/"]}]}},"jetpack_sharing_enabled":true,"_links":{"self":[{"href":"https:\/\/giftronic04.com\/index.php\/wp-json\/wp\/v2\/product\/8729","targetHints":{"allow":["GET"]}}],"collection":[{"href":"https:\/\/giftronic04.com\/index.php\/wp-json\/wp\/v2\/product"}],"about":[{"href":"https:\/\/giftronic04.com\/index.php\/wp-json\/wp\/v2\/types\/product"}],"replies":[{"embeddable":true,"href":"https:\/\/giftronic04.com\/index.php\/wp-json\/wp\/v2\/comments?post=8729"}],"wp:featuredmedia":[{"embeddable":true,"href":"https:\/\/giftronic04.com\/index.php\/wp-json\/wp\/v2\/media\/8730"}],"wp:attachment":[{"href":"https:\/\/giftronic04.com\/index.php\/wp-json\/wp\/v2\/media?parent=8729"}],"wp:term":[{"taxonomy":"product_brand","embeddable":true,"href":"https:\/\/giftronic04.com\/index.php\/wp-json\/wp\/v2\/product_brand?post=8729"},{"taxonomy":"product_cat","embeddable":true,"href":"https:\/\/giftronic04.com\/index.php\/wp-json\/wp\/v2\/product_cat?post=8729"},{"taxonomy":"product_tag","embeddable":true,"href":"https:\/\/giftronic04.com\/index.php\/wp-json\/wp\/v2\/product_tag?post=8729"}],"curies":[{"name":"wp","href":"https:\/\/api.w.org\/{rel}","templated":true}]}}