{"id":8806,"date":"2025-05-19T18:19:54","date_gmt":"2025-05-19T23:19:54","guid":{"rendered":"https:\/\/giftronic04.com\/?post_type=product&#038;p=8806"},"modified":"2025-06-28T13:16:13","modified_gmt":"2025-06-28T18:16:13","slug":"tv-samsung-43-pulgadas-43du7000-4k-uhd-led-crystal-smart-tv","status":"publish","type":"product","link":"https:\/\/giftronic04.com\/index.php\/product\/tv-samsung-43-pulgadas-43du7000-4k-uhd-led-crystal-smart-tv\/","title":{"rendered":"TV SAMSUNG 43&#8243; Pulgadas 43DU7000 4K-UHD LED Crystal Smart TV"},"content":{"rendered":"<p>Caracter\u00edsticas<\/p>\n<p>Marca: SAMSUNG<\/p>\n<p>Referencia: UN43DU7000KXZL<\/p>\n<p>Tipo: TELEVISOR<\/p>\n<p>Resoluci\u00f3n Pantalla<\/p>\n<p>4K-UHD<\/p>\n<p>Dise\u00f1o de la pantalla<\/p>\n<p>Plano<\/p>\n<p>Tama\u00f1o Pantalla<\/p>\n<p>43 Pulgadas<\/p>\n<p>Tama\u00f1o Pantalla<\/p>\n<p>109.22\u00a0 Cent\u00edmetros<\/p>\n<p>Tipo de Pantalla<\/p>\n<p>LED<\/p>\n<p>Caracter\u00edsticas T\u00e9cnicas<\/p>\n<p>Smart TV<\/p>\n<p>SI es Smart TV<\/p>\n<p>Sistema Operativo<\/p>\n<p>TIZEN<\/p>\n<p>Sintonizador Digital DVB T2<\/p>\n<p>Si Tiene Sintonizador Digital DVB-T2<\/p>\n<p>Potencia de Audio<\/p>\n<p>20\u00a0 Watts<\/p>\n<p>Tasa de Refresco del TV<\/p>\n<p>60 Hz<\/p>\n<p>Caracter\u00edsticas F\u00edsicas<\/p>\n<p>Tonalidad de Color<\/p>\n<p>Negro<\/p>\n<p>Dimensiones<\/p>\n<p>Ancho o Frente (Sin Base)<\/p>\n<p>96.75\u00a0 Cent\u00edmetros<\/p>\n<p>Alto (Sin Base)<\/p>\n<p>56.14\u00a0 Cent\u00edmetros<\/p>\n<p>Fondo (Sin Base)<\/p>\n<p>5.97\u00a0 Cent\u00edmetros<\/p>\n<p>Medidas del TV. Sin la base (Ancho x Alto x Fondo)<\/p>\n<p>96,75 x 56,14 x 5,97 Cent\u00edmetros<\/p>\n<p>Ancho o Frente (Con Base)<\/p>\n<p>96.75\u00a0 Cent\u00edmetros<\/p>\n<p>Alto (Con Base)<\/p>\n<p>60.97\u00a0 Cent\u00edmetros<\/p>\n<p>Fondo (Con Base)<\/p>\n<p>19.1\u00a0 Cent\u00edmetros<\/p>\n<p>Conectividad<\/p>\n<p>No. Puertos HDMI<\/p>\n<p>3 Puertos HDMI<\/p>\n<p>No. Puertos USB<\/p>\n<p>1\u00a0 Puertos<\/p>\n<p>Fuentes de Alimentacion de Energia<\/p>\n<p>Energ\u00eda El\u00e9ctrica<\/p>\n<p>Tipos de Puertos Entradas y Salidas<\/p>\n<p>Puerto HDMI<\/p>\n<p>Puerto LAN\/Ethernet<\/p>\n<p>Puerto USB<\/p>\n<p>Opciones de Conectividad<\/p>\n<p>Bluetooth<\/p>\n<p>USB<\/p>\n<p>WiFi<\/p>\n<p>Entrada Coaxial<\/p>\n<p>Si Tiene Entrada Coaxial<\/p>\n<p>Aplicaciones Preinstaladas<\/p>\n<p>Amazon Prime Video<\/p>\n<p>Apple TV<\/p>\n<p>Disney+<\/p>\n<p>Internet Browser \/ Navegador<\/p>\n<p>Netflix<\/p>\n<p>YouTube<\/p>\n<p>Resumen del producto<\/p>\n<p>Disfruta tu contenido favorito en tu TV DU7000 Crystal UHD 4K 43&#8243; modelo de SAMSUNG. Su tecnolog\u00eda incorpora PurColor que har\u00e1 que experimentes un nuevo nivel de profundidad y color en las im\u00e1genes, y si quiz\u00e1s el contenido que est\u00e1s viendo tiene otro tipo de resoluci\u00f3n, el potente procesador Crystal escalar\u00e1 con inteligencia artificial las im\u00e1genes hasta 4K y as\u00ed podr\u00e1s visualizar escenas m\u00e1s reales Lograras acceder a las pel\u00edculas, programas de televisi\u00f3n y juegos m\u00e1s f\u00e1cilmente en la pantalla de inicio del SAMSUNG HUB adaptada para ti. El TV que estabas buscando.<\/p>\n<p>Recomendaciones<\/p>\n<p>Lea cuidadosamente la descripci\u00f3n del producto y condiciones de venta.<\/p>\n<p>Se otorga 1 a\u00f1o de respaldo por defectos de fabricaci\u00f3n directamente con la marca \u2018Conservando empaques originales\u2019. No cubre da\u00f1os ocasionados por manipulaci\u00f3n no autorizada, golpes, derrames o mal uso del equipo, Las im\u00e1genes publicadas en esta p\u00e1gina son representaciones fotogr\u00e1ficas que ilustran de manera aproximada las caracter\u00edsticas de los equipos en venta y pueden variar respecto a la realidad seg\u00fan la resoluci\u00f3n de estas y del dispositivo que se utilice para observarlas. Para cualquier proceso de garant\u00eda debes entregar el producto con los empaques y accesorios ORIGINALES.<\/p>\n","protected":false},"excerpt":{"rendered":"<p>Caracter\u00edsticas Marca: SAMSUNG Referencia: UN43DU7000KXZL Tipo: TELEVISOR Resoluci\u00f3n Pantalla 4K-UHD Dise\u00f1o de la pantalla Plano Tama\u00f1o Pantalla 43 Pulgadas Tama\u00f1o Pantalla 109.22\u00a0 Cent\u00edmetros Tipo de Pantalla LED Caracter\u00edsticas T\u00e9cnicas Smart TV SI es Smart TV Sistema Operativo TIZEN Sintonizador Digital DVB T2 Si Tiene Sintonizador Digital DVB-T2 Potencia de Audio 20\u00a0 Watts Tasa de Refresco [&hellip;]<\/p>\n","protected":false},"featured_media":8807,"comment_status":"open","ping_status":"closed","template":"","meta":{"_surecart_dashboard_logo_width":"180px","_surecart_dashboard_show_logo":true,"_surecart_dashboard_navigation_orders":true,"_surecart_dashboard_navigation_invoices":true,"_surecart_dashboard_navigation_subscriptions":true,"_surecart_dashboard_navigation_downloads":true,"_surecart_dashboard_navigation_billing":true,"_surecart_dashboard_navigation_account":true,"site-sidebar-layout":"default","site-content-layout":"","ast-site-content-layout":"default","site-content-style":"default","site-sidebar-style":"default","ast-global-header-display":"","ast-banner-title-visibility":"","ast-main-header-display":"","ast-hfb-above-header-display":"","ast-hfb-below-header-display":"","ast-hfb-mobile-header-display":"","site-post-title":"","ast-breadcrumbs-content":"","ast-featured-img":"","footer-sml-layout":"","ast-disable-related-posts":"","theme-transparent-header-meta":"","adv-header-id-meta":"","stick-header-meta":"","header-above-stick-meta":"","header-main-stick-meta":"","header-below-stick-meta":"","astra-migrate-meta-layouts":"default","ast-page-background-enabled":"default","ast-page-background-meta":{"desktop":{"background-color":"var(--ast-global-color-4)","background-image":"","background-repeat":"repeat","background-position":"center center","background-size":"auto","background-attachment":"scroll","background-type":"","background-media":"","overlay-type":"","overlay-color":"","overlay-opacity":"","overlay-gradient":""},"tablet":{"background-color":"","background-image":"","background-repeat":"repeat","background-position":"center center","background-size":"auto","background-attachment":"scroll","background-type":"","background-media":"","overlay-type":"","overlay-color":"","overlay-opacity":"","overlay-gradient":""},"mobile":{"background-color":"","background-image":"","background-repeat":"repeat","background-position":"center center","background-size":"auto","background-attachment":"scroll","background-type":"","background-media":"","overlay-type":"","overlay-color":"","overlay-opacity":"","overlay-gradient":""}},"ast-content-background-meta":{"desktop":{"background-color":"var(--ast-global-color-5)","background-image":"","background-repeat":"repeat","background-position":"center center","background-size":"auto","background-attachment":"scroll","background-type":"","background-media":"","overlay-type":"","overlay-color":"","overlay-opacity":"","overlay-gradient":""},"tablet":{"background-color":"var(--ast-global-color-5)","background-image":"","background-repeat":"repeat","background-position":"center center","background-size":"auto","background-attachment":"scroll","background-type":"","background-media":"","overlay-type":"","overlay-color":"","overlay-opacity":"","overlay-gradient":""},"mobile":{"background-color":"var(--ast-global-color-5)","background-image":"","background-repeat":"repeat","background-position":"center center","background-size":"auto","background-attachment":"scroll","background-type":"","background-media":"","overlay-type":"","overlay-color":"","overlay-opacity":"","overlay-gradient":""}}},"product_brand":[],"product_cat":[86],"product_tag":[],"class_list":{"0":"post-8806","1":"product","2":"type-product","3":"status-publish","4":"has-post-thumbnail","6":"product_cat-tv","7":"desktop-align-left","8":"tablet-align-left","9":"mobile-align-left","11":"first","12":"outofstock","13":"sale","14":"taxable","15":"shipping-taxable","16":"purchasable","17":"product-type-simple"},"yoast_head":"<!-- This site is optimized with the Yoast SEO plugin v27.4 - https:\/\/yoast.com\/product\/yoast-seo-wordpress\/ -->\n<title>TV SAMSUNG 43&quot; Pulgadas 43DU7000 4K-UHD LED Crystal Smart TV - Giftronic.04<\/title>\n<meta name=\"robots\" content=\"index, follow, max-snippet:-1, max-image-preview:large, max-video-preview:-1\" \/>\n<link rel=\"canonical\" href=\"https:\/\/giftronic04.com\/index.php\/product\/tv-samsung-43-pulgadas-43du7000-4k-uhd-led-crystal-smart-tv\/\" \/>\n<meta property=\"og:locale\" content=\"es_ES\" \/>\n<meta property=\"og:type\" content=\"article\" \/>\n<meta property=\"og:title\" content=\"TV SAMSUNG 43&quot; Pulgadas 43DU7000 4K-UHD LED Crystal Smart TV - Giftronic.04\" \/>\n<meta property=\"og:description\" content=\"Caracter\u00edsticas Marca: SAMSUNG Referencia: UN43DU7000KXZL Tipo: TELEVISOR Resoluci\u00f3n Pantalla 4K-UHD Dise\u00f1o de la pantalla Plano Tama\u00f1o Pantalla 43 Pulgadas Tama\u00f1o Pantalla 109.22\u00a0 Cent\u00edmetros Tipo de Pantalla LED Caracter\u00edsticas T\u00e9cnicas Smart TV SI es Smart TV Sistema Operativo TIZEN Sintonizador Digital DVB T2 Si Tiene Sintonizador Digital DVB-T2 Potencia de Audio 20\u00a0 Watts Tasa de Refresco [&hellip;]\" \/>\n<meta property=\"og:url\" content=\"https:\/\/giftronic04.com\/index.php\/product\/tv-samsung-43-pulgadas-43du7000-4k-uhd-led-crystal-smart-tv\/\" \/>\n<meta property=\"og:site_name\" content=\"Giftronic.04\" \/>\n<meta property=\"article:modified_time\" content=\"2025-06-28T18:16:13+00:00\" \/>\n<meta property=\"og:image\" content=\"https:\/\/giftronic04.com\/wp-content\/uploads\/2025\/05\/1.jpg\" \/>\n\t<meta property=\"og:image:width\" content=\"2000\" \/>\n\t<meta property=\"og:image:height\" content=\"2000\" \/>\n\t<meta property=\"og:image:type\" content=\"image\/jpeg\" \/>\n<meta name=\"twitter:card\" content=\"summary_large_image\" \/>\n<meta name=\"twitter:label1\" content=\"Tiempo de lectura\" \/>\n\t<meta name=\"twitter:data1\" content=\"2 minutos\" \/>\n<script type=\"application\/ld+json\" class=\"yoast-schema-graph\">{\"@context\":\"https:\\\/\\\/schema.org\",\"@graph\":[{\"@type\":\"WebPage\",\"@id\":\"https:\\\/\\\/giftronic04.com\\\/index.php\\\/product\\\/tv-samsung-43-pulgadas-43du7000-4k-uhd-led-crystal-smart-tv\\\/\",\"url\":\"https:\\\/\\\/giftronic04.com\\\/index.php\\\/product\\\/tv-samsung-43-pulgadas-43du7000-4k-uhd-led-crystal-smart-tv\\\/\",\"name\":\"TV SAMSUNG 43\\\" Pulgadas 43DU7000 4K-UHD LED Crystal Smart TV - Giftronic.04\",\"isPartOf\":{\"@id\":\"https:\\\/\\\/giftronic04.com\\\/#website\"},\"primaryImageOfPage\":{\"@id\":\"https:\\\/\\\/giftronic04.com\\\/index.php\\\/product\\\/tv-samsung-43-pulgadas-43du7000-4k-uhd-led-crystal-smart-tv\\\/#primaryimage\"},\"image\":{\"@id\":\"https:\\\/\\\/giftronic04.com\\\/index.php\\\/product\\\/tv-samsung-43-pulgadas-43du7000-4k-uhd-led-crystal-smart-tv\\\/#primaryimage\"},\"thumbnailUrl\":\"https:\\\/\\\/giftronic04.com\\\/wp-content\\\/uploads\\\/2025\\\/05\\\/1.jpg\",\"datePublished\":\"2025-05-19T23:19:54+00:00\",\"dateModified\":\"2025-06-28T18:16:13+00:00\",\"breadcrumb\":{\"@id\":\"https:\\\/\\\/giftronic04.com\\\/index.php\\\/product\\\/tv-samsung-43-pulgadas-43du7000-4k-uhd-led-crystal-smart-tv\\\/#breadcrumb\"},\"inLanguage\":\"es\",\"potentialAction\":[{\"@type\":\"ReadAction\",\"target\":[\"https:\\\/\\\/giftronic04.com\\\/index.php\\\/product\\\/tv-samsung-43-pulgadas-43du7000-4k-uhd-led-crystal-smart-tv\\\/\"]}]},{\"@type\":\"ImageObject\",\"inLanguage\":\"es\",\"@id\":\"https:\\\/\\\/giftronic04.com\\\/index.php\\\/product\\\/tv-samsung-43-pulgadas-43du7000-4k-uhd-led-crystal-smart-tv\\\/#primaryimage\",\"url\":\"https:\\\/\\\/giftronic04.com\\\/wp-content\\\/uploads\\\/2025\\\/05\\\/1.jpg\",\"contentUrl\":\"https:\\\/\\\/giftronic04.com\\\/wp-content\\\/uploads\\\/2025\\\/05\\\/1.jpg\",\"width\":2000,\"height\":2000},{\"@type\":\"BreadcrumbList\",\"@id\":\"https:\\\/\\\/giftronic04.com\\\/index.php\\\/product\\\/tv-samsung-43-pulgadas-43du7000-4k-uhd-led-crystal-smart-tv\\\/#breadcrumb\",\"itemListElement\":[{\"@type\":\"ListItem\",\"position\":1,\"name\":\"Portada\",\"item\":\"https:\\\/\\\/giftronic04.com\\\/\"},{\"@type\":\"ListItem\",\"position\":2,\"name\":\"Tienda\",\"item\":\"https:\\\/\\\/giftronic04.com\\\/index.php\\\/shop\\\/\"},{\"@type\":\"ListItem\",\"position\":3,\"name\":\"TV SAMSUNG 43&#8243; Pulgadas 43DU7000 4K-UHD LED Crystal Smart TV\"}]},{\"@type\":\"WebSite\",\"@id\":\"https:\\\/\\\/giftronic04.com\\\/#website\",\"url\":\"https:\\\/\\\/giftronic04.com\\\/\",\"name\":\"Giftronic.04\",\"description\":\"Venta de equipos tecnologicos\",\"publisher\":{\"@id\":\"https:\\\/\\\/giftronic04.com\\\/#organization\"},\"potentialAction\":[{\"@type\":\"SearchAction\",\"target\":{\"@type\":\"EntryPoint\",\"urlTemplate\":\"https:\\\/\\\/giftronic04.com\\\/?s={search_term_string}\"},\"query-input\":{\"@type\":\"PropertyValueSpecification\",\"valueRequired\":true,\"valueName\":\"search_term_string\"}}],\"inLanguage\":\"es\"},{\"@type\":\"Organization\",\"@id\":\"https:\\\/\\\/giftronic04.com\\\/#organization\",\"name\":\"giftronic04\",\"url\":\"https:\\\/\\\/giftronic04.com\\\/\",\"logo\":{\"@type\":\"ImageObject\",\"inLanguage\":\"es\",\"@id\":\"https:\\\/\\\/giftronic04.com\\\/#\\\/schema\\\/logo\\\/image\\\/\",\"url\":\"https:\\\/\\\/giftronic04.com\\\/wp-content\\\/uploads\\\/2021\\\/08\\\/logo.png\",\"contentUrl\":\"https:\\\/\\\/giftronic04.com\\\/wp-content\\\/uploads\\\/2021\\\/08\\\/logo.png\",\"width\":6640,\"height\":2192,\"caption\":\"giftronic04\"},\"image\":{\"@id\":\"https:\\\/\\\/giftronic04.com\\\/#\\\/schema\\\/logo\\\/image\\\/\"},\"sameAs\":[\"https:\\\/\\\/www.instagram.com\\\/giftronic.04\\\/\"]}]}<\/script>\n<!-- \/ Yoast SEO plugin. -->","yoast_head_json":{"title":"TV SAMSUNG 43\" Pulgadas 43DU7000 4K-UHD LED Crystal Smart TV - Giftronic.04","robots":{"index":"index","follow":"follow","max-snippet":"max-snippet:-1","max-image-preview":"max-image-preview:large","max-video-preview":"max-video-preview:-1"},"canonical":"https:\/\/giftronic04.com\/index.php\/product\/tv-samsung-43-pulgadas-43du7000-4k-uhd-led-crystal-smart-tv\/","og_locale":"es_ES","og_type":"article","og_title":"TV SAMSUNG 43\" Pulgadas 43DU7000 4K-UHD LED Crystal Smart TV - Giftronic.04","og_description":"Caracter\u00edsticas Marca: SAMSUNG Referencia: UN43DU7000KXZL Tipo: TELEVISOR Resoluci\u00f3n Pantalla 4K-UHD Dise\u00f1o de la pantalla Plano Tama\u00f1o Pantalla 43 Pulgadas Tama\u00f1o Pantalla 109.22\u00a0 Cent\u00edmetros Tipo de Pantalla LED Caracter\u00edsticas T\u00e9cnicas Smart TV SI es Smart TV Sistema Operativo TIZEN Sintonizador Digital DVB T2 Si Tiene Sintonizador Digital DVB-T2 Potencia de Audio 20\u00a0 Watts Tasa de Refresco [&hellip;]","og_url":"https:\/\/giftronic04.com\/index.php\/product\/tv-samsung-43-pulgadas-43du7000-4k-uhd-led-crystal-smart-tv\/","og_site_name":"Giftronic.04","article_modified_time":"2025-06-28T18:16:13+00:00","og_image":[{"width":2000,"height":2000,"url":"https:\/\/giftronic04.com\/wp-content\/uploads\/2025\/05\/1.jpg","type":"image\/jpeg"}],"twitter_card":"summary_large_image","twitter_misc":{"Tiempo de lectura":"2 minutos"},"schema":{"@context":"https:\/\/schema.org","@graph":[{"@type":"WebPage","@id":"https:\/\/giftronic04.com\/index.php\/product\/tv-samsung-43-pulgadas-43du7000-4k-uhd-led-crystal-smart-tv\/","url":"https:\/\/giftronic04.com\/index.php\/product\/tv-samsung-43-pulgadas-43du7000-4k-uhd-led-crystal-smart-tv\/","name":"TV SAMSUNG 43\" Pulgadas 43DU7000 4K-UHD LED Crystal Smart TV - Giftronic.04","isPartOf":{"@id":"https:\/\/giftronic04.com\/#website"},"primaryImageOfPage":{"@id":"https:\/\/giftronic04.com\/index.php\/product\/tv-samsung-43-pulgadas-43du7000-4k-uhd-led-crystal-smart-tv\/#primaryimage"},"image":{"@id":"https:\/\/giftronic04.com\/index.php\/product\/tv-samsung-43-pulgadas-43du7000-4k-uhd-led-crystal-smart-tv\/#primaryimage"},"thumbnailUrl":"https:\/\/giftronic04.com\/wp-content\/uploads\/2025\/05\/1.jpg","datePublished":"2025-05-19T23:19:54+00:00","dateModified":"2025-06-28T18:16:13+00:00","breadcrumb":{"@id":"https:\/\/giftronic04.com\/index.php\/product\/tv-samsung-43-pulgadas-43du7000-4k-uhd-led-crystal-smart-tv\/#breadcrumb"},"inLanguage":"es","potentialAction":[{"@type":"ReadAction","target":["https:\/\/giftronic04.com\/index.php\/product\/tv-samsung-43-pulgadas-43du7000-4k-uhd-led-crystal-smart-tv\/"]}]},{"@type":"ImageObject","inLanguage":"es","@id":"https:\/\/giftronic04.com\/index.php\/product\/tv-samsung-43-pulgadas-43du7000-4k-uhd-led-crystal-smart-tv\/#primaryimage","url":"https:\/\/giftronic04.com\/wp-content\/uploads\/2025\/05\/1.jpg","contentUrl":"https:\/\/giftronic04.com\/wp-content\/uploads\/2025\/05\/1.jpg","width":2000,"height":2000},{"@type":"BreadcrumbList","@id":"https:\/\/giftronic04.com\/index.php\/product\/tv-samsung-43-pulgadas-43du7000-4k-uhd-led-crystal-smart-tv\/#breadcrumb","itemListElement":[{"@type":"ListItem","position":1,"name":"Portada","item":"https:\/\/giftronic04.com\/"},{"@type":"ListItem","position":2,"name":"Tienda","item":"https:\/\/giftronic04.com\/index.php\/shop\/"},{"@type":"ListItem","position":3,"name":"TV SAMSUNG 43&#8243; Pulgadas 43DU7000 4K-UHD LED Crystal Smart TV"}]},{"@type":"WebSite","@id":"https:\/\/giftronic04.com\/#website","url":"https:\/\/giftronic04.com\/","name":"Giftronic.04","description":"Venta de equipos tecnologicos","publisher":{"@id":"https:\/\/giftronic04.com\/#organization"},"potentialAction":[{"@type":"SearchAction","target":{"@type":"EntryPoint","urlTemplate":"https:\/\/giftronic04.com\/?s={search_term_string}"},"query-input":{"@type":"PropertyValueSpecification","valueRequired":true,"valueName":"search_term_string"}}],"inLanguage":"es"},{"@type":"Organization","@id":"https:\/\/giftronic04.com\/#organization","name":"giftronic04","url":"https:\/\/giftronic04.com\/","logo":{"@type":"ImageObject","inLanguage":"es","@id":"https:\/\/giftronic04.com\/#\/schema\/logo\/image\/","url":"https:\/\/giftronic04.com\/wp-content\/uploads\/2021\/08\/logo.png","contentUrl":"https:\/\/giftronic04.com\/wp-content\/uploads\/2021\/08\/logo.png","width":6640,"height":2192,"caption":"giftronic04"},"image":{"@id":"https:\/\/giftronic04.com\/#\/schema\/logo\/image\/"},"sameAs":["https:\/\/www.instagram.com\/giftronic.04\/"]}]}},"jetpack_sharing_enabled":true,"_links":{"self":[{"href":"https:\/\/giftronic04.com\/index.php\/wp-json\/wp\/v2\/product\/8806","targetHints":{"allow":["GET"]}}],"collection":[{"href":"https:\/\/giftronic04.com\/index.php\/wp-json\/wp\/v2\/product"}],"about":[{"href":"https:\/\/giftronic04.com\/index.php\/wp-json\/wp\/v2\/types\/product"}],"replies":[{"embeddable":true,"href":"https:\/\/giftronic04.com\/index.php\/wp-json\/wp\/v2\/comments?post=8806"}],"wp:featuredmedia":[{"embeddable":true,"href":"https:\/\/giftronic04.com\/index.php\/wp-json\/wp\/v2\/media\/8807"}],"wp:attachment":[{"href":"https:\/\/giftronic04.com\/index.php\/wp-json\/wp\/v2\/media?parent=8806"}],"wp:term":[{"taxonomy":"product_brand","embeddable":true,"href":"https:\/\/giftronic04.com\/index.php\/wp-json\/wp\/v2\/product_brand?post=8806"},{"taxonomy":"product_cat","embeddable":true,"href":"https:\/\/giftronic04.com\/index.php\/wp-json\/wp\/v2\/product_cat?post=8806"},{"taxonomy":"product_tag","embeddable":true,"href":"https:\/\/giftronic04.com\/index.php\/wp-json\/wp\/v2\/product_tag?post=8806"}],"curies":[{"name":"wp","href":"https:\/\/api.w.org\/{rel}","templated":true}]}}