{"id":9693,"date":"2025-12-06T10:28:43","date_gmt":"2025-12-06T15:28:43","guid":{"rendered":"https:\/\/giftronic04.com\/?post_type=product&#038;p=9693"},"modified":"2026-02-11T12:08:48","modified_gmt":"2026-02-11T17:08:48","slug":"computador-aio-hp-pro-one-240-g10-238-fhd-intel-i5-1334u-16gb-ram-512gb-ssd-negro","status":"publish","type":"product","link":"https:\/\/giftronic04.com\/index.php\/product\/computador-aio-hp-pro-one-240-g10-238-fhd-intel-i5-1334u-16gb-ram-512gb-ssd-negro\/","title":{"rendered":"Computador Aio Hp Pro One 240 G10 | 23,8&#8243; FHD | Intel i5-1334U  | 16GB RAM 512GB SSD | Negro"},"content":{"rendered":"<h2 data-path-to-node=\"3\">HP ProOne 240 G10: All In One Potente y Confiable<\/h2>\n<p>&nbsp;<\/p>\n<p data-path-to-node=\"4\">El <strong>HP ProOne 240 G10\u00a0<\/strong>es un equipo All In One dise\u00f1ado para combinar potencia, rendimiento s\u00f3lido y conciencia ecol\u00f3gica. Convierte tu lista de tareas pendientes en tareas completadas con la tecnolog\u00eda confiable de <b>Intel Core de 13.a Generaci\u00f3n<\/b>.<\/p>\n<h3 data-path-to-node=\"5\">Caracter\u00edsticas HP ProOne 240 G10<\/h3>\n<p>&nbsp;<\/p>\n<p data-path-to-node=\"6\">Este equipo est\u00e1 fabricado para ofrecer un desempe\u00f1o de primer nivel:<\/p>\n<ul data-path-to-node=\"7\">\n<li>\n<p data-path-to-node=\"7,0,0\"><b>Tipo:<\/b> All In One (AIO)<\/p>\n<\/li>\n<li>\n<p data-path-to-node=\"7,1,0\"><b>Procesador:<\/b> <a href=\"https:\/\/www.intel.la\/content\/www\/xl\/es\/products\/sku\/232143\/intel-core-i51334u-processor-12m-cache-up-to-4-60-ghz\/specifications.html\"><b>Intel\u00ae Core\u2122 i5-1334U<\/b><\/a> (13.a Generaci\u00f3n)<\/p>\n<ul data-path-to-node=\"7,1,1\">\n<li>\n<p data-path-to-node=\"7,1,1,0,0\">Arquitectura de <b>10 n\u00facleos<\/b> (2 P-Cores y 8 E-Cores) y 12 hilos.<\/p>\n<\/li>\n<li>\n<p data-path-to-node=\"7,1,1,1,0\">12 MB de Intel\u00ae Smart Cache.<\/p>\n<\/li>\n<\/ul>\n<\/li>\n<li>\n<p data-path-to-node=\"7,2,0\"><b>Memoria RAM:<\/b> <b>16GB<\/b> DDR4-3200.<\/p>\n<\/li>\n<li>\n<p data-path-to-node=\"7,3,0\"><b>Almacenamiento:<\/b> <b>512GB<\/b> SSD M.2 NVMe\u00ae (Almacenamiento ultrarr\u00e1pido).<\/p>\n<\/li>\n<li>\n<p data-path-to-node=\"7,4,0\"><b>Sistema Operativo:<\/b> <b>Windows 11 Pro<\/b>.<\/p>\n<\/li>\n<li>\n<p data-path-to-node=\"7,5,0\"><b>Color:<\/b> Negro.<\/p>\n<\/li>\n<li>\n<p data-path-to-node=\"7,6,0\"><b>Peso:<\/b> 6,2 Kilogramos.<\/p>\n<\/li>\n<\/ul>\n<p>&nbsp;<\/p>\n<hr data-path-to-node=\"8\" \/>\n<h3 data-path-to-node=\"9\">Pantalla y Conectividad HP Pro One 240 G10<\/h3>\n<p>&nbsp;<\/p>\n<p data-path-to-node=\"10\">Disfruta de una experiencia visual clara y mantente conectado con facilidad:<\/p>\n<h4 data-path-to-node=\"11\"><b>Pantalla<\/b><\/h4>\n<p>&nbsp;<\/p>\n<ul data-path-to-node=\"12\">\n<li>\n<p data-path-to-node=\"12,0,0\"><b>Tama\u00f1o:<\/b> 23,8 Pulgadas.<\/p>\n<\/li>\n<li>\n<p data-path-to-node=\"12,1,0\"><b>Resoluci\u00f3n:<\/b> <b>Full HD (1920&#215;1080)<\/b>.<\/p>\n<\/li>\n<li>\n<p data-path-to-node=\"12,2,0\"><b>Brillo:<\/b> 250 nits.<\/p>\n<\/li>\n<\/ul>\n<p>&nbsp;<\/p>\n<h4 data-path-to-node=\"13\"><b>Puertos y Conexiones<\/b><\/h4>\n<p>&nbsp;<\/p>\n<ul data-path-to-node=\"14\">\n<li>\n<p data-path-to-node=\"14,0,0\"><b>Puertos USB:<\/b> 4x USB (Est\u00e1ndar) + <b>1x USB-C\u00ae<\/b>.<\/p>\n<\/li>\n<li>\n<p data-path-to-node=\"14,1,0\"><b>Video:<\/b> 1x HDMI\u00ae (Salida de video).<\/p>\n<\/li>\n<li>\n<p data-path-to-node=\"14,2,0\"><b>Red:<\/b> 1x Ethernet (RJ-45).<\/p>\n<\/li>\n<li>\n<p data-path-to-node=\"14,3,0\"><b>Audio:<\/b> 1x Conector combinado de auriculares\/micr\u00f3fono (3,5 mm).<\/p>\n<\/li>\n<li>\n<p data-path-to-node=\"14,4,0\"><b>Otros:<\/b> Conector de alimentaci\u00f3n.<\/p>\n<\/li>\n<li>\n<p data-path-to-node=\"14,5,0\"><b>Opciones Inal\u00e1mbricas:<\/b> <b>Wi-Fi\u00ae<\/b> y <b>Bluetooth<\/b>.<\/p>\n<\/li>\n<li>\n<p data-path-to-node=\"14,6,0\"><b>Adicional:<\/b> C\u00e1mara WEB Integrada.<\/p>\n<\/li>\n<\/ul>\n<p>&nbsp;<\/p>\n<hr data-path-to-node=\"15\" \/>\n<h3 data-path-to-node=\"16\">Informaci\u00f3n Importante sobre Garant\u00eda y Facturaci\u00f3n<\/h3>\n<p>&nbsp;<\/p>\n<h4 data-path-to-node=\"17\"><b>Garant\u00eda y Condiciones<\/b><\/h4>\n<p>&nbsp;<\/p>\n<ul data-path-to-node=\"18\">\n<li>\n<p data-path-to-node=\"18,0,0\"><b>Respaldo:<\/b> <b>1 a\u00f1o de garant\u00eda<\/b> por defectos de fabricaci\u00f3n, directamente con la marca.<\/p>\n<\/li>\n<li>\n<p data-path-to-node=\"18,1,0\"><b>Requisito de Garant\u00eda:<\/b> Es <b>OBLIGATORIO<\/b> conservar los <b>empaques y accesorios originales<\/b> para cualquier proceso de garant\u00eda.<\/p>\n<\/li>\n<li>\n<p data-path-to-node=\"18,2,0\"><b>Exclusiones:<\/b> La garant\u00eda <b>NO cubre<\/b> da\u00f1os por manipulaci\u00f3n no autorizada, golpes, derrames o mal uso del equipo.<\/p>\n<\/li>\n<\/ul>\n<p>&nbsp;<\/p>\n<h4 data-path-to-node=\"19\"><b>Nota sobre Facturaci\u00f3n<\/b><\/h4>\n<p>&nbsp;<\/p>\n<ul data-path-to-node=\"20\">\n<li>\n<p data-path-to-node=\"20,0,0\">La factura es <b>Legal y Electr\u00f3nica<\/b>.<\/p>\n<\/li>\n<li>\n<p data-path-to-node=\"20,1,0\"><b>No se realizan modificaciones, cambios de datos o cambios de factura<\/b> una vez emitida.<\/p>\n<\/li>\n<li>\n<p data-path-to-node=\"20,2,0\">Aseg\u00farate de que los <b>datos de facturaci\u00f3n sean correctos<\/b> antes de confirmar la compra.<\/p>\n<\/li>\n<li>&lt;a href=\u00bbhttp:\/\/giftronic04.com\u00bb target=\u00bb_blank\u00bb&gt;giftronic04.com&lt;\/a&gt;<\/li>\n<\/ul>\n","protected":false},"excerpt":{"rendered":"<p>HP ProOne 240 G10: All In One Potente y Confiable &nbsp; El HP ProOne 240 G10\u00a0es un equipo All In One dise\u00f1ado para combinar potencia, rendimiento s\u00f3lido y conciencia ecol\u00f3gica. Convierte tu lista de tareas pendientes en tareas completadas con la tecnolog\u00eda confiable de Intel Core de 13.a Generaci\u00f3n. Caracter\u00edsticas HP ProOne 240 G10 &nbsp; [&hellip;]<\/p>\n","protected":false},"featured_media":9687,"comment_status":"open","ping_status":"closed","template":"","meta":{"_surecart_dashboard_logo_width":"180px","_surecart_dashboard_show_logo":true,"_surecart_dashboard_navigation_orders":true,"_surecart_dashboard_navigation_invoices":true,"_surecart_dashboard_navigation_subscriptions":true,"_surecart_dashboard_navigation_downloads":true,"_surecart_dashboard_navigation_billing":true,"_surecart_dashboard_navigation_account":true,"site-sidebar-layout":"default","site-content-layout":"","ast-site-content-layout":"default","site-content-style":"default","site-sidebar-style":"default","ast-global-header-display":"","ast-banner-title-visibility":"","ast-main-header-display":"","ast-hfb-above-header-display":"","ast-hfb-below-header-display":"","ast-hfb-mobile-header-display":"","site-post-title":"","ast-breadcrumbs-content":"","ast-featured-img":"","footer-sml-layout":"","ast-disable-related-posts":"","theme-transparent-header-meta":"default","adv-header-id-meta":"","stick-header-meta":"","header-above-stick-meta":"","header-main-stick-meta":"","header-below-stick-meta":"","astra-migrate-meta-layouts":"set","ast-page-background-enabled":"default","ast-page-background-meta":{"desktop":{"background-color":"var(--ast-global-color-4)","background-image":"","background-repeat":"repeat","background-position":"center center","background-size":"auto","background-attachment":"scroll","background-type":"","background-media":"","overlay-type":"","overlay-color":"","overlay-opacity":"","overlay-gradient":""},"tablet":{"background-color":"","background-image":"","background-repeat":"repeat","background-position":"center center","background-size":"auto","background-attachment":"scroll","background-type":"","background-media":"","overlay-type":"","overlay-color":"","overlay-opacity":"","overlay-gradient":""},"mobile":{"background-color":"","background-image":"","background-repeat":"repeat","background-position":"center center","background-size":"auto","background-attachment":"scroll","background-type":"","background-media":"","overlay-type":"","overlay-color":"","overlay-opacity":"","overlay-gradient":""}},"ast-content-background-meta":{"desktop":{"background-color":"var(--ast-global-color-5)","background-image":"","background-repeat":"repeat","background-position":"center center","background-size":"auto","background-attachment":"scroll","background-type":"","background-media":"","overlay-type":"","overlay-color":"","overlay-opacity":"","overlay-gradient":""},"tablet":{"background-color":"var(--ast-global-color-5)","background-image":"","background-repeat":"repeat","background-position":"center center","background-size":"auto","background-attachment":"scroll","background-type":"","background-media":"","overlay-type":"","overlay-color":"","overlay-opacity":"","overlay-gradient":""},"mobile":{"background-color":"var(--ast-global-color-5)","background-image":"","background-repeat":"repeat","background-position":"center center","background-size":"auto","background-attachment":"scroll","background-type":"","background-media":"","overlay-type":"","overlay-color":"","overlay-opacity":"","overlay-gradient":""}}},"product_brand":[],"product_cat":[56,22],"product_tag":[],"class_list":{"0":"post-9693","1":"product","2":"type-product","3":"status-publish","4":"has-post-thumbnail","6":"product_cat-all-in-one","7":"product_cat-computacion","8":"desktop-align-left","9":"tablet-align-left","10":"mobile-align-left","12":"first","13":"outofstock","14":"sale","15":"taxable","16":"shipping-taxable","17":"purchasable","18":"product-type-simple"},"yoast_head":"<!-- This site is optimized with the Yoast SEO plugin v27.5 - https:\/\/yoast.com\/product\/yoast-seo-wordpress\/ -->\n<title>HP ProOne 240 G10 AIO 24&quot; i5 FHD 16GB SSD - Potencia y Estilo<\/title>\n<meta name=\"description\" content=\"Computador All-in-One HP ProOne 240 G10 (23.8&quot; FHD, Intel i5-1334U, 16GB RAM, 512GB SSD). Rendimiento y dise\u00f1o elegante en negro. \u00a1Compra ahora!....\" \/>\n<meta name=\"robots\" content=\"index, follow, max-snippet:-1, max-image-preview:large, max-video-preview:-1\" \/>\n<link rel=\"canonical\" href=\"https:\/\/giftronic04.com\/index.php\/product\/computador-aio-hp-pro-one-240-g10-238-fhd-intel-i5-1334u-16gb-ram-512gb-ssd-negro\/\" \/>\n<meta property=\"og:locale\" content=\"es_ES\" \/>\n<meta property=\"og:type\" content=\"article\" \/>\n<meta property=\"og:title\" content=\"HP ProOne 240 G10 AIO 24&quot; i5 FHD 16GB SSD - Potencia y Estilo\" \/>\n<meta property=\"og:description\" content=\"Computador All-in-One HP ProOne 240 G10 (23.8&quot; FHD, Intel i5-1334U, 16GB RAM, 512GB SSD). Rendimiento y dise\u00f1o elegante en negro. \u00a1Compra ahora!....\" \/>\n<meta property=\"og:url\" content=\"https:\/\/giftronic04.com\/index.php\/product\/computador-aio-hp-pro-one-240-g10-238-fhd-intel-i5-1334u-16gb-ram-512gb-ssd-negro\/\" \/>\n<meta property=\"og:site_name\" content=\"Giftronic.04\" \/>\n<meta property=\"article:modified_time\" content=\"2026-02-11T17:08:48+00:00\" \/>\n<meta property=\"og:image\" content=\"https:\/\/giftronic04.com\/wp-content\/uploads\/2025\/12\/LOGO.jpg\" \/>\n\t<meta property=\"og:image:width\" content=\"2000\" \/>\n\t<meta property=\"og:image:height\" content=\"2000\" \/>\n\t<meta property=\"og:image:type\" content=\"image\/jpeg\" \/>\n<meta name=\"twitter:card\" content=\"summary_large_image\" \/>\n<meta name=\"twitter:label1\" content=\"Tiempo de lectura\" \/>\n\t<meta name=\"twitter:data1\" content=\"2 minutos\" \/>\n<script type=\"application\/ld+json\" class=\"yoast-schema-graph\">{\"@context\":\"https:\\\/\\\/schema.org\",\"@graph\":[{\"@type\":\"WebPage\",\"@id\":\"https:\\\/\\\/giftronic04.com\\\/index.php\\\/product\\\/computador-aio-hp-pro-one-240-g10-238-fhd-intel-i5-1334u-16gb-ram-512gb-ssd-negro\\\/\",\"url\":\"https:\\\/\\\/giftronic04.com\\\/index.php\\\/product\\\/computador-aio-hp-pro-one-240-g10-238-fhd-intel-i5-1334u-16gb-ram-512gb-ssd-negro\\\/\",\"name\":\"HP ProOne 240 G10 AIO 24\\\" i5 FHD 16GB SSD - Potencia y Estilo\",\"isPartOf\":{\"@id\":\"https:\\\/\\\/giftronic04.com\\\/#website\"},\"primaryImageOfPage\":{\"@id\":\"https:\\\/\\\/giftronic04.com\\\/index.php\\\/product\\\/computador-aio-hp-pro-one-240-g10-238-fhd-intel-i5-1334u-16gb-ram-512gb-ssd-negro\\\/#primaryimage\"},\"image\":{\"@id\":\"https:\\\/\\\/giftronic04.com\\\/index.php\\\/product\\\/computador-aio-hp-pro-one-240-g10-238-fhd-intel-i5-1334u-16gb-ram-512gb-ssd-negro\\\/#primaryimage\"},\"thumbnailUrl\":\"https:\\\/\\\/giftronic04.com\\\/wp-content\\\/uploads\\\/2025\\\/12\\\/LOGO.jpg\",\"datePublished\":\"2025-12-06T15:28:43+00:00\",\"dateModified\":\"2026-02-11T17:08:48+00:00\",\"description\":\"Computador All-in-One HP ProOne 240 G10 (23.8\\\" FHD, Intel i5-1334U, 16GB RAM, 512GB SSD). Rendimiento y dise\u00f1o elegante en negro. \u00a1Compra ahora!....\",\"breadcrumb\":{\"@id\":\"https:\\\/\\\/giftronic04.com\\\/index.php\\\/product\\\/computador-aio-hp-pro-one-240-g10-238-fhd-intel-i5-1334u-16gb-ram-512gb-ssd-negro\\\/#breadcrumb\"},\"inLanguage\":\"es\",\"potentialAction\":[{\"@type\":\"ReadAction\",\"target\":[\"https:\\\/\\\/giftronic04.com\\\/index.php\\\/product\\\/computador-aio-hp-pro-one-240-g10-238-fhd-intel-i5-1334u-16gb-ram-512gb-ssd-negro\\\/\"]}]},{\"@type\":\"ImageObject\",\"inLanguage\":\"es\",\"@id\":\"https:\\\/\\\/giftronic04.com\\\/index.php\\\/product\\\/computador-aio-hp-pro-one-240-g10-238-fhd-intel-i5-1334u-16gb-ram-512gb-ssd-negro\\\/#primaryimage\",\"url\":\"https:\\\/\\\/giftronic04.com\\\/wp-content\\\/uploads\\\/2025\\\/12\\\/LOGO.jpg\",\"contentUrl\":\"https:\\\/\\\/giftronic04.com\\\/wp-content\\\/uploads\\\/2025\\\/12\\\/LOGO.jpg\",\"width\":2000,\"height\":2000,\"caption\":\"computador aio hp pro one 240 g10 | 23,8\u2032 fhd | intel i5 1334u | 32gb ram 512gb ssd | negro\"},{\"@type\":\"BreadcrumbList\",\"@id\":\"https:\\\/\\\/giftronic04.com\\\/index.php\\\/product\\\/computador-aio-hp-pro-one-240-g10-238-fhd-intel-i5-1334u-16gb-ram-512gb-ssd-negro\\\/#breadcrumb\",\"itemListElement\":[{\"@type\":\"ListItem\",\"position\":1,\"name\":\"Portada\",\"item\":\"https:\\\/\\\/giftronic04.com\\\/\"},{\"@type\":\"ListItem\",\"position\":2,\"name\":\"Tienda\",\"item\":\"https:\\\/\\\/giftronic04.com\\\/index.php\\\/shop\\\/\"},{\"@type\":\"ListItem\",\"position\":3,\"name\":\"Computador Aio Hp Pro One 240 G10 | 23,8&#8243; FHD | Intel i5-1334U | 16GB RAM 512GB SSD | Negro\"}]},{\"@type\":\"WebSite\",\"@id\":\"https:\\\/\\\/giftronic04.com\\\/#website\",\"url\":\"https:\\\/\\\/giftronic04.com\\\/\",\"name\":\"Giftronic.04\",\"description\":\"Venta de equipos tecnologicos\",\"publisher\":{\"@id\":\"https:\\\/\\\/giftronic04.com\\\/#organization\"},\"potentialAction\":[{\"@type\":\"SearchAction\",\"target\":{\"@type\":\"EntryPoint\",\"urlTemplate\":\"https:\\\/\\\/giftronic04.com\\\/?s={search_term_string}\"},\"query-input\":{\"@type\":\"PropertyValueSpecification\",\"valueRequired\":true,\"valueName\":\"search_term_string\"}}],\"inLanguage\":\"es\"},{\"@type\":\"Organization\",\"@id\":\"https:\\\/\\\/giftronic04.com\\\/#organization\",\"name\":\"giftronic04\",\"url\":\"https:\\\/\\\/giftronic04.com\\\/\",\"logo\":{\"@type\":\"ImageObject\",\"inLanguage\":\"es\",\"@id\":\"https:\\\/\\\/giftronic04.com\\\/#\\\/schema\\\/logo\\\/image\\\/\",\"url\":\"https:\\\/\\\/giftronic04.com\\\/wp-content\\\/uploads\\\/2021\\\/08\\\/logo.png\",\"contentUrl\":\"https:\\\/\\\/giftronic04.com\\\/wp-content\\\/uploads\\\/2021\\\/08\\\/logo.png\",\"width\":6640,\"height\":2192,\"caption\":\"giftronic04\"},\"image\":{\"@id\":\"https:\\\/\\\/giftronic04.com\\\/#\\\/schema\\\/logo\\\/image\\\/\"},\"sameAs\":[\"https:\\\/\\\/www.instagram.com\\\/giftronic.04\\\/\"]}]}<\/script>\n<!-- \/ Yoast SEO plugin. -->","yoast_head_json":{"title":"HP ProOne 240 G10 AIO 24\" i5 FHD 16GB SSD - Potencia y Estilo","description":"Computador All-in-One HP ProOne 240 G10 (23.8\" FHD, Intel i5-1334U, 16GB RAM, 512GB SSD). Rendimiento y dise\u00f1o elegante en negro. \u00a1Compra ahora!....","robots":{"index":"index","follow":"follow","max-snippet":"max-snippet:-1","max-image-preview":"max-image-preview:large","max-video-preview":"max-video-preview:-1"},"canonical":"https:\/\/giftronic04.com\/index.php\/product\/computador-aio-hp-pro-one-240-g10-238-fhd-intel-i5-1334u-16gb-ram-512gb-ssd-negro\/","og_locale":"es_ES","og_type":"article","og_title":"HP ProOne 240 G10 AIO 24\" i5 FHD 16GB SSD - Potencia y Estilo","og_description":"Computador All-in-One HP ProOne 240 G10 (23.8\" FHD, Intel i5-1334U, 16GB RAM, 512GB SSD). Rendimiento y dise\u00f1o elegante en negro. \u00a1Compra ahora!....","og_url":"https:\/\/giftronic04.com\/index.php\/product\/computador-aio-hp-pro-one-240-g10-238-fhd-intel-i5-1334u-16gb-ram-512gb-ssd-negro\/","og_site_name":"Giftronic.04","article_modified_time":"2026-02-11T17:08:48+00:00","og_image":[{"width":2000,"height":2000,"url":"https:\/\/giftronic04.com\/wp-content\/uploads\/2025\/12\/LOGO.jpg","type":"image\/jpeg"}],"twitter_card":"summary_large_image","twitter_misc":{"Tiempo de lectura":"2 minutos"},"schema":{"@context":"https:\/\/schema.org","@graph":[{"@type":"WebPage","@id":"https:\/\/giftronic04.com\/index.php\/product\/computador-aio-hp-pro-one-240-g10-238-fhd-intel-i5-1334u-16gb-ram-512gb-ssd-negro\/","url":"https:\/\/giftronic04.com\/index.php\/product\/computador-aio-hp-pro-one-240-g10-238-fhd-intel-i5-1334u-16gb-ram-512gb-ssd-negro\/","name":"HP ProOne 240 G10 AIO 24\" i5 FHD 16GB SSD - Potencia y Estilo","isPartOf":{"@id":"https:\/\/giftronic04.com\/#website"},"primaryImageOfPage":{"@id":"https:\/\/giftronic04.com\/index.php\/product\/computador-aio-hp-pro-one-240-g10-238-fhd-intel-i5-1334u-16gb-ram-512gb-ssd-negro\/#primaryimage"},"image":{"@id":"https:\/\/giftronic04.com\/index.php\/product\/computador-aio-hp-pro-one-240-g10-238-fhd-intel-i5-1334u-16gb-ram-512gb-ssd-negro\/#primaryimage"},"thumbnailUrl":"https:\/\/giftronic04.com\/wp-content\/uploads\/2025\/12\/LOGO.jpg","datePublished":"2025-12-06T15:28:43+00:00","dateModified":"2026-02-11T17:08:48+00:00","description":"Computador All-in-One HP ProOne 240 G10 (23.8\" FHD, Intel i5-1334U, 16GB RAM, 512GB SSD). Rendimiento y dise\u00f1o elegante en negro. \u00a1Compra ahora!....","breadcrumb":{"@id":"https:\/\/giftronic04.com\/index.php\/product\/computador-aio-hp-pro-one-240-g10-238-fhd-intel-i5-1334u-16gb-ram-512gb-ssd-negro\/#breadcrumb"},"inLanguage":"es","potentialAction":[{"@type":"ReadAction","target":["https:\/\/giftronic04.com\/index.php\/product\/computador-aio-hp-pro-one-240-g10-238-fhd-intel-i5-1334u-16gb-ram-512gb-ssd-negro\/"]}]},{"@type":"ImageObject","inLanguage":"es","@id":"https:\/\/giftronic04.com\/index.php\/product\/computador-aio-hp-pro-one-240-g10-238-fhd-intel-i5-1334u-16gb-ram-512gb-ssd-negro\/#primaryimage","url":"https:\/\/giftronic04.com\/wp-content\/uploads\/2025\/12\/LOGO.jpg","contentUrl":"https:\/\/giftronic04.com\/wp-content\/uploads\/2025\/12\/LOGO.jpg","width":2000,"height":2000,"caption":"computador aio hp pro one 240 g10 | 23,8\u2032 fhd | intel i5 1334u | 32gb ram 512gb ssd | negro"},{"@type":"BreadcrumbList","@id":"https:\/\/giftronic04.com\/index.php\/product\/computador-aio-hp-pro-one-240-g10-238-fhd-intel-i5-1334u-16gb-ram-512gb-ssd-negro\/#breadcrumb","itemListElement":[{"@type":"ListItem","position":1,"name":"Portada","item":"https:\/\/giftronic04.com\/"},{"@type":"ListItem","position":2,"name":"Tienda","item":"https:\/\/giftronic04.com\/index.php\/shop\/"},{"@type":"ListItem","position":3,"name":"Computador Aio Hp Pro One 240 G10 | 23,8&#8243; FHD | Intel i5-1334U | 16GB RAM 512GB SSD | Negro"}]},{"@type":"WebSite","@id":"https:\/\/giftronic04.com\/#website","url":"https:\/\/giftronic04.com\/","name":"Giftronic.04","description":"Venta de equipos tecnologicos","publisher":{"@id":"https:\/\/giftronic04.com\/#organization"},"potentialAction":[{"@type":"SearchAction","target":{"@type":"EntryPoint","urlTemplate":"https:\/\/giftronic04.com\/?s={search_term_string}"},"query-input":{"@type":"PropertyValueSpecification","valueRequired":true,"valueName":"search_term_string"}}],"inLanguage":"es"},{"@type":"Organization","@id":"https:\/\/giftronic04.com\/#organization","name":"giftronic04","url":"https:\/\/giftronic04.com\/","logo":{"@type":"ImageObject","inLanguage":"es","@id":"https:\/\/giftronic04.com\/#\/schema\/logo\/image\/","url":"https:\/\/giftronic04.com\/wp-content\/uploads\/2021\/08\/logo.png","contentUrl":"https:\/\/giftronic04.com\/wp-content\/uploads\/2021\/08\/logo.png","width":6640,"height":2192,"caption":"giftronic04"},"image":{"@id":"https:\/\/giftronic04.com\/#\/schema\/logo\/image\/"},"sameAs":["https:\/\/www.instagram.com\/giftronic.04\/"]}]}},"jetpack_sharing_enabled":true,"_links":{"self":[{"href":"https:\/\/giftronic04.com\/index.php\/wp-json\/wp\/v2\/product\/9693","targetHints":{"allow":["GET"]}}],"collection":[{"href":"https:\/\/giftronic04.com\/index.php\/wp-json\/wp\/v2\/product"}],"about":[{"href":"https:\/\/giftronic04.com\/index.php\/wp-json\/wp\/v2\/types\/product"}],"replies":[{"embeddable":true,"href":"https:\/\/giftronic04.com\/index.php\/wp-json\/wp\/v2\/comments?post=9693"}],"wp:featuredmedia":[{"embeddable":true,"href":"https:\/\/giftronic04.com\/index.php\/wp-json\/wp\/v2\/media\/9687"}],"wp:attachment":[{"href":"https:\/\/giftronic04.com\/index.php\/wp-json\/wp\/v2\/media?parent=9693"}],"wp:term":[{"taxonomy":"product_brand","embeddable":true,"href":"https:\/\/giftronic04.com\/index.php\/wp-json\/wp\/v2\/product_brand?post=9693"},{"taxonomy":"product_cat","embeddable":true,"href":"https:\/\/giftronic04.com\/index.php\/wp-json\/wp\/v2\/product_cat?post=9693"},{"taxonomy":"product_tag","embeddable":true,"href":"https:\/\/giftronic04.com\/index.php\/wp-json\/wp\/v2\/product_tag?post=9693"}],"curies":[{"name":"wp","href":"https:\/\/api.w.org\/{rel}","templated":true}]}}